{"id":2886,"date":"2024-10-26T14:31:27","date_gmt":"2024-10-26T12:31:27","guid":{"rendered":"https:\/\/www.cardenaldonmarcelo.es\/?page_id=2886"},"modified":"2024-10-26T18:17:20","modified_gmt":"2024-10-26T16:17:20","slug":"escritos-d-marcelo-pdf","status":"publish","type":"page","link":"https:\/\/www.cardenaldonmarcelo.es\/index.php\/escritos-d-marcelo-pdf\/","title":{"rendered":"Escritos D. Marcelo (pdf)"},"content":{"rendered":"\n<p>El Instituto Teol\u00f3gico de san Ildefonso public\u00f3 los siguientes vol\u00famenes de escritos de d. Marcelo, que se pueden descargar en pdf. El contenido de estos vol\u00famenes tambi\u00e9n est\u00e1 disponible por art\u00edculos en esta web, junto con un motor de b\u00fasqueda y una clasificaci\u00f3n tem\u00e1tica.<\/p>\n\n\n\n<h2 class=\"wp-block-heading\">Secci\u00f3n de descargas: <\/h2>\n\n\n\n<div class=\"wp-block-group is-layout-grid wp-container-core-group-is-layout-6be84c55 wp-block-group-is-layout-grid\">\n<ol class=\"wp-block-list\">\n<li>El valor de lo sagrado<\/li>\n<\/ol>\n\n\n\n\n\n<p><\/p>\n\n\n\n<p>2. Santa Madre Iglesia<\/p>\n\n\n\n\n\n<p><\/p>\n\n\n\n<p>3. En el coraz\u00f3n de la Iglesia<\/p>\n\n\n\n\n\n<p><\/p>\n\n\n\n<p class=\"wp-container-content-2155ee95\">4. Evangelizar<\/p>\n\n\n\n\n\n<p><\/p>\n\n\n\n<p>5. Vivir en Cristo<\/p>\n\n\n\n\n\n<p><\/p>\n\n\n\n<p>6. Testigos de la fe<\/p>\n\n\n\n\n\n<p><\/p>\n\n\n\n<p>7. Seminario nuevo y libre<\/p>\n\n\n\n\n\n<p><\/p>\n\n\n\n<p>8. Humanismo cristiano<\/p>\n\n\n\n\n\n<p><\/p>\n\n\n\n<p class=\"wp-container-content-2155ee95\">9. Los valores de siempre<\/p>\n\n\n\n\n\n<p><\/p>\n\n\n\n<p class=\"wp-container-content-2155ee95\">10. Pr\u00f3logos y comentarios al evangelio<\/p>\n\n\n\n\n\n<p><\/p>\n\n\n\n<p>11. Santa Teresa de Jes\u00fas, hija de la Iglesia<\/p>\n\n\n\n\n\n<p><\/p>\n<\/div>\n\n\n\n<p><\/p>\n","protected":false},"excerpt":{"rendered":"<p>El Instituto Teol\u00f3gico de san Ildefonso public\u00f3 los siguientes vol\u00famenes de escritos de d. Marcelo, que se pueden descargar en pdf. El contenido de estos vol\u00famenes tambi\u00e9n est\u00e1 disponible por art\u00edculos en esta web, junto con un motor de b\u00fasqueda y una clasificaci\u00f3n tem\u00e1tica. Secci\u00f3n de descargas: 2. Santa Madre Iglesia 3. En el coraz\u00f3n [&hellip;]<\/p>\n","protected":false},"author":1,"featured_media":0,"parent":0,"menu_order":0,"comment_status":"closed","ping_status":"closed","template":"single-product","meta":{"saved_in_kubio":false,"_eb_attr":"","ngg_post_thumbnail":0,"footnotes":""},"class_list":["post-2886","page","type-page","status-publish","hentry"],"kubio_ai_page_context":{"short_desc":"","purpose":"general"},"rttpg_featured_image_url":null,"rttpg_author":{"display_name":"P. Webmaster","author_link":"https:\/\/www.cardenaldonmarcelo.es\/index.php\/author\/currante\/"},"rttpg_comment":0,"rttpg_category":null,"rttpg_excerpt":"El Instituto Teol\u00f3gico de san Ildefonso public\u00f3 los siguientes vol\u00famenes de escritos de d. Marcelo, que se pueden descargar en pdf. El contenido de estos vol\u00famenes tambi\u00e9n est\u00e1 disponible por art\u00edculos en esta web, junto con un motor de b\u00fasqueda y una clasificaci\u00f3n tem\u00e1tica. Secci\u00f3n de descargas: 2. Santa Madre Iglesia 3. En el coraz\u00f3n&hellip;","_links":{"self":[{"href":"https:\/\/www.cardenaldonmarcelo.es\/index.php\/wp-json\/wp\/v2\/pages\/2886","targetHints":{"allow":["GET"]}}],"collection":[{"href":"https:\/\/www.cardenaldonmarcelo.es\/index.php\/wp-json\/wp\/v2\/pages"}],"about":[{"href":"https:\/\/www.cardenaldonmarcelo.es\/index.php\/wp-json\/wp\/v2\/types\/page"}],"author":[{"embeddable":true,"href":"https:\/\/www.cardenaldonmarcelo.es\/index.php\/wp-json\/wp\/v2\/users\/1"}],"replies":[{"embeddable":true,"href":"https:\/\/www.cardenaldonmarcelo.es\/index.php\/wp-json\/wp\/v2\/comments?post=2886"}],"version-history":[{"count":12,"href":"https:\/\/www.cardenaldonmarcelo.es\/index.php\/wp-json\/wp\/v2\/pages\/2886\/revisions"}],"predecessor-version":[{"id":2923,"href":"https:\/\/www.cardenaldonmarcelo.es\/index.php\/wp-json\/wp\/v2\/pages\/2886\/revisions\/2923"}],"wp:attachment":[{"href":"https:\/\/www.cardenaldonmarcelo.es\/index.php\/wp-json\/wp\/v2\/media?parent=2886"}],"curies":[{"name":"wp","href":"https:\/\/api.w.org\/{rel}","templated":true}]}}

<p>El Instituto Teológico de san Ildefonso publicó los siguientes volúmenes de escritos de d. Marcelo, que se pueden descargar en pdf. El contenido de estos volúmenes también está disponible por artículos en esta web, junto con un motor de búsqueda y una clasificación temática.</p>



<h2 class="wp-block-heading">Sección de descargas: </h2>



<div class="wp-block-group is-layout-grid wp-container-core-group-is-layout-6be84c55 wp-block-group-is-layout-grid">
<ol class="wp-block-list">
<li>El valor de lo sagrado</li>
</ol>





<p></p>



<p>2. Santa Madre Iglesia</p>





<p></p>



<p>3. En el corazón de la Iglesia</p>





<p></p>



<p class="wp-container-content-2155ee95">4. Evangelizar</p>





<p></p>



<p>5. Vivir en Cristo</p>





<p></p>



<p>6. Testigos de la fe</p>





<p></p>



<p>7. Seminario nuevo y libre</p>





<p></p>



<p>8. Humanismo cristiano</p>





<p></p>



<p class="wp-container-content-2155ee95">9. Los valores de siempre</p>





<p></p>



<p class="wp-container-content-2155ee95">10. Prólogos y comentarios al evangelio</p>





<p></p>



<p>11. Santa Teresa de Jesús, hija de la Iglesia</p>





<p></p>
</div>



<p></p>

<p>El Instituto Teológico de san Ildefonso publicó los siguientes volúmenes de escritos de d. Marcelo, que se pueden descargar en pdf. El contenido de estos volúmenes también está disponible por artículos en esta web, junto con un motor de búsqueda y una clasificación temática. Sección de descargas: 2. Santa Madre Iglesia 3. En el corazón [&hellip;]</p>

El Instituto Teológico de san Ildefonso publicó los siguientes volúmenes de escritos de d. Marcelo, que se pueden descargar en pdf. El contenido de estos volúmenes también está disponible por artículos en esta web, junto con un motor de búsqueda y una clasificación temática. Sección de descargas: 2. Santa Madre Iglesia 3. En el corazón&hellip;
