{"id":2821,"date":"2024-10-25T20:43:18","date_gmt":"2024-10-25T18:43:18","guid":{"rendered":"https:\/\/www.cardenaldonmarcelo.es\/?page_id=2821"},"modified":"2024-11-14T23:05:46","modified_gmt":"2024-11-14T22:05:46","slug":"sobre-los-autores","status":"publish","type":"page","link":"https:\/\/www.cardenaldonmarcelo.es\/index.php\/sobre-los-autores\/","title":{"rendered":"Sobre los autores"},"content":{"rendered":"\n\n\n\n\n<p>Dado que mis estudios de astrof\u00edsica dan un buen nivel en inform\u00e1tica, y tambi\u00e9n por mi formaci\u00f3n anterior al Seminario, me ofrec\u00ed a Jorge para actualizar la web sobre d. Marcelo, y este es el resultado de esa colaboraci\u00f3n. Esperemos sea \u00fatil para quienes quieran conocer o estudiar un poco m\u00e1s a fondo a este gran obispo. El material aqu\u00ed presentado puede servir para tesinas o para iniciar investigaciones de doctorado. Pero es necesario que se complete con el estudio de los boletines diocesanos de Astorga, Barcelona y Toledo, pues, aun cuando en esta web hay aproximadamente 500 escritos de don Marcelo, solo es una muestra selecta de toda su predicaci\u00f3n.<\/p>\n\n\n\n<p>A medida que iba trabajando la web se me ocurr\u00edan los siguientes temas para trabajos de investigaci\u00f3n; quiz\u00e1 alg\u00fan lector de la misma se anime a llevarlo a cabo:<\/p>\n\n\n\n<ul class=\"wp-block-list\">\n<li>Influencia de los te\u00f3logos de la <em>Nouvelle Theologie<\/em> en D. Marcelo; si se busca a Danielou, de Lubac o Congar, por poner alg\u00fan ejemplo, aparecen numerosas referencias en sus escritos<\/li>\n\n\n\n<li>La recepci\u00f3n del Concilio Vaticano II en d. Marcelo; estudio teol\u00f3gico sobre lo que significa \u00abrecepci\u00f3n\u00bb y como la llev\u00f3 a cabo. Recuerdo en el Seminario la charla que nos dio sobre el s\u00ednodo de 1985 y la \u00abpluriformidad\u00bb como criterio para entender el llamado \u00abpluralismo teol\u00f3gico\u00bb. A este respecto una predicaci\u00f3n el mi\u00e9rcoles de Ceniza en Barcelona en 1969, que se puede consultar en esta web es de lo m\u00e1s interesante.<\/li>\n\n\n\n<li>Relaci\u00f3n entre teolog\u00eda dogm\u00e1tica y pastoral en d. Marcelo. Su gran labor pastoral en las tres di\u00f3cesis en las que estuvo sin duda tuvo una fundamentaci\u00f3n en la dogm\u00e1tica. Ser\u00eda interesante profundizar en sus estudios en Comillas y las lecturas posteriores de las que hay abundantes citas en el material recogido.<\/li>\n\n\n\n<li>La solicitud para todas las iglesias de los obispos. Este tema era tambi\u00e9n muy querido de d. Marcelo, y frecuentemente repet\u00eda esta frase. Quiz\u00e1 se pueda hacer un estudio sobre c\u00f3mo vivi\u00f3 el cap\u00edtulo I de <em>Christus Dominus<\/em>.<\/li>\n<\/ul>\n\n\n\n<p>Seguramente habr\u00e1 muchos m\u00e1s temas para posibles futuros estudios. Esperemos que surjan candidatos para llevarlos a cabo.<\/p>\n","protected":false},"excerpt":{"rendered":"<p>Dado que mis estudios de astrof\u00edsica dan un buen nivel en inform\u00e1tica, y tambi\u00e9n por mi formaci\u00f3n anterior al Seminario, me ofrec\u00ed a Jorge para actualizar la web sobre d. Marcelo, y este es el resultado de esa colaboraci\u00f3n. Esperemos sea \u00fatil para quienes quieran conocer o estudiar un poco m\u00e1s a fondo a este [&hellip;]<\/p>\n","protected":false},"author":1,"featured_media":0,"parent":0,"menu_order":0,"comment_status":"closed","ping_status":"closed","template":"single-product","meta":{"saved_in_kubio":false,"_eb_attr":"","ngg_post_thumbnail":0,"footnotes":""},"class_list":["post-2821","page","type-page","status-publish","hentry"],"kubio_ai_page_context":{"short_desc":"","purpose":"general"},"rttpg_featured_image_url":null,"rttpg_author":{"display_name":"P. Webmaster","author_link":"https:\/\/www.cardenaldonmarcelo.es\/index.php\/author\/currante\/"},"rttpg_comment":0,"rttpg_category":null,"rttpg_excerpt":"Dado que mis estudios de astrof\u00edsica dan un buen nivel en inform\u00e1tica, y tambi\u00e9n por mi formaci\u00f3n anterior al Seminario, me ofrec\u00ed a Jorge para actualizar la web sobre d. Marcelo, y este es el resultado de esa colaboraci\u00f3n. Esperemos sea \u00fatil para quienes quieran conocer o estudiar un poco m\u00e1s a fondo a este&hellip;","_links":{"self":[{"href":"https:\/\/www.cardenaldonmarcelo.es\/index.php\/wp-json\/wp\/v2\/pages\/2821","targetHints":{"allow":["GET"]}}],"collection":[{"href":"https:\/\/www.cardenaldonmarcelo.es\/index.php\/wp-json\/wp\/v2\/pages"}],"about":[{"href":"https:\/\/www.cardenaldonmarcelo.es\/index.php\/wp-json\/wp\/v2\/types\/page"}],"author":[{"embeddable":true,"href":"https:\/\/www.cardenaldonmarcelo.es\/index.php\/wp-json\/wp\/v2\/users\/1"}],"replies":[{"embeddable":true,"href":"https:\/\/www.cardenaldonmarcelo.es\/index.php\/wp-json\/wp\/v2\/comments?post=2821"}],"version-history":[{"count":34,"href":"https:\/\/www.cardenaldonmarcelo.es\/index.php\/wp-json\/wp\/v2\/pages\/2821\/revisions"}],"predecessor-version":[{"id":3274,"href":"https:\/\/www.cardenaldonmarcelo.es\/index.php\/wp-json\/wp\/v2\/pages\/2821\/revisions\/3274"}],"wp:attachment":[{"href":"https:\/\/www.cardenaldonmarcelo.es\/index.php\/wp-json\/wp\/v2\/media?parent=2821"}],"curies":[{"name":"wp","href":"https:\/\/api.w.org\/{rel}","templated":true}]}}

<p>Dado que mis estudios de astrofísica dan un buen nivel en informática, y también por mi formación anterior al Seminario, me ofrecí a Jorge para actualizar la web sobre d. Marcelo, y este es el resultado de esa colaboración. Esperemos sea útil para quienes quieran conocer o estudiar un poco más a fondo a este gran obispo. El material aquí presentado puede servir para tesinas o para iniciar investigaciones de doctorado. Pero es necesario que se complete con el estudio de los boletines diocesanos de Astorga, Barcelona y Toledo, pues, aun cuando en esta web hay aproximadamente 500 escritos de don Marcelo, solo es una muestra selecta de toda su predicación.</p>



<p>A medida que iba trabajando la web se me ocurrían los siguientes temas para trabajos de investigación; quizá algún lector de la misma se anime a llevarlo a cabo:</p>



<ul class="wp-block-list">
<li>Influencia de los teólogos de la <em>Nouvelle Theologie</em> en D. Marcelo; si se busca a Danielou, de Lubac o Congar, por poner algún ejemplo, aparecen numerosas referencias en sus escritos</li>



<li>La recepción del Concilio Vaticano II en d. Marcelo; estudio teológico sobre lo que significa «recepción» y como la llevó a cabo. Recuerdo en el Seminario la charla que nos dio sobre el sínodo de 1985 y la «pluriformidad» como criterio para entender el llamado «pluralismo teológico». A este respecto una predicación el miércoles de Ceniza en Barcelona en 1969, que se puede consultar en esta web es de lo más interesante.</li>



<li>Relación entre teología dogmática y pastoral en d. Marcelo. Su gran labor pastoral en las tres diócesis en las que estuvo sin duda tuvo una fundamentación en la dogmática. Sería interesante profundizar en sus estudios en Comillas y las lecturas posteriores de las que hay abundantes citas en el material recogido.</li>



<li>La solicitud para todas las iglesias de los obispos. Este tema era también muy querido de d. Marcelo, y frecuentemente repetía esta frase. Quizá se pueda hacer un estudio sobre cómo vivió el capítulo I de <em>Christus Dominus</em>.</li>
</ul>



<p>Seguramente habrá muchos más temas para posibles futuros estudios. Esperemos que surjan candidatos para llevarlos a cabo.</p>

<p>Dado que mis estudios de astrofísica dan un buen nivel en informática, y también por mi formación anterior al Seminario, me ofrecí a Jorge para actualizar la web sobre d. Marcelo, y este es el resultado de esa colaboración. Esperemos sea útil para quienes quieran conocer o estudiar un poco más a fondo a este [&hellip;]</p>

Dado que mis estudios de astrofísica dan un buen nivel en informática, y también por mi formación anterior al Seminario, me ofrecí a Jorge para actualizar la web sobre d. Marcelo, y este es el resultado de esa colaboración. Esperemos sea útil para quienes quieran conocer o estudiar un poco más a fondo a este&hellip;
