{"id":1757,"date":"2024-10-01T22:13:25","date_gmt":"2024-10-01T20:13:25","guid":{"rendered":"https:\/\/www.cardenaldonmarcelo.es\/?post_type=docs&#038;p=1757"},"modified":"2024-10-01T22:13:26","modified_gmt":"2024-10-01T20:13:26","password":"","slug":"la-vida-y-el-pan-comentario-a-las-lecturas-del-xix-domingo-del-tiempo-ordinario-ciclo-b","status":"publish","type":"docs","link":"https:\/\/www.cardenaldonmarcelo.es\/index.php\/docs\/la-vida-y-el-pan-comentario-a-las-lecturas-del-xix-domingo-del-tiempo-ordinario-ciclo-b\/","title":{"rendered":"La vida y el pan, comentario a las lecturas del XIX domingo del Tiempo Ordinario (ciclo B)"},"content":{"rendered":"\n<p class=\"has-text-align-center has-small-font-size\">Comentario a las lecturas del XIX domingo del Tiempo Ordinario. ABC, 10 de agosto de 1997.<\/p>\n\n\n\n<p>El\u00edas tiene miedo de la muerte que el mensajero de Jezabel le anuncia. Y huye para salvar la vida. Camina por el desierto una jornada y se sienta bajo una retama, ya sin fuerzas, cansado de luchar, y lo que es peor, cansado de vivir. Piensa que todo su esfuerzo es in\u00fatil frente a la idolatr\u00eda: \u201cBasta, Se\u00f1or, qu\u00edtame la vida\u201d. Solo, fracasado, desea que llegue la muerte. El gran profeta del Carmelo est\u00e1 intimidado, hundido por la amenaza de una mujer. El que ha afrontado tantos peligros est\u00e1 ahora lleno de angustia. Piensa que su vida no tiene sentido alguno. Su misi\u00f3n no le dice nada.<\/p>\n\n\n\n<p>Y Dios interviene, como siempre, precisamente en esos momentos de humillaci\u00f3n, de rendici\u00f3n total, como es posible que nos haya ocurrido en nuestra vida a nosotros mismos, cuando nuestra alma parece sumergida en las tinieblas. \u201cLev\u00e1ntate y come, que el camino es superior a tus fuerzas\u201d. Y con el auxilio del Se\u00f1or camina hasta el monte Horeb, el monte de Dios que \u201cderriba a los potentados y ensalza a los humildes, colma de bienes a los hambrientos y despide vac\u00edos a los ricos\u201d.<\/p>\n\n\n\n<p>Dios interviene en nuestra vida de una manera manifiesta cuando vivimos situaciones como la de El\u00edas. \u201cSi el afligido invoca al Se\u00f1or, \u00c9l lo escucha y saca de sus angustias\u201d. Las crisis y dificultades son ocasi\u00f3n para revisar seriamente nuestra vida, para descubrir lo que hay de verdadero y de falso, para distinguir el oro del oropel. Desterremos la amargura y la ira. No desconfiemos de la fuerza del esp\u00edritu de Dios. Nuestro problema como cristianos es que no contamos con ese Esp\u00edritu, ni para nuestras alegr\u00edas ni para nuestras tristezas. Ah\u00ed est\u00e1 la clave: no creemos, y por lo mismo no confiamos ni amamos. Pero, como dice san Pablo en la lectura de hoy, \u00c9l sella nuestra vida, es base y consolidaci\u00f3n de nuestro cristianismo, de nuestra aceptaci\u00f3n de la cruz, de nuestra generosidad, de nuestra disposici\u00f3n para ser luz y sal de la tierra, de nuestra docilidad para mantenernos serenos en las adversidades y dejarnos llevar por \u00c9l como hijos queridos de Dios.<\/p>\n\n\n\n<p>Cristo nos am\u00f3 y se entreg\u00f3 hasta poder decir con toda verdad: yo soy el pan de vida, el que cree en m\u00ed tiene vida eterna. El que come de este pan vivir\u00e1 para siempre. Gustemos y veamos qu\u00e9 bueno es el Se\u00f1or. Dichosos seremos si nos acercamos a \u00c9l en la Eucarist\u00eda. La gran opci\u00f3n es dejarnos guiar por su palabra, alimentarnos de \u00c9l en los sacramentos. Robustecidos por la fuerza que baja del cielo, sentiremos que nuestra fe y nuestra esperanza se ir\u00e1n vigorizando d\u00eda a d\u00eda y viviremos en el amor de unos con otros, de manera que podamos construir una sociedad mejor.<\/p>\n\n\n\n<p>Nos ha llegado el don de Dios, el mismo Cristo, el que nos resucitar\u00e1 el \u00faltimo d\u00eda. \u201cYo soy el pan que baj\u00f3 del cielo\u201d. Los jud\u00edos murmuraban, porque hab\u00eda dicho esto, y dec\u00edan: \u201c\u00bfNo es este Jes\u00fas, el hijo de Jos\u00e9? \u00bfC\u00f3mo dice \u2018yo he bajado del cielo\u2019?\u201d<\/p>\n\n\n\n<p>Como nosotros tambi\u00e9n, que tantas veces nos dejamos llevar por el \u201csentido com\u00fan\u201d que duda e incluso niega el gran misterio de fe. Este pan del cielo es la nueva alianza, alimento y garant\u00eda de una nueva vida que vendr\u00e1. Es Jesucristo mismo, que viene de Dios y quiere as\u00ed dar vida al mundo. La multiplicaci\u00f3n de los panes y todos los signos, que hizo Jes\u00fas, fueron anuncio de una profunda y radical realidad: la del amor de Dios que se une a nuestras vidas, para darnos fuerza, cuando estamos a punto de gritar como El\u00edas: \u00a1No puedo m\u00e1s! Pues s\u00ed, con Cristo siempre podemos m\u00e1s.<\/p>\n","protected":false},"excerpt":{"rendered":"<p>Comentario a las lecturas del XIX domingo del Tiempo Ordinario. ABC, 10 de agosto de 1997. El\u00edas tiene miedo de la muerte que el mensajero de Jezabel le anuncia. Y huye para salvar la vida. Camina por el desierto una jornada y se sienta bajo una retama, ya sin fuerzas, cansado de luchar, y lo [&hellip;]<\/p>\n","protected":false},"author":1,"featured_media":0,"comment_status":"closed","ping_status":"closed","template":"","meta":{"saved_in_kubio":false,"_eb_attr":"","ngg_post_thumbnail":0,"footnotes":""},"doc_category":[79,53],"doc_tag":[],"class_list":["post-1757","docs","type-docs","status-publish","hentry","doc_category-comentarios-a-evangelios-dominicales","doc_category-la-eucaristia-en-la-vida-del-cristiano"],"year_month":"2026-04","word_count":670,"total_views":0,"reactions":{"happy":0,"normal":0,"sad":0},"author_info":{"name":"P. Webmaster","author_nicename":"currante","author_url":"https:\/\/www.cardenaldonmarcelo.es\/index.php\/author\/currante\/"},"doc_category_info":[{"term_name":"Comentarios a evangelios dominicales","term_url":"https:\/\/www.cardenaldonmarcelo.es\/index.php\/docs-category\/comentarios-a-evangelios-dominicales\/"},{"term_name":"La Eucarist\u00eda en la vida del cristiano","term_url":"https:\/\/www.cardenaldonmarcelo.es\/index.php\/docs-category\/la-eucaristia-en-la-vida-del-cristiano\/"}],"doc_tag_info":[],"_links":{"self":[{"href":"https:\/\/www.cardenaldonmarcelo.es\/index.php\/wp-json\/wp\/v2\/docs\/1757","targetHints":{"allow":["GET"]}}],"collection":[{"href":"https:\/\/www.cardenaldonmarcelo.es\/index.php\/wp-json\/wp\/v2\/docs"}],"about":[{"href":"https:\/\/www.cardenaldonmarcelo.es\/index.php\/wp-json\/wp\/v2\/types\/docs"}],"author":[{"embeddable":true,"href":"https:\/\/www.cardenaldonmarcelo.es\/index.php\/wp-json\/wp\/v2\/users\/1"}],"replies":[{"embeddable":true,"href":"https:\/\/www.cardenaldonmarcelo.es\/index.php\/wp-json\/wp\/v2\/comments?post=1757"}],"version-history":[{"count":1,"href":"https:\/\/www.cardenaldonmarcelo.es\/index.php\/wp-json\/wp\/v2\/docs\/1757\/revisions"}],"predecessor-version":[{"id":1758,"href":"https:\/\/www.cardenaldonmarcelo.es\/index.php\/wp-json\/wp\/v2\/docs\/1757\/revisions\/1758"}],"wp:attachment":[{"href":"https:\/\/www.cardenaldonmarcelo.es\/index.php\/wp-json\/wp\/v2\/media?parent=1757"}],"wp:term":[{"taxonomy":"doc_category","embeddable":true,"href":"https:\/\/www.cardenaldonmarcelo.es\/index.php\/wp-json\/wp\/v2\/doc_category?post=1757"},{"taxonomy":"doc_tag","embeddable":true,"href":"https:\/\/www.cardenaldonmarcelo.es\/index.php\/wp-json\/wp\/v2\/doc_tag?post=1757"}],"curies":[{"name":"wp","href":"https:\/\/api.w.org\/{rel}","templated":true}]}}

<p class="has-text-align-center has-small-font-size">Comentario a las lecturas del XIX domingo del Tiempo Ordinario. ABC, 10 de agosto de 1997.</p>



<p>Elías tiene miedo de la muerte que el mensajero de Jezabel le anuncia. Y huye para salvar la vida. Camina por el desierto una jornada y se sienta bajo una retama, ya sin fuerzas, cansado de luchar, y lo que es peor, cansado de vivir. Piensa que todo su esfuerzo es inútil frente a la idolatría: “Basta, Señor, quítame la vida”. Solo, fracasado, desea que llegue la muerte. El gran profeta del Carmelo está intimidado, hundido por la amenaza de una mujer. El que ha afrontado tantos peligros está ahora lleno de angustia. Piensa que su vida no tiene sentido alguno. Su misión no le dice nada.</p>



<p>Y Dios interviene, como siempre, precisamente en esos momentos de humillación, de rendición total, como es posible que nos haya ocurrido en nuestra vida a nosotros mismos, cuando nuestra alma parece sumergida en las tinieblas. “Levántate y come, que el camino es superior a tus fuerzas”. Y con el auxilio del Señor camina hasta el monte Horeb, el monte de Dios que “derriba a los potentados y ensalza a los humildes, colma de bienes a los hambrientos y despide vacíos a los ricos”.</p>



<p>Dios interviene en nuestra vida de una manera manifiesta cuando vivimos situaciones como la de Elías. “Si el afligido invoca al Señor, Él lo escucha y saca de sus angustias”. Las crisis y dificultades son ocasión para revisar seriamente nuestra vida, para descubrir lo que hay de verdadero y de falso, para distinguir el oro del oropel. Desterremos la amargura y la ira. No desconfiemos de la fuerza del espíritu de Dios. Nuestro problema como cristianos es que no contamos con ese Espíritu, ni para nuestras alegrías ni para nuestras tristezas. Ahí está la clave: no creemos, y por lo mismo no confiamos ni amamos. Pero, como dice san Pablo en la lectura de hoy, Él sella nuestra vida, es base y consolidación de nuestro cristianismo, de nuestra aceptación de la cruz, de nuestra generosidad, de nuestra disposición para ser luz y sal de la tierra, de nuestra docilidad para mantenernos serenos en las adversidades y dejarnos llevar por Él como hijos queridos de Dios.</p>



<p>Cristo nos amó y se entregó hasta poder decir con toda verdad: yo soy el pan de vida, el que cree en mí tiene vida eterna. El que come de este pan vivirá para siempre. Gustemos y veamos qué bueno es el Señor. Dichosos seremos si nos acercamos a Él en la Eucaristía. La gran opción es dejarnos guiar por su palabra, alimentarnos de Él en los sacramentos. Robustecidos por la fuerza que baja del cielo, sentiremos que nuestra fe y nuestra esperanza se irán vigorizando día a día y viviremos en el amor de unos con otros, de manera que podamos construir una sociedad mejor.</p>



<p>Nos ha llegado el don de Dios, el mismo Cristo, el que nos resucitará el último día. “Yo soy el pan que bajó del cielo”. Los judíos murmuraban, porque había dicho esto, y decían: “¿No es este Jesús, el hijo de José? ¿Cómo dice ‘yo he bajado del cielo’?”</p>



<p>Como nosotros también, que tantas veces nos dejamos llevar por el “sentido común” que duda e incluso niega el gran misterio de fe. Este pan del cielo es la nueva alianza, alimento y garantía de una nueva vida que vendrá. Es Jesucristo mismo, que viene de Dios y quiere así dar vida al mundo. La multiplicación de los panes y todos los signos, que hizo Jesús, fueron anuncio de una profunda y radical realidad: la del amor de Dios que se une a nuestras vidas, para darnos fuerza, cuando estamos a punto de gritar como Elías: ¡No puedo más! Pues sí, con Cristo siempre podemos más.</p>

<p>Comentario a las lecturas del XIX domingo del Tiempo Ordinario. ABC, 10 de agosto de 1997. Elías tiene miedo de la muerte que el mensajero de Jezabel le anuncia. Y huye para salvar la vida. Camina por el desierto una jornada y se sienta bajo una retama, ya sin fuerzas, cansado de luchar, y lo [&hellip;]</p>

La Eucaristía en la vida del cristiano
