{"id":1747,"date":"2024-10-01T22:08:49","date_gmt":"2024-10-01T20:08:49","guid":{"rendered":"https:\/\/www.cardenaldonmarcelo.es\/?post_type=docs&#038;p=1747"},"modified":"2024-10-01T22:08:50","modified_gmt":"2024-10-01T20:08:50","password":"","slug":"no-es-este-el-carpintero-comentario-a-las-lecturas-del-xiv-domingo-del-tiempo-ordinario-ciclo-b","status":"publish","type":"docs","link":"https:\/\/www.cardenaldonmarcelo.es\/index.php\/docs\/no-es-este-el-carpintero-comentario-a-las-lecturas-del-xiv-domingo-del-tiempo-ordinario-ciclo-b\/","title":{"rendered":"\u00bfNo es este el carpintero?, comentario a las lecturas del XIV domingo del Tiempo Ordinario (ciclo B)"},"content":{"rendered":"\n<p class=\"has-text-align-center has-small-font-size\">Comentario a las lecturas del XIV domingo del Tiempo Ordinario. ABC, 6 de julio de 1997.<\/p>\n\n\n\n<p>Nos conmueve leer en el evangelio de hoy esta pregunta que equivale a una afirmaci\u00f3n. Anuncia claramente el estilo de vida y de trabajo de Jes\u00fas, durante a\u00f1os y conforme al plan de salvaci\u00f3n de Dios para los hombres. El Mes\u00edas, por largo tiempo, no fue m\u00e1s que un pobre carpintero, el oficio que ten\u00eda Jos\u00e9, su padre, entre los pobres moradores del lugar. Un pueblo tan peque\u00f1o e insignificante, que los mismos jud\u00edos se preguntaban si de Nazaret podr\u00eda salir alguien que les pudiera ense\u00f1ar algo.<\/p>\n\n\n\n<p>Cre\u00edan que le conoc\u00edan, que sab\u00edan algo de \u00c9l por las apariencias, el hijo de Mar\u00eda, pariente de Santiago, Judas, Jos\u00e9, Sim\u00f3n. Y les resultaba escandaloso y rechazable que un hombre de tan baja extracci\u00f3n familiar y tan humilde oficio se atreviese a ense\u00f1ar en la sinagoga. \u00bfNo nos sucede a nosotros lo mismo? Nos hemos acostumbrado de tal manera a o\u00edrlo o leerlo que no somos verdaderamente conscientes de lo que supone en los planes de Dios la humildad, la sencillez, el trabajo diario, la falta de medios, las limitaciones de diversa \u00edndole.<\/p>\n\n\n\n<p>Las lecturas resaltan que la fuerza se realiza en la debilidad. Ezequiel vive la ruina de su patria y el comienzo de la dominaci\u00f3n de Babilonia. Es testigo y profeta de una renovaci\u00f3n religiosa, que ni \u00e9l mismo sabe adonde conducir\u00e1. Choc\u00f3 con su pueblo, pero su mensaje vali\u00f3 la pena. \u201cTe hagan caso o no te hagan caso, sabr\u00e1n que hubo un profeta en medio de ellos\u201d. La misi\u00f3n que Dios le confi\u00f3 era dif\u00edcil. Denunciar las culpas del pasado y las del presente. Quiere levantar al pueblo por encima de su corta visi\u00f3n de la historia y hacerles sentir que lo que importa es el coraz\u00f3n del hombre, su esp\u00edritu, y que con la generosidad y rectitud de cada uno se abren horizontes de salvaci\u00f3n en una situaci\u00f3n desesperada.<\/p>\n\n\n\n<p>Estaba en una actitud de lucha consigo mismo, y era un pueblo que no quer\u00eda escuchar. Por eso, el profeta no puede menos de sentir su impaciencia. Los medios con que cuenta son pobres para presentar la salvaci\u00f3n a ese pueblo rebelde y obstinado. Pero \u00e9l sigui\u00f3 adelante y habl\u00f3. Sin poder decir m\u00e1s que las palabras que el Esp\u00edritu puso en su boca. \u00a1Con la importancia que damos hoy a los medios! Hay veces que incluso estos nos hacen olvidar el mensaje. Hay una desproporci\u00f3n manifiesta entre lo que tratamos con Dios y lo que confiamos en el mundo. No puede ser as\u00ed. Tenemos una Iglesia an\u00e9mica y pobre.<\/p>\n\n\n\n<p>San Pablo nos lo hace sentir tambi\u00e9n vivamente. En la comunidad de Corinto hab\u00eda muchos jactanciosos y con aire de superioridad, y frente a ellos pone \u00e9l de relieve la acci\u00f3n de Dios en la debilidad de su ministerio. Nos basta la gracia de Dios. La fuerza de nuestro mensaje est\u00e1 en Cristo. Nuestros ojos est\u00e1n en el Se\u00f1or, de \u00c9l esperamos la misericordia. Por eso, hemos de vivir contentos en medio de nuestras debilidades, insultos y persecuciones sufridas por amor a Cristo. No somos fuertes por nuestros medios, por nuestras posibilidades e iniciativas, sino porque el Esp\u00edritu del Se\u00f1or est\u00e1 con nosotros. No importa el sarcasmo de los satisfechos, ni el desprecio de los orgullosos. Ni tampoco la aparente inutilidad de nuestros esfuerzos.<\/p>\n\n\n\n<p>A un Cura de Ars le hubiera importado un bledo que al d\u00eda siguiente de entrar en su parroquia le hubieran mostrado una encuesta sociol\u00f3gica, seg\u00fan la cual s\u00f3lo el tres por ciento de sus feligreses cumpl\u00eda con el precepto. \u00c9l habr\u00eda empezado a orar y trabajar el primer d\u00eda como si fuese el \u00faltimo que Dios le brindaba. Y tampoco hemos de alterarnos, si no vemos resultados inmediatos. Ya vendr\u00e1n, cuando Dios quiera. De Jes\u00fas, sus parientes esperaban obras ostentosas y gestos espectaculares. Todo el peque\u00f1o y cicatero mundo interior de aquellos hombres y mujeres les impidi\u00f3 reconocer la acci\u00f3n de Dios en \u00c9l y ver que realmente era Cristo.<\/p>\n\n\n\n<p>Tambi\u00e9n nosotros padecemos muchas veces esa ceguera, pero es por culpa nuestra. Preferimos creer en nuestras propias fuerzas y medios m\u00e1s que en el poder de Dios.<\/p>\n","protected":false},"excerpt":{"rendered":"<p>Comentario a las lecturas del XIV domingo del Tiempo Ordinario. ABC, 6 de julio de 1997. Nos conmueve leer en el evangelio de hoy esta pregunta que equivale a una afirmaci\u00f3n. Anuncia claramente el estilo de vida y de trabajo de Jes\u00fas, durante a\u00f1os y conforme al plan de salvaci\u00f3n de Dios para los hombres. [&hellip;]<\/p>\n","protected":false},"author":1,"featured_media":0,"comment_status":"closed","ping_status":"closed","template":"","meta":{"saved_in_kubio":false,"_eb_attr":"","ngg_post_thumbnail":0,"footnotes":""},"doc_category":[79],"doc_tag":[],"class_list":["post-1747","docs","type-docs","status-publish","hentry","doc_category-comentarios-a-evangelios-dominicales"],"year_month":"2026-04","word_count":753,"total_views":0,"reactions":{"happy":0,"normal":0,"sad":0},"author_info":{"name":"P. Webmaster","author_nicename":"currante","author_url":"https:\/\/www.cardenaldonmarcelo.es\/index.php\/author\/currante\/"},"doc_category_info":[{"term_name":"Comentarios a evangelios dominicales","term_url":"https:\/\/www.cardenaldonmarcelo.es\/index.php\/docs-category\/comentarios-a-evangelios-dominicales\/"}],"doc_tag_info":[],"_links":{"self":[{"href":"https:\/\/www.cardenaldonmarcelo.es\/index.php\/wp-json\/wp\/v2\/docs\/1747","targetHints":{"allow":["GET"]}}],"collection":[{"href":"https:\/\/www.cardenaldonmarcelo.es\/index.php\/wp-json\/wp\/v2\/docs"}],"about":[{"href":"https:\/\/www.cardenaldonmarcelo.es\/index.php\/wp-json\/wp\/v2\/types\/docs"}],"author":[{"embeddable":true,"href":"https:\/\/www.cardenaldonmarcelo.es\/index.php\/wp-json\/wp\/v2\/users\/1"}],"replies":[{"embeddable":true,"href":"https:\/\/www.cardenaldonmarcelo.es\/index.php\/wp-json\/wp\/v2\/comments?post=1747"}],"version-history":[{"count":1,"href":"https:\/\/www.cardenaldonmarcelo.es\/index.php\/wp-json\/wp\/v2\/docs\/1747\/revisions"}],"predecessor-version":[{"id":1748,"href":"https:\/\/www.cardenaldonmarcelo.es\/index.php\/wp-json\/wp\/v2\/docs\/1747\/revisions\/1748"}],"wp:attachment":[{"href":"https:\/\/www.cardenaldonmarcelo.es\/index.php\/wp-json\/wp\/v2\/media?parent=1747"}],"wp:term":[{"taxonomy":"doc_category","embeddable":true,"href":"https:\/\/www.cardenaldonmarcelo.es\/index.php\/wp-json\/wp\/v2\/doc_category?post=1747"},{"taxonomy":"doc_tag","embeddable":true,"href":"https:\/\/www.cardenaldonmarcelo.es\/index.php\/wp-json\/wp\/v2\/doc_tag?post=1747"}],"curies":[{"name":"wp","href":"https:\/\/api.w.org\/{rel}","templated":true}]}}

<p class="has-text-align-center has-small-font-size">Comentario a las lecturas del XIV domingo del Tiempo Ordinario. ABC, 6 de julio de 1997.</p>



<p>Nos conmueve leer en el evangelio de hoy esta pregunta que equivale a una afirmación. Anuncia claramente el estilo de vida y de trabajo de Jesús, durante años y conforme al plan de salvación de Dios para los hombres. El Mesías, por largo tiempo, no fue más que un pobre carpintero, el oficio que tenía José, su padre, entre los pobres moradores del lugar. Un pueblo tan pequeño e insignificante, que los mismos judíos se preguntaban si de Nazaret podría salir alguien que les pudiera enseñar algo.</p>



<p>Creían que le conocían, que sabían algo de Él por las apariencias, el hijo de María, pariente de Santiago, Judas, José, Simón. Y les resultaba escandaloso y rechazable que un hombre de tan baja extracción familiar y tan humilde oficio se atreviese a enseñar en la sinagoga. ¿No nos sucede a nosotros lo mismo? Nos hemos acostumbrado de tal manera a oírlo o leerlo que no somos verdaderamente conscientes de lo que supone en los planes de Dios la humildad, la sencillez, el trabajo diario, la falta de medios, las limitaciones de diversa índole.</p>



<p>Las lecturas resaltan que la fuerza se realiza en la debilidad. Ezequiel vive la ruina de su patria y el comienzo de la dominación de Babilonia. Es testigo y profeta de una renovación religiosa, que ni él mismo sabe adonde conducirá. Chocó con su pueblo, pero su mensaje valió la pena. “Te hagan caso o no te hagan caso, sabrán que hubo un profeta en medio de ellos”. La misión que Dios le confió era difícil. Denunciar las culpas del pasado y las del presente. Quiere levantar al pueblo por encima de su corta visión de la historia y hacerles sentir que lo que importa es el corazón del hombre, su espíritu, y que con la generosidad y rectitud de cada uno se abren horizontes de salvación en una situación desesperada.</p>



<p>Estaba en una actitud de lucha consigo mismo, y era un pueblo que no quería escuchar. Por eso, el profeta no puede menos de sentir su impaciencia. Los medios con que cuenta son pobres para presentar la salvación a ese pueblo rebelde y obstinado. Pero él siguió adelante y habló. Sin poder decir más que las palabras que el Espíritu puso en su boca. ¡Con la importancia que damos hoy a los medios! Hay veces que incluso estos nos hacen olvidar el mensaje. Hay una desproporción manifiesta entre lo que tratamos con Dios y lo que confiamos en el mundo. No puede ser así. Tenemos una Iglesia anémica y pobre.</p>



<p>San Pablo nos lo hace sentir también vivamente. En la comunidad de Corinto había muchos jactanciosos y con aire de superioridad, y frente a ellos pone él de relieve la acción de Dios en la debilidad de su ministerio. Nos basta la gracia de Dios. La fuerza de nuestro mensaje está en Cristo. Nuestros ojos están en el Señor, de Él esperamos la misericordia. Por eso, hemos de vivir contentos en medio de nuestras debilidades, insultos y persecuciones sufridas por amor a Cristo. No somos fuertes por nuestros medios, por nuestras posibilidades e iniciativas, sino porque el Espíritu del Señor está con nosotros. No importa el sarcasmo de los satisfechos, ni el desprecio de los orgullosos. Ni tampoco la aparente inutilidad de nuestros esfuerzos.</p>



<p>A un Cura de Ars le hubiera importado un bledo que al día siguiente de entrar en su parroquia le hubieran mostrado una encuesta sociológica, según la cual sólo el tres por ciento de sus feligreses cumplía con el precepto. Él habría empezado a orar y trabajar el primer día como si fuese el último que Dios le brindaba. Y tampoco hemos de alterarnos, si no vemos resultados inmediatos. Ya vendrán, cuando Dios quiera. De Jesús, sus parientes esperaban obras ostentosas y gestos espectaculares. Todo el pequeño y cicatero mundo interior de aquellos hombres y mujeres les impidió reconocer la acción de Dios en Él y ver que realmente era Cristo.</p>



<p>También nosotros padecemos muchas veces esa ceguera, pero es por culpa nuestra. Preferimos creer en nuestras propias fuerzas y medios más que en el poder de Dios.</p>

<p>Comentario a las lecturas del XIV domingo del Tiempo Ordinario. ABC, 6 de julio de 1997. Nos conmueve leer en el evangelio de hoy esta pregunta que equivale a una afirmación. Anuncia claramente el estilo de vida y de trabajo de Jesús, durante años y conforme al plan de salvación de Dios para los hombres. [&hellip;]</p>
