{"id":1691,"date":"2024-10-01T19:12:47","date_gmt":"2024-10-01T17:12:47","guid":{"rendered":"https:\/\/www.cardenaldonmarcelo.es\/?post_type=docs&#038;p=1691"},"modified":"2024-10-01T19:12:48","modified_gmt":"2024-10-01T17:12:48","password":"","slug":"la-familia-comentario-a-las-lecturas-del-domingo-de-la-sagrada-familia-ciclo-b","status":"publish","type":"docs","link":"https:\/\/www.cardenaldonmarcelo.es\/index.php\/docs\/la-familia-comentario-a-las-lecturas-del-domingo-de-la-sagrada-familia-ciclo-b\/","title":{"rendered":"La familia, comentario a las lecturas del domingo de la Sagrada Familia (ciclo B)"},"content":{"rendered":"\n<p class=\"has-text-align-center has-small-font-size\">Comentario a las lecturas del domingo de la Sagrada Familia. ABC, 29 de diciembre de 1996.<\/p>\n\n\n\n<p>En estos d\u00edas de Navidad nuestra contemplaci\u00f3n se detiene ante el Ni\u00f1o que ha nacido, pasa a fijarse en la Madre, Mar\u00eda de Nazaret; y despu\u00e9s no puede evitar el detenerse alg\u00fan momento en la figura m\u00e1s activa y de menos relevancia, Jos\u00e9, el hombre servidor de los planes de Dios. Pero, \u00bfes as\u00ed como hemos de contemplarlos? \u00bfAislados uno de otro? \u00bfNo es necesario reconocer que los tres unidos forman una familia? Esta es la raz\u00f3n de que la liturgia de la Iglesia nos llame a celebrar hoy, en este domingo, la fiesta de la Sagrada Familia de Jes\u00fas, Mar\u00eda y Jos\u00e9.<\/p>\n\n\n\n<p>El protagonismo corresponde hoy a ese n\u00facleo familiar, tan sencillo, que nadie se fij\u00f3 en ellos, y tan extraordinario, que ilumina con su luz a todas las familias cristianas del mundo de todos lo tiempos. Nos damos cuenta de que estas fiestas tienen un sentido profundo, entra\u00f1able, familiar, en una palabra, aunque el griter\u00edo de la publicidad y la propaganda de las frivolidades la socavan y la roban su significaci\u00f3n m\u00e1s \u00edntima.<\/p>\n\n\n\n<p>Este domingo deber\u00eda ayudarnos a reflexionar sobre nuestra propia familia a la luz de la fe. Es mucho ese Ni\u00f1o, a quien adoramos reci\u00e9n nacido. Tras su nacimiento, Bel\u00e9n, Egipto y luego el sencillo transcurrir de los d\u00edas y los a\u00f1os en Nazaret. A\u00f1os de silencio en el coraz\u00f3n de tres moradores de aquella humilde casa, en que trabaja un artesano para ganar el pan de cada d\u00eda. El Evangelio s\u00f3lo nos ofrece unos breves rasgos. En el de hoy la presentaci\u00f3n del Ni\u00f1o en el templo, como lo hac\u00edan todas las familias piadosas. La alegr\u00eda del anciano Sime\u00f3n es un himno de gratitud a Dios, porque sus ojos han visto en ese Ni\u00f1o al Salvador, luz que alumbrar\u00e1 a todas las naciones. Pero desde el primer momento, la contradicci\u00f3n: ser\u00e1 como una bandera discutida. Una sencilla ceremonia, grandiosa para los padres, para Sime\u00f3n y para la profetisa Ana.<\/p>\n\n\n\n<p>Sus ojos transparentan la fe de su coraz\u00f3n y sus palabras la alegr\u00eda de sus sentimientos. Y luego un largo tiempo de silencio. El Ni\u00f1o viv\u00eda sometido a ellos y crec\u00eda en sabidur\u00eda, edad y gracia ante Dios y ante los hombres. Es un desarrollo \u00edntimo, familiar, profundo, sencillo, cotidiano, envuelto en el amor de la mejor Madre, del mejor padre y del mejor de los hijos. Pero en una familia as\u00ed, \u00bfno est\u00e1 todo resuelto de antemano? Si Dios est\u00e1 all\u00ed, \u00bfqu\u00e9 problema puede haber, que no tenga soluci\u00f3n? Pues no. \u201cCristo \u2013afirma san Pablo en su carta a los filipenses\u2013 se anonad\u00f3, tomando forma de siervo y haci\u00e9ndose semejante a los hombres, menos en el pecado\u201d.<\/p>\n\n\n\n<p>En aquella familia hay trabajo, hay dolor f\u00edsico y moral, hay carencias, que hace sufrir, hay esfuerzo espiritual, que estimula y mueve a cumplir la voluntad del Se\u00f1or, hay ayuda rec\u00edproca en su convivencia de cada d\u00eda, hay trato de amistad con los vecinos y de atenci\u00f3n a las exigencias del parentesco, hay obediencia a la ley civil con las molestias, que pod\u00eda causar una situaci\u00f3n de sumisi\u00f3n colonial a las autoridades romanas, hay en ellos conciencia de que son elegidos para mucho y realidad tan pobre, que no parecen nada. Pero hay fe y esperanza. Mar\u00eda guardaba todas las cosas en su coraz\u00f3n. No desconfiaba de Dios. Y as\u00ed manten\u00eda su fortaleza con una ejemplaridad admirable. Cuando lleg\u00f3 el momento de salir al camino y Jes\u00fas empez\u00f3 a predicar el Evangelio, Mar\u00eda le acompa\u00f1\u00f3 y no le abandon\u00f3 jam\u00e1s. Siendo la apariencia tan d\u00e9bil, fue la mujer fuerte a la que podemos acudir todos en nuestras debilidades.<\/p>\n\n\n\n<p>\u00bfQu\u00e9 valores enriquecen nuestras familias de hoy? No se trata de ir pasando a\u00f1o tras a\u00f1o sin dar vida a cada uno de los a\u00f1os. Es necesaria la reacci\u00f3n vigorosa de las familias cristianas, si no se quiere ver convertida en escombros la realidad familiar, de la que depende el porvenir de la sociedad. En todas partes es hoy atacada sin piedad. Mientras los padres sufren, juzgando irremediable la situaci\u00f3n creada en muchos ambientes, los hijos se entregan a las m\u00e1s locas aventuras de una libertad desenfrenada, de la que ellos mismos ser\u00e1n v\u00edctimas prematuras, sin posibilidad de encontrar una mano salvadora.<\/p>\n","protected":false},"excerpt":{"rendered":"<p>Comentario a las lecturas del domingo de la Sagrada Familia. ABC, 29 de diciembre de 1996. En estos d\u00edas de Navidad nuestra contemplaci\u00f3n se detiene ante el Ni\u00f1o que ha nacido, pasa a fijarse en la Madre, Mar\u00eda de Nazaret; y despu\u00e9s no puede evitar el detenerse alg\u00fan momento en la figura m\u00e1s activa y [&hellip;]<\/p>\n","protected":false},"author":1,"featured_media":0,"comment_status":"closed","ping_status":"closed","template":"","meta":{"saved_in_kubio":false,"_eb_attr":"","ngg_post_thumbnail":0,"footnotes":""},"doc_category":[79],"doc_tag":[],"class_list":["post-1691","docs","type-docs","status-publish","hentry","doc_category-comentarios-a-evangelios-dominicales"],"year_month":"2026-04","word_count":780,"total_views":0,"reactions":{"happy":0,"normal":0,"sad":0},"author_info":{"name":"P. Webmaster","author_nicename":"currante","author_url":"https:\/\/www.cardenaldonmarcelo.es\/index.php\/author\/currante\/"},"doc_category_info":[{"term_name":"Comentarios a evangelios dominicales","term_url":"https:\/\/www.cardenaldonmarcelo.es\/index.php\/docs-category\/comentarios-a-evangelios-dominicales\/"}],"doc_tag_info":[],"_links":{"self":[{"href":"https:\/\/www.cardenaldonmarcelo.es\/index.php\/wp-json\/wp\/v2\/docs\/1691","targetHints":{"allow":["GET"]}}],"collection":[{"href":"https:\/\/www.cardenaldonmarcelo.es\/index.php\/wp-json\/wp\/v2\/docs"}],"about":[{"href":"https:\/\/www.cardenaldonmarcelo.es\/index.php\/wp-json\/wp\/v2\/types\/docs"}],"author":[{"embeddable":true,"href":"https:\/\/www.cardenaldonmarcelo.es\/index.php\/wp-json\/wp\/v2\/users\/1"}],"replies":[{"embeddable":true,"href":"https:\/\/www.cardenaldonmarcelo.es\/index.php\/wp-json\/wp\/v2\/comments?post=1691"}],"version-history":[{"count":1,"href":"https:\/\/www.cardenaldonmarcelo.es\/index.php\/wp-json\/wp\/v2\/docs\/1691\/revisions"}],"predecessor-version":[{"id":1692,"href":"https:\/\/www.cardenaldonmarcelo.es\/index.php\/wp-json\/wp\/v2\/docs\/1691\/revisions\/1692"}],"wp:attachment":[{"href":"https:\/\/www.cardenaldonmarcelo.es\/index.php\/wp-json\/wp\/v2\/media?parent=1691"}],"wp:term":[{"taxonomy":"doc_category","embeddable":true,"href":"https:\/\/www.cardenaldonmarcelo.es\/index.php\/wp-json\/wp\/v2\/doc_category?post=1691"},{"taxonomy":"doc_tag","embeddable":true,"href":"https:\/\/www.cardenaldonmarcelo.es\/index.php\/wp-json\/wp\/v2\/doc_tag?post=1691"}],"curies":[{"name":"wp","href":"https:\/\/api.w.org\/{rel}","templated":true}]}}

<p class="has-text-align-center has-small-font-size">Comentario a las lecturas del domingo de la Sagrada Familia. ABC, 29 de diciembre de 1996.</p>



<p>En estos días de Navidad nuestra contemplación se detiene ante el Niño que ha nacido, pasa a fijarse en la Madre, María de Nazaret; y después no puede evitar el detenerse algún momento en la figura más activa y de menos relevancia, José, el hombre servidor de los planes de Dios. Pero, ¿es así como hemos de contemplarlos? ¿Aislados uno de otro? ¿No es necesario reconocer que los tres unidos forman una familia? Esta es la razón de que la liturgia de la Iglesia nos llame a celebrar hoy, en este domingo, la fiesta de la Sagrada Familia de Jesús, María y José.</p>



<p>El protagonismo corresponde hoy a ese núcleo familiar, tan sencillo, que nadie se fijó en ellos, y tan extraordinario, que ilumina con su luz a todas las familias cristianas del mundo de todos lo tiempos. Nos damos cuenta de que estas fiestas tienen un sentido profundo, entrañable, familiar, en una palabra, aunque el griterío de la publicidad y la propaganda de las frivolidades la socavan y la roban su significación más íntima.</p>



<p>Este domingo debería ayudarnos a reflexionar sobre nuestra propia familia a la luz de la fe. Es mucho ese Niño, a quien adoramos recién nacido. Tras su nacimiento, Belén, Egipto y luego el sencillo transcurrir de los días y los años en Nazaret. Años de silencio en el corazón de tres moradores de aquella humilde casa, en que trabaja un artesano para ganar el pan de cada día. El Evangelio sólo nos ofrece unos breves rasgos. En el de hoy la presentación del Niño en el templo, como lo hacían todas las familias piadosas. La alegría del anciano Simeón es un himno de gratitud a Dios, porque sus ojos han visto en ese Niño al Salvador, luz que alumbrará a todas las naciones. Pero desde el primer momento, la contradicción: será como una bandera discutida. Una sencilla ceremonia, grandiosa para los padres, para Simeón y para la profetisa Ana.</p>



<p>Sus ojos transparentan la fe de su corazón y sus palabras la alegría de sus sentimientos. Y luego un largo tiempo de silencio. El Niño vivía sometido a ellos y crecía en sabiduría, edad y gracia ante Dios y ante los hombres. Es un desarrollo íntimo, familiar, profundo, sencillo, cotidiano, envuelto en el amor de la mejor Madre, del mejor padre y del mejor de los hijos. Pero en una familia así, ¿no está todo resuelto de antemano? Si Dios está allí, ¿qué problema puede haber, que no tenga solución? Pues no. “Cristo –afirma san Pablo en su carta a los filipenses– se anonadó, tomando forma de siervo y haciéndose semejante a los hombres, menos en el pecado”.</p>



<p>En aquella familia hay trabajo, hay dolor físico y moral, hay carencias, que hace sufrir, hay esfuerzo espiritual, que estimula y mueve a cumplir la voluntad del Señor, hay ayuda recíproca en su convivencia de cada día, hay trato de amistad con los vecinos y de atención a las exigencias del parentesco, hay obediencia a la ley civil con las molestias, que podía causar una situación de sumisión colonial a las autoridades romanas, hay en ellos conciencia de que son elegidos para mucho y realidad tan pobre, que no parecen nada. Pero hay fe y esperanza. María guardaba todas las cosas en su corazón. No desconfiaba de Dios. Y así mantenía su fortaleza con una ejemplaridad admirable. Cuando llegó el momento de salir al camino y Jesús empezó a predicar el Evangelio, María le acompañó y no le abandonó jamás. Siendo la apariencia tan débil, fue la mujer fuerte a la que podemos acudir todos en nuestras debilidades.</p>



<p>¿Qué valores enriquecen nuestras familias de hoy? No se trata de ir pasando año tras año sin dar vida a cada uno de los años. Es necesaria la reacción vigorosa de las familias cristianas, si no se quiere ver convertida en escombros la realidad familiar, de la que depende el porvenir de la sociedad. En todas partes es hoy atacada sin piedad. Mientras los padres sufren, juzgando irremediable la situación creada en muchos ambientes, los hijos se entregan a las más locas aventuras de una libertad desenfrenada, de la que ellos mismos serán víctimas prematuras, sin posibilidad de encontrar una mano salvadora.</p>

<p>Comentario a las lecturas del domingo de la Sagrada Familia. ABC, 29 de diciembre de 1996. En estos días de Navidad nuestra contemplación se detiene ante el Niño que ha nacido, pasa a fijarse en la Madre, María de Nazaret; y después no puede evitar el detenerse algún momento en la figura más activa y [&hellip;]</p>
