{"id":1648,"date":"2024-10-01T18:55:24","date_gmt":"2024-10-01T16:55:24","guid":{"rendered":"https:\/\/www.cardenaldonmarcelo.es\/?post_type=docs&#038;p=1648"},"modified":"2024-10-01T18:55:25","modified_gmt":"2024-10-01T16:55:25","password":"","slug":"mandame-ir-a-ti-comentario-a-las-lecturas-del-xix-domingo-del-tiempo-ordinario-ciclo-a","status":"publish","type":"docs","link":"https:\/\/www.cardenaldonmarcelo.es\/index.php\/docs\/mandame-ir-a-ti-comentario-a-las-lecturas-del-xix-domingo-del-tiempo-ordinario-ciclo-a\/","title":{"rendered":"M\u00e1ndame ir a Ti, comentario a las lecturas del XIX domingo del Tiempo Ordinario (ciclo A)"},"content":{"rendered":"\n<p class=\"has-text-align-center has-small-font-size\">Comentario a las lecturas del XIX domingo del Tiempo Ordinario. ABC, 10 de agosto de 1996.<\/p>\n\n\n\n<p>En el peque\u00f1o fragmento del libro de los Reyes aparece una corriente de intimidad entre Dios y el profeta El\u00edas. Hay silencio, serenidad, paz. Como despu\u00e9s en el Evangelio, al llegar Jes\u00fas. El\u00edas escucha una voz que le dice: \u201csal y aguarda al Se\u00f1or, que el Se\u00f1or va a pasar\u201d. No es en el viento huracanado, ni en el terremoto, ni en el fuego ardiente. S\u00ed en la brisa suave, como un susurro acariciador.<\/p>\n\n\n\n<p>Aguardar y ver al Se\u00f1or en la vida de todos los d\u00edas, en este desfile de hechos innumerables, en que se dan cita los sucesos m\u00e1s dispares, que producen en nosotros toda clase de sentimientos. Ah\u00ed, ah\u00ed es donde se requiere la actitud de El\u00edas. Escuchar y ver con \u00e1nimo sereno, vislumbrar desde el interior la imagen de Dios, que pasa entre nosotros. Toda la fuerza del hombre est\u00e1 en su interioridad. Desde esa gruta de nuestro monte Horeb hay que salir enriquecidos con el silencio de nuestra fe para escuchar a Dios en medio de este gran mercado de nuestro mundo, en el que parece que todo se compra y se vende.<\/p>\n\n\n\n<p>El evangelio de san Mateo nos relata el miedo de los disc\u00edpulos, durante la noche, cuando van en la barquilla y empieza \u00e9sta a ser sacudida por las olas agitadas por viento contrario. Est\u00e1n tan asustados y llenos de pavor, que al ver a Jes\u00fas acercarse a ellos, piensan que es un fantasma. Nos pasa a todos, cuando atravesamos malos momentos. Todo se nos vuelve negra oscuridad y hasta confundimos lo que puede ser luz y esperanza.<\/p>\n\n\n\n<p>\u00a1Cu\u00e1nto necesitamos escuchar, como el rumor de una suave brisa, que en el fondo de nuestro coraz\u00f3n nos dice: \u201cAnimo, soy yo, no teng\u00e1is miedo\u201d! Como el Ap\u00f3stol Pedro, hemos de tener la valent\u00eda de decir en esos momentos dif\u00edciles y duros de nuestra vida: \u201cSe\u00f1or, si eres t\u00fa en este dolor, en este fracaso, en esta dificultad, en esta incomprensi\u00f3n, en esta persecuci\u00f3n, en esta enfermedad o muerte, m\u00e1ndame ir a Ti\u201d.<\/p>\n\n\n\n<p>Avivar la fe y poner nuestra vida, como Pedro, en manos de Jes\u00fas, buscando humildemente el sosiego y la paz, que puede traer a nuestras almas un beso al fr\u00edo metal de un crucifijo. Y al sentir la fuerza de nuestra debilidad que nos sacude y nos hace vacilar, subir y bajar, que eso es nuestra vida muchas veces, volver una y otra vez la mirada a Jes\u00fas dici\u00e9ndole: \u201cSe\u00f1or, s\u00e1lvame\u201d.<\/p>\n\n\n\n<p>La raz\u00f3n tiene un l\u00edmite. Y lo que ha de imponerse en nuestra conciencia, en nuestro interior, es la rectitud del Dios santo, vivo y revelado en Jesucristo. Y exclamar desde el fondo de nuestro coraz\u00f3n en medio de las tempestades, que nos agitan: \u201cRealmente T\u00fa eres el Hijo de Dios\u201d. S\u00f3lo el vivir de la fe ir\u00e1 transformando nuestra visi\u00f3n de la realidad, porque llegaremos a poder mirar, unida nuestra mirada con la misma del Esp\u00edritu Santo.<\/p>\n\n\n\n<p>Por eso, en la segunda lectura afirma san Pablo que su conciencia iluminada por el Esp\u00edritu Santo le asegura que no miente. Que sufre por el bien de sus hermanos, los de su raza, que no quieren ver la presencia de Dios en Jesucristo. San Pablo siente la urgencia del servicio de la fe y llega a afirmar lo que ser\u00eda un esc\u00e1ndalo, si no fuera sencillamente un arrebato de amor: que por el bien de sus hermanos quisiera ser incluso un proscrito lejos de Cristo.<\/p>\n","protected":false},"excerpt":{"rendered":"<p>Comentario a las lecturas del XIX domingo del Tiempo Ordinario. ABC, 10 de agosto de 1996. En el peque\u00f1o fragmento del libro de los Reyes aparece una corriente de intimidad entre Dios y el profeta El\u00edas. Hay silencio, serenidad, paz. Como despu\u00e9s en el Evangelio, al llegar Jes\u00fas. El\u00edas escucha una voz que le dice: [&hellip;]<\/p>\n","protected":false},"author":1,"featured_media":0,"comment_status":"closed","ping_status":"closed","template":"","meta":{"saved_in_kubio":false,"_eb_attr":"","ngg_post_thumbnail":0,"footnotes":""},"doc_category":[79],"doc_tag":[],"class_list":["post-1648","docs","type-docs","status-publish","hentry","doc_category-comentarios-a-evangelios-dominicales"],"year_month":"2026-05","word_count":625,"total_views":0,"reactions":{"happy":0,"normal":0,"sad":0},"author_info":{"name":"P. Webmaster","author_nicename":"currante","author_url":"https:\/\/www.cardenaldonmarcelo.es\/index.php\/author\/currante\/"},"doc_category_info":[{"term_name":"Comentarios a evangelios dominicales","term_url":"https:\/\/www.cardenaldonmarcelo.es\/index.php\/docs-category\/comentarios-a-evangelios-dominicales\/"}],"doc_tag_info":[],"_links":{"self":[{"href":"https:\/\/www.cardenaldonmarcelo.es\/index.php\/wp-json\/wp\/v2\/docs\/1648","targetHints":{"allow":["GET"]}}],"collection":[{"href":"https:\/\/www.cardenaldonmarcelo.es\/index.php\/wp-json\/wp\/v2\/docs"}],"about":[{"href":"https:\/\/www.cardenaldonmarcelo.es\/index.php\/wp-json\/wp\/v2\/types\/docs"}],"author":[{"embeddable":true,"href":"https:\/\/www.cardenaldonmarcelo.es\/index.php\/wp-json\/wp\/v2\/users\/1"}],"replies":[{"embeddable":true,"href":"https:\/\/www.cardenaldonmarcelo.es\/index.php\/wp-json\/wp\/v2\/comments?post=1648"}],"version-history":[{"count":1,"href":"https:\/\/www.cardenaldonmarcelo.es\/index.php\/wp-json\/wp\/v2\/docs\/1648\/revisions"}],"predecessor-version":[{"id":1649,"href":"https:\/\/www.cardenaldonmarcelo.es\/index.php\/wp-json\/wp\/v2\/docs\/1648\/revisions\/1649"}],"wp:attachment":[{"href":"https:\/\/www.cardenaldonmarcelo.es\/index.php\/wp-json\/wp\/v2\/media?parent=1648"}],"wp:term":[{"taxonomy":"doc_category","embeddable":true,"href":"https:\/\/www.cardenaldonmarcelo.es\/index.php\/wp-json\/wp\/v2\/doc_category?post=1648"},{"taxonomy":"doc_tag","embeddable":true,"href":"https:\/\/www.cardenaldonmarcelo.es\/index.php\/wp-json\/wp\/v2\/doc_tag?post=1648"}],"curies":[{"name":"wp","href":"https:\/\/api.w.org\/{rel}","templated":true}]}}

Mándame ir a Ti, comentario a las lecturas del XIX domingo del Tiempo Ordinario (ciclo A)

<p class="has-text-align-center has-small-font-size">Comentario a las lecturas del XIX domingo del Tiempo Ordinario. ABC, 10 de agosto de 1996.</p>



<p>En el pequeño fragmento del libro de los Reyes aparece una corriente de intimidad entre Dios y el profeta Elías. Hay silencio, serenidad, paz. Como después en el Evangelio, al llegar Jesús. Elías escucha una voz que le dice: “sal y aguarda al Señor, que el Señor va a pasar”. No es en el viento huracanado, ni en el terremoto, ni en el fuego ardiente. Sí en la brisa suave, como un susurro acariciador.</p>



<p>Aguardar y ver al Señor en la vida de todos los días, en este desfile de hechos innumerables, en que se dan cita los sucesos más dispares, que producen en nosotros toda clase de sentimientos. Ahí, ahí es donde se requiere la actitud de Elías. Escuchar y ver con ánimo sereno, vislumbrar desde el interior la imagen de Dios, que pasa entre nosotros. Toda la fuerza del hombre está en su interioridad. Desde esa gruta de nuestro monte Horeb hay que salir enriquecidos con el silencio de nuestra fe para escuchar a Dios en medio de este gran mercado de nuestro mundo, en el que parece que todo se compra y se vende.</p>



<p>El evangelio de san Mateo nos relata el miedo de los discípulos, durante la noche, cuando van en la barquilla y empieza ésta a ser sacudida por las olas agitadas por viento contrario. Están tan asustados y llenos de pavor, que al ver a Jesús acercarse a ellos, piensan que es un fantasma. Nos pasa a todos, cuando atravesamos malos momentos. Todo se nos vuelve negra oscuridad y hasta confundimos lo que puede ser luz y esperanza.</p>



<p>¡Cuánto necesitamos escuchar, como el rumor de una suave brisa, que en el fondo de nuestro corazón nos dice: “Animo, soy yo, no tengáis miedo”! Como el Apóstol Pedro, hemos de tener la valentía de decir en esos momentos difíciles y duros de nuestra vida: “Señor, si eres tú en este dolor, en este fracaso, en esta dificultad, en esta incomprensión, en esta persecución, en esta enfermedad o muerte, mándame ir a Ti”.</p>



<p>Avivar la fe y poner nuestra vida, como Pedro, en manos de Jesús, buscando humildemente el sosiego y la paz, que puede traer a nuestras almas un beso al frío metal de un crucifijo. Y al sentir la fuerza de nuestra debilidad que nos sacude y nos hace vacilar, subir y bajar, que eso es nuestra vida muchas veces, volver una y otra vez la mirada a Jesús diciéndole: “Señor, sálvame”.</p>



<p>La razón tiene un límite. Y lo que ha de imponerse en nuestra conciencia, en nuestro interior, es la rectitud del Dios santo, vivo y revelado en Jesucristo. Y exclamar desde el fondo de nuestro corazón en medio de las tempestades, que nos agitan: “Realmente Tú eres el Hijo de Dios”. Sólo el vivir de la fe irá transformando nuestra visión de la realidad, porque llegaremos a poder mirar, unida nuestra mirada con la misma del Espíritu Santo.</p>



<p>Por eso, en la segunda lectura afirma san Pablo que su conciencia iluminada por el Espíritu Santo le asegura que no miente. Que sufre por el bien de sus hermanos, los de su raza, que no quieren ver la presencia de Dios en Jesucristo. San Pablo siente la urgencia del servicio de la fe y llega a afirmar lo que sería un escándalo, si no fuera sencillamente un arrebato de amor: que por el bien de sus hermanos quisiera ser incluso un proscrito lejos de Cristo.</p>

<p>Comentario a las lecturas del XIX domingo del Tiempo Ordinario. ABC, 10 de agosto de 1996. En el pequeño fragmento del libro de los Reyes aparece una corriente de intimidad entre Dios y el profeta Elías. Hay silencio, serenidad, paz. Como después en el Evangelio, al llegar Jesús. Elías escucha una voz que le dice: [&hellip;]</p>
