{"id":1611,"date":"2024-10-01T17:13:52","date_gmt":"2024-10-01T15:13:52","guid":{"rendered":"https:\/\/www.cardenaldonmarcelo.es\/?post_type=docs&#038;p=1611"},"modified":"2024-10-01T17:13:53","modified_gmt":"2024-10-01T15:13:53","password":"","slug":"nueva-creacion-comentario-a-las-lecturas-del-domingo-de-resurreccion-ciclo-a","status":"publish","type":"docs","link":"https:\/\/www.cardenaldonmarcelo.es\/index.php\/docs\/nueva-creacion-comentario-a-las-lecturas-del-domingo-de-resurreccion-ciclo-a\/","title":{"rendered":"Nueva creaci\u00f3n, comentario a las lecturas del Domingo de Resurrecci\u00f3n (ciclo A)"},"content":{"rendered":"\n<p class=\"has-text-align-center has-small-font-size\">Comentario a las lecturas del Domingo de Resurrecci\u00f3n. ABC, 7 de abril de 1996.<\/p>\n\n\n\n<p>Como dice san Pablo, si Cristo no resucit\u00f3, vana es nuestra fe. Pero ha resucitado. Y con \u00c9l, triunfador de la muerte, ha comenzado la \u201cnueva creaci\u00f3n\u201d. Cristo vive. Cristo es real hoy, en nuestra vida. Nos da paz y esperanza. Por eso la liturgia estalla de gozo. Es el Domingo de Resurrecci\u00f3n y ya siempre el domingo ser\u00e1 el d\u00eda del Se\u00f1or. D\u00eda de la resurrecci\u00f3n y de la proclamaci\u00f3n de la vida.<\/p>\n\n\n\n<p>En el libro de los Hechos aparece Pedro manifest\u00e1ndose como testigo y ap\u00f3stol del Se\u00f1or resucitado. \u00bfQui\u00e9n da fuerza y elocuencia a este rudo pescador para hablar as\u00ed? Afirma que \u00e9l y otros han sido compa\u00f1eros de Jes\u00fas de Nazaret, el Ungido por Dios con la fuerza del Esp\u00edritu, que pas\u00f3 haciendo el bien. Sabe que tiene que dar testimonio de que Jes\u00fas es el Se\u00f1or de la vida y de la historia. Se siente mensajero de la Buena Nueva. Anuncia que ellos han comido y bebido con \u00c9l despu\u00e9s de resucitar, que les ha encargado predicar al pueblo, y que Dios le ha nombrado juez de vivos y muertos.<\/p>\n\n\n\n<p>As\u00ed un d\u00eda y otro d\u00eda, predicando lo mismo, hablando sin cesar de Jes\u00fas, su Se\u00f1or. Aquel hombre acobardado, que neg\u00f3 a Jes\u00fas en la noche triste de la Pasi\u00f3n, ha pasado a ser el evangelizador sin descanso, consciente de que se le ha dado una autoridad, m\u00e1s a\u00fan, una potestad, que le llevar\u00e1 hasta Roma, donde ser\u00e1 capaz, inmolando su vida, de cambiar el coraz\u00f3n de los mismos C\u00e9sares due\u00f1os del Imperio.<\/p>\n\n\n\n<p>Todo empez\u00f3 en el momento en que, acompa\u00f1ado de Juan, avisados por las mujeres, hallaron el sepulcro vac\u00edo y se llenaron para siempre de la experiencia de Cristo Resucitado. D\u00edas despu\u00e9s, obedientes a la consigna dada por el mismo Jes\u00fas, reunidos en el cen\u00e1culo, recibieron la luz y el fuego de Pentecost\u00e9s, que les marc\u00f3 para siempre.<\/p>\n\n\n\n<p>Las mujeres, Mar\u00eda Magdalena y otras, cuando a\u00fan no hab\u00eda amanecido, fueron al sepulcro para ungir el cuerpo del Se\u00f1or. Ya el Viernes Santo con sus manos llenas de ternura, hab\u00edan volcado su cari\u00f1o arreglando, limpiando y preparando el cuerpo muerto del Se\u00f1or, lleno de sucio sudor, polvo y sangre.<\/p>\n\n\n\n<p>Son valientes, decididas, sin temor a los soldados, ni a los jud\u00edos. Merecer\u00edan ser las primeras en recibir la gran noticia. Recibida la cual, Mar\u00eda Magdalena vuelve r\u00e1pida al lugar en que estaba Pedro y Juan para decirles que el Se\u00f1or no est\u00e1 en el sepulcro. Ciertamente, para ella no existe nada fuera de Jes\u00fas: \u00c9l es el eje y el centro de su vida. Se le ha perdonado mucho, porque ha amado mucho.<\/p>\n\n\n\n<p>El cristianismo tiene sentido y trascendencia seg\u00fan se admita o no la Resurrecci\u00f3n de Cristo. No es un acontecimiento marginal de la fe, no es algo incorporado al cristianismo posteriormente, es el n\u00facleo esencial de la fe cristiana. Pascua, como lo dice Karl Rahner, no es un acontecimiento del pasado, sino el comienzo de un acontecimiento, que est\u00e1 en marcha. La Resurrecci\u00f3n de Cristo nos dice que la gloria ha comenzado ya. El futuro definitivo. Por eso los cristianos creemos que la historia y nuestra historia personal tienen un sentido propiamente victorioso sobre todas las oscuridades de la agon\u00eda y de la muerte. La historia de la humanidad ha llegado en su representante excelso, que es el Hijo del Hombre, en su Alfa y Omega, a su plenitud, a su eternidad. Ese principio del fin consumado se llama Jes\u00fas de Nazaret, que fue crucificado y resucit\u00f3.<\/p>\n","protected":false},"excerpt":{"rendered":"<p>Comentario a las lecturas del Domingo de Resurrecci\u00f3n. ABC, 7 de abril de 1996. Como dice san Pablo, si Cristo no resucit\u00f3, vana es nuestra fe. Pero ha resucitado. Y con \u00c9l, triunfador de la muerte, ha comenzado la \u201cnueva creaci\u00f3n\u201d. Cristo vive. Cristo es real hoy, en nuestra vida. Nos da paz y esperanza. [&hellip;]<\/p>\n","protected":false},"author":1,"featured_media":0,"comment_status":"closed","ping_status":"closed","template":"","meta":{"saved_in_kubio":false,"_eb_attr":"","ngg_post_thumbnail":0,"footnotes":""},"doc_category":[79],"doc_tag":[],"class_list":["post-1611","docs","type-docs","status-publish","hentry","doc_category-comentarios-a-evangelios-dominicales"],"year_month":"2026-05","word_count":651,"total_views":0,"reactions":{"happy":0,"normal":0,"sad":0},"author_info":{"name":"P. Webmaster","author_nicename":"currante","author_url":"https:\/\/www.cardenaldonmarcelo.es\/index.php\/author\/currante\/"},"doc_category_info":[{"term_name":"Comentarios a evangelios dominicales","term_url":"https:\/\/www.cardenaldonmarcelo.es\/index.php\/docs-category\/comentarios-a-evangelios-dominicales\/"}],"doc_tag_info":[],"_links":{"self":[{"href":"https:\/\/www.cardenaldonmarcelo.es\/index.php\/wp-json\/wp\/v2\/docs\/1611","targetHints":{"allow":["GET"]}}],"collection":[{"href":"https:\/\/www.cardenaldonmarcelo.es\/index.php\/wp-json\/wp\/v2\/docs"}],"about":[{"href":"https:\/\/www.cardenaldonmarcelo.es\/index.php\/wp-json\/wp\/v2\/types\/docs"}],"author":[{"embeddable":true,"href":"https:\/\/www.cardenaldonmarcelo.es\/index.php\/wp-json\/wp\/v2\/users\/1"}],"replies":[{"embeddable":true,"href":"https:\/\/www.cardenaldonmarcelo.es\/index.php\/wp-json\/wp\/v2\/comments?post=1611"}],"version-history":[{"count":1,"href":"https:\/\/www.cardenaldonmarcelo.es\/index.php\/wp-json\/wp\/v2\/docs\/1611\/revisions"}],"predecessor-version":[{"id":1612,"href":"https:\/\/www.cardenaldonmarcelo.es\/index.php\/wp-json\/wp\/v2\/docs\/1611\/revisions\/1612"}],"wp:attachment":[{"href":"https:\/\/www.cardenaldonmarcelo.es\/index.php\/wp-json\/wp\/v2\/media?parent=1611"}],"wp:term":[{"taxonomy":"doc_category","embeddable":true,"href":"https:\/\/www.cardenaldonmarcelo.es\/index.php\/wp-json\/wp\/v2\/doc_category?post=1611"},{"taxonomy":"doc_tag","embeddable":true,"href":"https:\/\/www.cardenaldonmarcelo.es\/index.php\/wp-json\/wp\/v2\/doc_tag?post=1611"}],"curies":[{"name":"wp","href":"https:\/\/api.w.org\/{rel}","templated":true}]}}

Nueva creación, comentario a las lecturas del Domingo de Resurrección (ciclo A)

<p class="has-text-align-center has-small-font-size">Comentario a las lecturas del Domingo de Resurrección. ABC, 7 de abril de 1996.</p>



<p>Como dice san Pablo, si Cristo no resucitó, vana es nuestra fe. Pero ha resucitado. Y con Él, triunfador de la muerte, ha comenzado la “nueva creación”. Cristo vive. Cristo es real hoy, en nuestra vida. Nos da paz y esperanza. Por eso la liturgia estalla de gozo. Es el Domingo de Resurrección y ya siempre el domingo será el día del Señor. Día de la resurrección y de la proclamación de la vida.</p>



<p>En el libro de los Hechos aparece Pedro manifestándose como testigo y apóstol del Señor resucitado. ¿Quién da fuerza y elocuencia a este rudo pescador para hablar así? Afirma que él y otros han sido compañeros de Jesús de Nazaret, el Ungido por Dios con la fuerza del Espíritu, que pasó haciendo el bien. Sabe que tiene que dar testimonio de que Jesús es el Señor de la vida y de la historia. Se siente mensajero de la Buena Nueva. Anuncia que ellos han comido y bebido con Él después de resucitar, que les ha encargado predicar al pueblo, y que Dios le ha nombrado juez de vivos y muertos.</p>



<p>Así un día y otro día, predicando lo mismo, hablando sin cesar de Jesús, su Señor. Aquel hombre acobardado, que negó a Jesús en la noche triste de la Pasión, ha pasado a ser el evangelizador sin descanso, consciente de que se le ha dado una autoridad, más aún, una potestad, que le llevará hasta Roma, donde será capaz, inmolando su vida, de cambiar el corazón de los mismos Césares dueños del Imperio.</p>



<p>Todo empezó en el momento en que, acompañado de Juan, avisados por las mujeres, hallaron el sepulcro vacío y se llenaron para siempre de la experiencia de Cristo Resucitado. Días después, obedientes a la consigna dada por el mismo Jesús, reunidos en el cenáculo, recibieron la luz y el fuego de Pentecostés, que les marcó para siempre.</p>



<p>Las mujeres, María Magdalena y otras, cuando aún no había amanecido, fueron al sepulcro para ungir el cuerpo del Señor. Ya el Viernes Santo con sus manos llenas de ternura, habían volcado su cariño arreglando, limpiando y preparando el cuerpo muerto del Señor, lleno de sucio sudor, polvo y sangre.</p>



<p>Son valientes, decididas, sin temor a los soldados, ni a los judíos. Merecerían ser las primeras en recibir la gran noticia. Recibida la cual, María Magdalena vuelve rápida al lugar en que estaba Pedro y Juan para decirles que el Señor no está en el sepulcro. Ciertamente, para ella no existe nada fuera de Jesús: Él es el eje y el centro de su vida. Se le ha perdonado mucho, porque ha amado mucho.</p>



<p>El cristianismo tiene sentido y trascendencia según se admita o no la Resurrección de Cristo. No es un acontecimiento marginal de la fe, no es algo incorporado al cristianismo posteriormente, es el núcleo esencial de la fe cristiana. Pascua, como lo dice Karl Rahner, no es un acontecimiento del pasado, sino el comienzo de un acontecimiento, que está en marcha. La Resurrección de Cristo nos dice que la gloria ha comenzado ya. El futuro definitivo. Por eso los cristianos creemos que la historia y nuestra historia personal tienen un sentido propiamente victorioso sobre todas las oscuridades de la agonía y de la muerte. La historia de la humanidad ha llegado en su representante excelso, que es el Hijo del Hombre, en su Alfa y Omega, a su plenitud, a su eternidad. Ese principio del fin consumado se llama Jesús de Nazaret, que fue crucificado y resucitó.</p>

<p>Comentario a las lecturas del Domingo de Resurrección. ABC, 7 de abril de 1996. Como dice san Pablo, si Cristo no resucitó, vana es nuestra fe. Pero ha resucitado. Y con Él, triunfador de la muerte, ha comenzado la “nueva creación”. Cristo vive. Cristo es real hoy, en nuestra vida. Nos da paz y esperanza. [&hellip;]</p>
