{"id":1515,"date":"2024-09-30T23:18:45","date_gmt":"2024-09-30T21:18:45","guid":{"rendered":"https:\/\/www.cardenaldonmarcelo.es\/?post_type=docs&#038;p=1515"},"modified":"2024-09-30T23:18:46","modified_gmt":"2024-09-30T21:18:46","password":"","slug":"la-caritas-espanola-servicio-de-la-iglesia","status":"publish","type":"docs","link":"https:\/\/www.cardenaldonmarcelo.es\/index.php\/docs\/la-caritas-espanola-servicio-de-la-iglesia\/","title":{"rendered":"La C\u00e1ritas espa\u00f1ola, servicio de la Iglesia"},"content":{"rendered":"\n<p class=\"has-text-align-center\">Presentaci\u00f3n de la memoria anual de la \u201cCaridad de la Iglesia en Barcelona\u201d, 1967.<\/p>\n\n\n\n<p>He aqu\u00ed, una vez m\u00e1s, la Memoria de la \u201cCaridad de la Iglesia en Barcelona\u201d. La de ahora corresponde al a\u00f1o 1966. Hay cifras y datos abundantes para quienes quieran examinarlos con detenimiento y reflexi\u00f3n.<\/p>\n\n\n\n<p>Quisiera hacer constar tres cosas:<\/p>\n\n\n\n<p>Primera: Mi gratitud profunda y sincer\u00edsima a quienes colaboran en estos organismos de la Iglesia, la C\u00e1ritas diocesana, las parroquiales, las instituciones filiales y adheridas. A quienes organizan, promueven, dan de su tiempo y su dinero, ayudan con su trabajo y sus ideas; a todos, gracias en nombre del Se\u00f1or.<\/p>\n\n\n\n<p>Segunda: Un ruego encarecido y fervoroso: el de que en todas las parroquias de la Di\u00f3cesis se constituya la C\u00e1ritas con el adecuado sistema de organizaci\u00f3n y normas que regulan su vida, con socios suscriptores fijos, con programas de acci\u00f3n concretos y actuales, con una junta directiva viva y din\u00e1mica. Y que con la C\u00e1ritas parroquial en las parroquias y con la diocesana en la Di\u00f3cesis se coordinen y se unan, sin perder su personalidad, las dem\u00e1s instituciones de Caridad que trabajan en este campo.<\/p>\n\n\n\n<p>Tercera: Que se estudie, por parte de todos, con seriedad y eficacia, lo que es C\u00e1ritas como servicio de Iglesia a los hombres. Servicio de amor, de comuni\u00f3n, de hermandad, de af\u00e1n desinteresado y nobil\u00edsimo de ayuda de unos a otros en el sufrimiento y la desgracia. No s\u00f3lo para remediarlas, sino para prevenirlas. C\u00e1ritas es tambi\u00e9n promoci\u00f3n, elevaci\u00f3n del hombre y de las comunidades, creaci\u00f3n de ambiente y actitudes propicios para el fomento de todo cuanto puede contribuir a la evangelizaci\u00f3n, en el sentido m\u00e1s rigurosamente pastoral de la palabra. Si los sacerdotes y fieles lo entendi\u00e9ramos as\u00ed, podr\u00edamos prestar un inmenso servicio a la comunidad cristiana y humana de Barcelona.<\/p>\n\n\n\n<p>Julio, 1967<\/p>\n","protected":false},"excerpt":{"rendered":"<p>Presentaci\u00f3n de la memoria anual de la \u201cCaridad de la Iglesia en Barcelona\u201d, 1967. He aqu\u00ed, una vez m\u00e1s, la Memoria de la \u201cCaridad de la Iglesia en Barcelona\u201d. La de ahora corresponde al a\u00f1o 1966. Hay cifras y datos abundantes para quienes quieran examinarlos con detenimiento y reflexi\u00f3n. Quisiera hacer constar tres cosas: Primera: [&hellip;]<\/p>\n","protected":false},"author":1,"featured_media":0,"comment_status":"closed","ping_status":"closed","template":"","meta":{"saved_in_kubio":false,"_eb_attr":"","ngg_post_thumbnail":0,"footnotes":""},"doc_category":[75],"doc_tag":[],"class_list":["post-1515","docs","type-docs","status-publish","hentry","doc_category-prologos"],"year_month":"2026-04","word_count":329,"total_views":0,"reactions":{"happy":0,"normal":0,"sad":0},"author_info":{"name":"P. Webmaster","author_nicename":"currante","author_url":"https:\/\/www.cardenaldonmarcelo.es\/index.php\/author\/currante\/"},"doc_category_info":[{"term_name":"Pr\u00f3logos","term_url":"https:\/\/www.cardenaldonmarcelo.es\/index.php\/docs-category\/prologos\/"}],"doc_tag_info":[],"_links":{"self":[{"href":"https:\/\/www.cardenaldonmarcelo.es\/index.php\/wp-json\/wp\/v2\/docs\/1515","targetHints":{"allow":["GET"]}}],"collection":[{"href":"https:\/\/www.cardenaldonmarcelo.es\/index.php\/wp-json\/wp\/v2\/docs"}],"about":[{"href":"https:\/\/www.cardenaldonmarcelo.es\/index.php\/wp-json\/wp\/v2\/types\/docs"}],"author":[{"embeddable":true,"href":"https:\/\/www.cardenaldonmarcelo.es\/index.php\/wp-json\/wp\/v2\/users\/1"}],"replies":[{"embeddable":true,"href":"https:\/\/www.cardenaldonmarcelo.es\/index.php\/wp-json\/wp\/v2\/comments?post=1515"}],"version-history":[{"count":1,"href":"https:\/\/www.cardenaldonmarcelo.es\/index.php\/wp-json\/wp\/v2\/docs\/1515\/revisions"}],"predecessor-version":[{"id":1516,"href":"https:\/\/www.cardenaldonmarcelo.es\/index.php\/wp-json\/wp\/v2\/docs\/1515\/revisions\/1516"}],"wp:attachment":[{"href":"https:\/\/www.cardenaldonmarcelo.es\/index.php\/wp-json\/wp\/v2\/media?parent=1515"}],"wp:term":[{"taxonomy":"doc_category","embeddable":true,"href":"https:\/\/www.cardenaldonmarcelo.es\/index.php\/wp-json\/wp\/v2\/doc_category?post=1515"},{"taxonomy":"doc_tag","embeddable":true,"href":"https:\/\/www.cardenaldonmarcelo.es\/index.php\/wp-json\/wp\/v2\/doc_tag?post=1515"}],"curies":[{"name":"wp","href":"https:\/\/api.w.org\/{rel}","templated":true}]}}

La Cáritas española, servicio de la Iglesia

<p class="has-text-align-center">Presentación de la memoria anual de la “Caridad de la Iglesia en Barcelona”, 1967.</p>



<p>He aquí, una vez más, la Memoria de la “Caridad de la Iglesia en Barcelona”. La de ahora corresponde al año 1966. Hay cifras y datos abundantes para quienes quieran examinarlos con detenimiento y reflexión.</p>



<p>Quisiera hacer constar tres cosas:</p>



<p>Primera: Mi gratitud profunda y sincerísima a quienes colaboran en estos organismos de la Iglesia, la Cáritas diocesana, las parroquiales, las instituciones filiales y adheridas. A quienes organizan, promueven, dan de su tiempo y su dinero, ayudan con su trabajo y sus ideas; a todos, gracias en nombre del Señor.</p>



<p>Segunda: Un ruego encarecido y fervoroso: el de que en todas las parroquias de la Diócesis se constituya la Cáritas con el adecuado sistema de organización y normas que regulan su vida, con socios suscriptores fijos, con programas de acción concretos y actuales, con una junta directiva viva y dinámica. Y que con la Cáritas parroquial en las parroquias y con la diocesana en la Diócesis se coordinen y se unan, sin perder su personalidad, las demás instituciones de Caridad que trabajan en este campo.</p>



<p>Tercera: Que se estudie, por parte de todos, con seriedad y eficacia, lo que es Cáritas como servicio de Iglesia a los hombres. Servicio de amor, de comunión, de hermandad, de afán desinteresado y nobilísimo de ayuda de unos a otros en el sufrimiento y la desgracia. No sólo para remediarlas, sino para prevenirlas. Cáritas es también promoción, elevación del hombre y de las comunidades, creación de ambiente y actitudes propicios para el fomento de todo cuanto puede contribuir a la evangelización, en el sentido más rigurosamente pastoral de la palabra. Si los sacerdotes y fieles lo entendiéramos así, podríamos prestar un inmenso servicio a la comunidad cristiana y humana de Barcelona.</p>



<p>Julio, 1967</p>

<p>Presentación de la memoria anual de la “Caridad de la Iglesia en Barcelona”, 1967. He aquí, una vez más, la Memoria de la “Caridad de la Iglesia en Barcelona”. La de ahora corresponde al año 1966. Hay cifras y datos abundantes para quienes quieran examinarlos con detenimiento y reflexión. Quisiera hacer constar tres cosas: Primera: [&hellip;]</p>

Prólogos
