{"id":1507,"date":"2024-09-30T23:15:07","date_gmt":"2024-09-30T21:15:07","guid":{"rendered":"https:\/\/www.cardenaldonmarcelo.es\/?post_type=docs&#038;p=1507"},"modified":"2024-09-30T23:15:08","modified_gmt":"2024-09-30T21:15:08","password":"","slug":"el-concilio-iii-de-toledo","status":"publish","type":"docs","link":"https:\/\/www.cardenaldonmarcelo.es\/index.php\/docs\/el-concilio-iii-de-toledo\/","title":{"rendered":"El Concilio III de Toledo"},"content":{"rendered":"\n<p class=\"has-text-align-center has-small-font-size\">Pr\u00f3logo para la obra colectiva \u00abEl Concilio III de Toledo. Centenario 589-1989\u00bb, publicada con la colaboraci\u00f3n de Caja Toledo, 1991.<\/p>\n\n\n\n<p>Al celebrar este acontecimiento de la historia de la Iglesia y de Espa\u00f1a, el XIV Centenario del Concilio III de Toledo, queremos sumarnos espiritualmente y con gozo a aquella magna asamblea, que reuni\u00f3 en la Bas\u00edlica de Santa Mar\u00eda, en la capital del Reino visigodo, <em>Toletum,<\/em> a m\u00e1s de setenta obispos de Hispania y de la Galia Narbonense, y recitar con el mismo fervor el Credo de los Ap\u00f3stoles, y as\u00ed testimoniar a las generaciones presentes y futuras la firmeza inquebrantable de la fe de la Iglesia.<\/p>\n\n\n\n<p>Nuestra Iglesia de Espa\u00f1a, de origen apost\u00f3lico, en medio de avatares, persecuciones, herej\u00edas, etapas de florecimiento y momentos sujetos a actuaciones deficientes, como propias de la condici\u00f3n humana, se acerca al cumplimiento de su segundo milenio de vida; en este a\u00f1o 1989-1990, la Jerarqu\u00eda y el pueblo fiel han celebrado su fe; y conscientes de los momentos dif\u00edciles por que atraviesa nuestra sociedad, quieren asirse fuertemente a la roca, Pedro, para no sucumbir y para mirar con esperanza cristiana el a\u00f1o dos mil, que ha de ser como aquel 589 una primavera plet\u00f3rica de frutos, un nuevo Pentecost\u00e9s para la Iglesia y el mundo.<\/p>\n\n\n\n<p>En efecto, durante el a\u00f1o 1989-1990, hemos celebrado el XIV Centenario de este Concilio III de Toledo, que sin duda fue el m\u00e1s importante de los celebrados. En \u00e9l, el Rey Recaredo hizo p\u00fablica su abjuraci\u00f3n de la herej\u00eda arriana y su adhesi\u00f3n a la fe de la Iglesia, que hab\u00eda abrazado dos a\u00f1os antes; tras \u00e9l, la Reina Bado y varios obispos arrianos hicieron lo mismo, seguidos de los nobles visigodos.<\/p>\n\n\n\n<p>El pueblo hispano-romano hab\u00eda acogido ya el Evangelio \u00edntegro y en su inmensa mayor\u00eda era cat\u00f3lico. Este pueblo de temple martirial, formado y animado por sus obispos, cuyos nombres nos son conocidos, evangeliz\u00f3 al pueblo visigodo que ostentaba el poder, y logr\u00f3, no sin sacrificios y trabajos, este prodigio de la conversi\u00f3n de los visigodos y de la unidad de todos en la verdadera fe cat\u00f3lica.<\/p>\n\n\n\n<p>No fueron vanos los sufrimientos heroicos de aquellos m\u00e1rtires de Tarraco en el a\u00f1o 259, Fructuoso, Augurio, Eulogio; ni los de Marcelo, centuri\u00f3n que sufri\u00f3 un doble proceso en el a\u00f1o 289, que concluy\u00f3 con su decapitaci\u00f3n. En H\u00edspalis (Sevilla), las vendedoras de cer\u00e1mica Justa y Rufina fueron torturadas con garfios por orden de Diogeniano, al no querer dar culto a Salamb\u00f3, un \u00eddolo pagano. El di\u00e1cono Vicente, v\u00edctima de la persecuci\u00f3n de Daciano, es de los m\u00e1s populares en la Tarraconense, como lo es tambi\u00e9n el di\u00e1cono de la Iglesia romana, Lorenzo, que probablemente naci\u00f3 en Osca. Justo y Pastor, a\u00fan ni\u00f1os, merecen por su fe y amor a Cristo la palma del martirio en Complutum, en los a\u00f1os de Daciano. Eulalia, de M\u00e9rida y de Barcelona, y los innumerables m\u00e1rtires de Zaragoza. En el siglo IV, ya despu\u00e9s del Edicto de Mil\u00e1n, Hispania sigue dando testigos cualificados de su fe: D\u00e1maso, Paciano, Gregorio de Elvira. M\u00e1rtires, confesores, v\u00edrgenes, y tambi\u00e9n ascetas, eremitas y monjes, como F\u00e9lix y Mill\u00e1n de la Cogolla, son s\u00f3lo una muestra de la vitalidad de la Iglesia en aquellos primeros siglos. Y m\u00e1s pr\u00f3ximo al acontecimiento conmemorado, Hermenegildo, el propio hijo del rey Leovigildo, tambi\u00e9n m\u00e1rtir de la fe cat\u00f3lica, a juicio de muchos investigadores.<\/p>\n\n\n\n<p>Esa incontable legi\u00f3n de confesores, m\u00e1rtires, v\u00edrgenes y ascetas fueron los art\u00edfices de esa conversi\u00f3n del pueblo visigodo; fueron tierra fecunda, en que pudieron engendrarse hombres de talla universal como Leandro, Isidoro, Eugenio, Braulio, Ildefonso, Juli\u00e1n y los miles de cristianos moz\u00e1rabes en los casi ochocientos a\u00f1os de Reconquista. Posteriormente, y ya de forma ininterrumpida, incontables han sido los hombres y mujeres que, con su vida y obra, han dado testimonio de la verdad de Cristo y de la Iglesia.<\/p>\n\n\n\n<p>Por ello, cuanto m\u00e1s nos alejamos en el tiempo, rememorando hechos pr\u00f3ximos a la Encarnaci\u00f3n de Cristo y primeros siglos cristianos, clave de la historia de la humanidad y de cada hombre, nos sentimos rejuvenecer, al poder beber aguas m\u00e1s limpias y refrigerantes; y nos parece que es aqu\u00ed, en la frescura de la primitiva Iglesia, donde encontramos la savia vivificante para nuestra sociedad de hoy y de siempre.<\/p>\n\n\n\n<p>Unas palabras para presentar someramente el contenido del libro y as\u00ed orientar al lector sobre las diversas partes que lo componen:<\/p>\n\n\n\n<ol class=\"wp-block-list\">\n<li>En primer lugar, va el texto cr\u00edtico del Concilio III de Toledo; trabajo muy insigne y muy logrado del P. F\u00e9lix Rodr\u00edguez, S.I., profesor de la Facultad de teolog\u00eda de Burgos.<\/li>\n\n\n\n<li>Los documentos episcopales constituyen la segunda parte del libro. El Santo Padre Juan Pablo II fue el primero y m\u00e1s interesado en esta celebraci\u00f3n. La Comisi\u00f3n Permanente del Episcopado y varios prelados han hablado o escrito sobre el tema, y hemos querido recoger estos valiosos documentos, aunque es posible que no todos.<\/li>\n\n\n\n<li>A) La cr\u00f3nica de los actos conmemorativos, realizados durante el a\u00f1o 1989 y 1990, que va en tercer lugar, nos ofrece una visi\u00f3n panor\u00e1mica del alcance de esta conmemoraci\u00f3n.<\/li>\n<\/ol>\n\n\n\n<p>B) Se incluyen art\u00edculos de fondo aparecidos en prensa, que por s\u00ed mismos podr\u00edan constituir otro apartado.<\/p>\n\n\n\n<ol start=\"4\" class=\"wp-block-list\">\n<li>La parte m\u00e1s voluminosa del libro es la cuarta: la dedicada al Congreso Internacional celebrado en Toledo desde el 10 al 14 de mayo del a\u00f1o 1989. En el Congreso participaron los profesores e investigadores m\u00e1s entendido en la materia, de las universidades del mundo entero, y tambi\u00e9n j\u00f3venes profesores, que ofrecieron comunicaciones muy valiosas. Una nota de particular inter\u00e9s para todos fue la numerosa participaci\u00f3n de profesores j\u00f3venes y de alumnos universitarios de la Facultades de Historia, Derecho y Filolog\u00eda Latina.<\/li>\n<\/ol>\n\n\n\n<p>Con el deseo de que este acontecimiento, la celebraci\u00f3n del XIV Centenario del Concilio III de Toledo, sirva para entroncar una vez m\u00e1s con el fervor del cristianismo primitivo, que nos engendr\u00f3 y educ\u00f3 en la fe, hemos abordado los diversos actos de este a\u00f1o y la edici\u00f3n del libro. Pido a Dios que \u00e9ste contribuya a la tarea que a todos nos urge, la nueva evangelizaci\u00f3n de Europa, de Am\u00e9rica y del mundo. Nueva en sus evangelizadores, nueva en su fervor, en sus m\u00e9todos y formas, como quiere el Santo Padre; nueva y original como lo fue aquella primera evangelizaci\u00f3n, que dio tan espl\u00e9ndidos frutos.<\/p>\n\n\n\n<p>Con mi Bendici\u00f3n apost\u00f3lica.<\/p>\n\n\n\n<p>En Toledo,<br>festividad de san Pedro y san Pablo de 1991.<\/p>\n","protected":false},"excerpt":{"rendered":"<p>Pr\u00f3logo para la obra colectiva \u00abEl Concilio III de Toledo. Centenario 589-1989\u00bb, publicada con la colaboraci\u00f3n de Caja Toledo, 1991. Al celebrar este acontecimiento de la historia de la Iglesia y de Espa\u00f1a, el XIV Centenario del Concilio III de Toledo, queremos sumarnos espiritualmente y con gozo a aquella magna asamblea, que reuni\u00f3 en la [&hellip;]<\/p>\n","protected":false},"author":1,"featured_media":0,"comment_status":"closed","ping_status":"closed","template":"","meta":{"saved_in_kubio":false,"_eb_attr":"","ngg_post_thumbnail":0,"footnotes":""},"doc_category":[75,69],"doc_tag":[],"class_list":["post-1507","docs","type-docs","status-publish","hentry","doc_category-prologos","doc_category-tercer-concilio-de-toledo"],"year_month":"2026-05","word_count":1161,"total_views":0,"reactions":{"happy":0,"normal":0,"sad":0},"author_info":{"name":"P. Webmaster","author_nicename":"currante","author_url":"https:\/\/www.cardenaldonmarcelo.es\/index.php\/author\/currante\/"},"doc_category_info":[{"term_name":"Pr\u00f3logos","term_url":"https:\/\/www.cardenaldonmarcelo.es\/index.php\/docs-category\/prologos\/"},{"term_name":"Tercer concilio de Toledo","term_url":"https:\/\/www.cardenaldonmarcelo.es\/index.php\/docs-category\/tercer-concilio-de-toledo\/"}],"doc_tag_info":[],"_links":{"self":[{"href":"https:\/\/www.cardenaldonmarcelo.es\/index.php\/wp-json\/wp\/v2\/docs\/1507","targetHints":{"allow":["GET"]}}],"collection":[{"href":"https:\/\/www.cardenaldonmarcelo.es\/index.php\/wp-json\/wp\/v2\/docs"}],"about":[{"href":"https:\/\/www.cardenaldonmarcelo.es\/index.php\/wp-json\/wp\/v2\/types\/docs"}],"author":[{"embeddable":true,"href":"https:\/\/www.cardenaldonmarcelo.es\/index.php\/wp-json\/wp\/v2\/users\/1"}],"replies":[{"embeddable":true,"href":"https:\/\/www.cardenaldonmarcelo.es\/index.php\/wp-json\/wp\/v2\/comments?post=1507"}],"version-history":[{"count":1,"href":"https:\/\/www.cardenaldonmarcelo.es\/index.php\/wp-json\/wp\/v2\/docs\/1507\/revisions"}],"predecessor-version":[{"id":1508,"href":"https:\/\/www.cardenaldonmarcelo.es\/index.php\/wp-json\/wp\/v2\/docs\/1507\/revisions\/1508"}],"wp:attachment":[{"href":"https:\/\/www.cardenaldonmarcelo.es\/index.php\/wp-json\/wp\/v2\/media?parent=1507"}],"wp:term":[{"taxonomy":"doc_category","embeddable":true,"href":"https:\/\/www.cardenaldonmarcelo.es\/index.php\/wp-json\/wp\/v2\/doc_category?post=1507"},{"taxonomy":"doc_tag","embeddable":true,"href":"https:\/\/www.cardenaldonmarcelo.es\/index.php\/wp-json\/wp\/v2\/doc_tag?post=1507"}],"curies":[{"name":"wp","href":"https:\/\/api.w.org\/{rel}","templated":true}]}}

<p class="has-text-align-center has-small-font-size">Prólogo para la obra colectiva «El Concilio III de Toledo. Centenario 589-1989», publicada con la colaboración de Caja Toledo, 1991.</p>



<p>Al celebrar este acontecimiento de la historia de la Iglesia y de España, el XIV Centenario del Concilio III de Toledo, queremos sumarnos espiritualmente y con gozo a aquella magna asamblea, que reunió en la Basílica de Santa María, en la capital del Reino visigodo, <em>Toletum,</em> a más de setenta obispos de Hispania y de la Galia Narbonense, y recitar con el mismo fervor el Credo de los Apóstoles, y así testimoniar a las generaciones presentes y futuras la firmeza inquebrantable de la fe de la Iglesia.</p>



<p>Nuestra Iglesia de España, de origen apostólico, en medio de avatares, persecuciones, herejías, etapas de florecimiento y momentos sujetos a actuaciones deficientes, como propias de la condición humana, se acerca al cumplimiento de su segundo milenio de vida; en este año 1989-1990, la Jerarquía y el pueblo fiel han celebrado su fe; y conscientes de los momentos difíciles por que atraviesa nuestra sociedad, quieren asirse fuertemente a la roca, Pedro, para no sucumbir y para mirar con esperanza cristiana el año dos mil, que ha de ser como aquel 589 una primavera pletórica de frutos, un nuevo Pentecostés para la Iglesia y el mundo.</p>



<p>En efecto, durante el año 1989-1990, hemos celebrado el XIV Centenario de este Concilio III de Toledo, que sin duda fue el más importante de los celebrados. En él, el Rey Recaredo hizo pública su abjuración de la herejía arriana y su adhesión a la fe de la Iglesia, que había abrazado dos años antes; tras él, la Reina Bado y varios obispos arrianos hicieron lo mismo, seguidos de los nobles visigodos.</p>



<p>El pueblo hispano-romano había acogido ya el Evangelio íntegro y en su inmensa mayoría era católico. Este pueblo de temple martirial, formado y animado por sus obispos, cuyos nombres nos son conocidos, evangelizó al pueblo visigodo que ostentaba el poder, y logró, no sin sacrificios y trabajos, este prodigio de la conversión de los visigodos y de la unidad de todos en la verdadera fe católica.</p>



<p>No fueron vanos los sufrimientos heroicos de aquellos mártires de Tarraco en el año 259, Fructuoso, Augurio, Eulogio; ni los de Marcelo, centurión que sufrió un doble proceso en el año 289, que concluyó con su decapitación. En Híspalis (Sevilla), las vendedoras de cerámica Justa y Rufina fueron torturadas con garfios por orden de Diogeniano, al no querer dar culto a Salambó, un ídolo pagano. El diácono Vicente, víctima de la persecución de Daciano, es de los más populares en la Tarraconense, como lo es también el diácono de la Iglesia romana, Lorenzo, que probablemente nació en Osca. Justo y Pastor, aún niños, merecen por su fe y amor a Cristo la palma del martirio en Complutum, en los años de Daciano. Eulalia, de Mérida y de Barcelona, y los innumerables mártires de Zaragoza. En el siglo IV, ya después del Edicto de Milán, Hispania sigue dando testigos cualificados de su fe: Dámaso, Paciano, Gregorio de Elvira. Mártires, confesores, vírgenes, y también ascetas, eremitas y monjes, como Félix y Millán de la Cogolla, son sólo una muestra de la vitalidad de la Iglesia en aquellos primeros siglos. Y más próximo al acontecimiento conmemorado, Hermenegildo, el propio hijo del rey Leovigildo, también mártir de la fe católica, a juicio de muchos investigadores.</p>



<p>Esa incontable legión de confesores, mártires, vírgenes y ascetas fueron los artífices de esa conversión del pueblo visigodo; fueron tierra fecunda, en que pudieron engendrarse hombres de talla universal como Leandro, Isidoro, Eugenio, Braulio, Ildefonso, Julián y los miles de cristianos mozárabes en los casi ochocientos años de Reconquista. Posteriormente, y ya de forma ininterrumpida, incontables han sido los hombres y mujeres que, con su vida y obra, han dado testimonio de la verdad de Cristo y de la Iglesia.</p>



<p>Por ello, cuanto más nos alejamos en el tiempo, rememorando hechos próximos a la Encarnación de Cristo y primeros siglos cristianos, clave de la historia de la humanidad y de cada hombre, nos sentimos rejuvenecer, al poder beber aguas más limpias y refrigerantes; y nos parece que es aquí, en la frescura de la primitiva Iglesia, donde encontramos la savia vivificante para nuestra sociedad de hoy y de siempre.</p>



<p>Unas palabras para presentar someramente el contenido del libro y así orientar al lector sobre las diversas partes que lo componen:</p>



<ol class="wp-block-list">
<li>En primer lugar, va el texto crítico del Concilio III de Toledo; trabajo muy insigne y muy logrado del P. Félix Rodríguez, S.I., profesor de la Facultad de teología de Burgos.</li>



<li>Los documentos episcopales constituyen la segunda parte del libro. El Santo Padre Juan Pablo II fue el primero y más interesado en esta celebración. La Comisión Permanente del Episcopado y varios prelados han hablado o escrito sobre el tema, y hemos querido recoger estos valiosos documentos, aunque es posible que no todos.</li>



<li>A) La crónica de los actos conmemorativos, realizados durante el año 1989 y 1990, que va en tercer lugar, nos ofrece una visión panorámica del alcance de esta conmemoración.</li>
</ol>



<p>B) Se incluyen artículos de fondo aparecidos en prensa, que por sí mismos podrían constituir otro apartado.</p>



<ol start="4" class="wp-block-list">
<li>La parte más voluminosa del libro es la cuarta: la dedicada al Congreso Internacional celebrado en Toledo desde el 10 al 14 de mayo del año 1989. En el Congreso participaron los profesores e investigadores más entendido en la materia, de las universidades del mundo entero, y también jóvenes profesores, que ofrecieron comunicaciones muy valiosas. Una nota de particular interés para todos fue la numerosa participación de profesores jóvenes y de alumnos universitarios de la Facultades de Historia, Derecho y Filología Latina.</li>
</ol>



<p>Con el deseo de que este acontecimiento, la celebración del XIV Centenario del Concilio III de Toledo, sirva para entroncar una vez más con el fervor del cristianismo primitivo, que nos engendró y educó en la fe, hemos abordado los diversos actos de este año y la edición del libro. Pido a Dios que éste contribuya a la tarea que a todos nos urge, la nueva evangelización de Europa, de América y del mundo. Nueva en sus evangelizadores, nueva en su fervor, en sus métodos y formas, como quiere el Santo Padre; nueva y original como lo fue aquella primera evangelización, que dio tan espléndidos frutos.</p>



<p>Con mi Bendición apostólica.</p>



<p>En Toledo,<br>festividad de san Pedro y san Pablo de 1991.</p>

<p>Prólogo para la obra colectiva «El Concilio III de Toledo. Centenario 589-1989», publicada con la colaboración de Caja Toledo, 1991. Al celebrar este acontecimiento de la historia de la Iglesia y de España, el XIV Centenario del Concilio III de Toledo, queremos sumarnos espiritualmente y con gozo a aquella magna asamblea, que reunió en la [&hellip;]</p>

Prólogos
