{"id":1470,"date":"2024-09-30T23:01:00","date_gmt":"2024-09-30T21:01:00","guid":{"rendered":"https:\/\/www.cardenaldonmarcelo.es\/?post_type=docs&#038;p=1470"},"modified":"2024-09-30T23:01:01","modified_gmt":"2024-09-30T21:01:01","password":"","slug":"enrique-de-osso-catequista","status":"publish","type":"docs","link":"https:\/\/www.cardenaldonmarcelo.es\/index.php\/docs\/enrique-de-osso-catequista\/","title":{"rendered":"Enrique de Oss\u00f3, catequista"},"content":{"rendered":"\n<p>Pr\u00f3logo para el libro de \u00c1ngel Rubio Castro titulado \u00abPensamiento y obra catequ\u00e9tica de Enrique de Oss\u00f3\u00bb, 1992.<\/p>\n\n\n\n<p>Han pasado ya muchos a\u00f1os desde que, en los de mi juventud sacerdotal, pude estudiar la figura del Beato Enrique de Oss\u00f3, fundador de la Compa\u00f1\u00eda de Santa Teresa de Jes\u00fas. La estudi\u00e9; y escrib\u00ed su biograf\u00eda en un libro que titul\u00e9 <em>Don Enrique de Oss\u00f3 o la fuerza del sacerdocio<\/em>.<\/p>\n\n\n\n<p>Queriendo ser expresivo, pienso hoy que generalizaba demasiado al emplear t\u00e9rminos que igual pueden ser aplicados a cualquier sacerdote, que se distinga en una determinada actividad, como \u00e9l se distingui\u00f3 en los trabajos apost\u00f3licos que supo realizar.<\/p>\n\n\n\n<p>Quer\u00eda yo indicar que el sacerdocio intensamente vivido, en un hombre bien dotado por la naturaleza y por la gracia para el apostolado activo, tiene tal fuerza de expansi\u00f3n y abarca tanto, que impulsa a quien lo ha recibido a trabajar en los m\u00e1s diversos campos, porque todo le parece poco para su af\u00e1n evangelizador.<\/p>\n\n\n\n<p>Esto es lo que hizo el Beato Oss\u00f3, que fue a la vez escritor, organizador, fundador de asociaciones y de una congregaci\u00f3n religiosa como la Compa\u00f1\u00eda de Santa Teresa de Jes\u00fas, predicador, director de almas&#8230; y en todo se distingui\u00f3 y brill\u00f3 con luz propia y espl\u00e9ndida.<\/p>\n\n\n\n<p>Andando el tiempo, en la homil\u00eda pronunciada por el Papa Juan Pablo II en la misa de su beatificaci\u00f3n, le llam\u00f3 <em>catequista genial<\/em>. Con este t\u00edtulo se pod\u00eda escribir un libro, que permitiera fijar la mirada en un aspecto concreto de su vida, y penetrar profundamente en su alma para conocer bien al menos una de las muy ricas cualidades de que estuvo dotado.<\/p>\n\n\n\n<p>Este libro se ha escrito ya y lo tiene el lector en sus manos. El t\u00edtulo no es exactamente el que emple\u00f3 el Papa, sino este otro: <em>Obra y pensamiento catequ\u00e9tico de Enrique de Oss\u00f3 en su Gu\u00eda pr\u00e1ctica del catequista,<\/em> por el Dr. D. \u00c1ngel Rubio Castro, sacerdote de la Di\u00f3cesis de Toledo. Enseguida puede apreciarse que se trata de un estudio serio y riguroso sobre una obra del Beato Oss\u00f3, la Gu\u00eda pr\u00e1ctica del Catequista, con reflexiones adicionales sobre otros escritos suyos. Es una tesis doctoral, a mi juicio, oportun\u00edsima, porque se investiga algo, que no se hab\u00eda estudiado a fondo, porque es muy de actualidad, ahora que florece como nunca el inter\u00e9s por la catequesis, conocer una figura sobresaliente de nuestra Iglesia en el \u00faltimo siglo; y porque no se trata solamente de un te\u00f3rico, sino de un organizador pr\u00e1ctico de las catequesis en su ciudad natal, Tortosa, en una \u00e9poca en que se apreciaban las duras dificultades de un ambiente adverso, que penetraba en los hogares y pod\u00eda causar un da\u00f1o irreparable en los ni\u00f1os y juventud de aquella zona.<\/p>\n\n\n\n<p>El Beato Oss\u00f3 medit\u00f3, escribi\u00f3 y luch\u00f3. He tenido la suerte de conocer de cerca a otro catequista genial, que hizo lo mismo, escribir y actuar. Me refiero a D. Daniel Llorente, a quien pude tratar en mi ciudad, que era la suya, Valladolid. Todav\u00eda hoy se habla con admiraci\u00f3n rendida de las catequesis de la Parroquia de San Miguel, en que D. Daniel puso en pr\u00e1ctica con maestr\u00eda insuperable lo que hab\u00eda escrito en sus libros de pedagog\u00eda catequ\u00edstica.<\/p>\n\n\n\n<p>Don \u00c1ngel Rubio es tambi\u00e9n un maestro de la catequesis te\u00f3rica y pr\u00e1ctica. Lleva casi 20 a\u00f1os trabajando incansablemente en este apostolado en nuestra Di\u00f3cesis de Toledo. Ha recorrido sin cesar los territorios de la ampl\u00edsima Di\u00f3cesis Primada para animar y estimular a sacerdotes y seglares; y ha logrado fundar m\u00e1s de cincuenta escuelas de catequistas, en que, tras los estudios realizados durante tres a\u00f1os, salen anualmente promociones de j\u00f3venes, que colaboran ejemplarmente con los sacerdotes en todas las parroquias.<\/p>\n\n\n\n<p>El libro que aqu\u00ed estudia nuestro autor, con el rigor anal\u00edtico propio de estos trabajos, es una aut\u00e9ntica joya. Cuando fue escrito, no exist\u00eda nada parecido en lengua espa\u00f1ola. La catequesis, su fundamento b\u00edblico y magisterial, la referencia ilustrativa a los grandes catequistas y a los principales catecismos conocidos, el contenido de la catequesis, los m\u00e9todos que se pueden y deben seguir, la manera de tratar a los ni\u00f1os, y m\u00e1s que nada las cualidades y formaci\u00f3n de los catequistas, para que su labor sea fecunda y fructuosa, etc., son cap\u00edtulos de la obra de Oss\u00f3, de los que el autor recoge y presenta las principales afirmaciones, que se leen con parecido deleite al que produce la lectura de la obra original. Y es que el Beato Oss\u00f3, aun en un libro como \u00e9ste de la <em>Gu\u00eda pr\u00e1ctica<\/em>, fundamentalmente did\u00e1ctico, no sabe, no puede prescindir del calor que se percibe en todos sus escritos. Es catequista siempre, aun cuando est\u00e9 hablando de c\u00f3mo debe ser la catequesis. Su pluma transmite siempre los latidos de un coraz\u00f3n lleno de unci\u00f3n y de amor. Aun cuando escriba cartas \u2013tantas y tantas como escribi\u00f3\u2013 se perciben las mismas vibraciones: ruega, exhorta, impulsa, anima, da la impresi\u00f3n de que todo tiene que ser f\u00e1cil, si se hace lo que dice o lo que pide.<\/p>\n\n\n\n<p>Felicito cordialmente a D. \u00c1ngel Rubio por el trabajo que ha realizado en medio de tan intensas y a veces agobiantes tareas, como las que pesan sobre \u00e9l en su cargo de Vicario Episcopal de Ense\u00f1anza y Catequesis. No solamente ha escrito y defendido con \u00e9xito una muy notable tesis doctoral, sino que ha dado un ejemplo elocuente de ardorosa dedicaci\u00f3n al ministerio pastoral, que se le ha confiado; ha procurado siempre perfeccionarse a s\u00ed mismo y ha movido a muchos sacerdotes y seglares catequistas a encontrar en su labor ese gozo inefable, que se siente al ver c\u00f3mo los ni\u00f1os y los j\u00f3venes se acercan al Se\u00f1or Jes\u00fas, le conocen y le aman.<\/p>\n\n\n\n<p>Toledo, diciembre 1991<\/p>\n","protected":false},"excerpt":{"rendered":"<p>Pr\u00f3logo para el libro de \u00c1ngel Rubio Castro titulado \u00abPensamiento y obra catequ\u00e9tica de Enrique de Oss\u00f3\u00bb, 1992. Han pasado ya muchos a\u00f1os desde que, en los de mi juventud sacerdotal, pude estudiar la figura del Beato Enrique de Oss\u00f3, fundador de la Compa\u00f1\u00eda de Santa Teresa de Jes\u00fas. La estudi\u00e9; y escrib\u00ed su biograf\u00eda [&hellip;]<\/p>\n","protected":false},"author":1,"featured_media":0,"comment_status":"closed","ping_status":"closed","template":"","meta":{"saved_in_kubio":false,"_eb_attr":"","ngg_post_thumbnail":0,"footnotes":""},"doc_category":[68,75],"doc_tag":[],"class_list":["post-1470","docs","type-docs","status-publish","hentry","doc_category-predicacion-escritos-y-conferencias-sobre-los-santos","doc_category-prologos"],"year_month":"2026-04","word_count":1027,"total_views":0,"reactions":{"happy":0,"normal":0,"sad":0},"author_info":{"name":"P. Webmaster","author_nicename":"currante","author_url":"https:\/\/www.cardenaldonmarcelo.es\/index.php\/author\/currante\/"},"doc_category_info":[{"term_name":"Predicaci\u00f3n, escritos y conferencias sobre los santos y otras figuras de la Iglesia","term_url":"https:\/\/www.cardenaldonmarcelo.es\/index.php\/docs-category\/predicacion-escritos-y-conferencias-sobre-los-santos\/"},{"term_name":"Pr\u00f3logos","term_url":"https:\/\/www.cardenaldonmarcelo.es\/index.php\/docs-category\/prologos\/"}],"doc_tag_info":[],"_links":{"self":[{"href":"https:\/\/www.cardenaldonmarcelo.es\/index.php\/wp-json\/wp\/v2\/docs\/1470","targetHints":{"allow":["GET"]}}],"collection":[{"href":"https:\/\/www.cardenaldonmarcelo.es\/index.php\/wp-json\/wp\/v2\/docs"}],"about":[{"href":"https:\/\/www.cardenaldonmarcelo.es\/index.php\/wp-json\/wp\/v2\/types\/docs"}],"author":[{"embeddable":true,"href":"https:\/\/www.cardenaldonmarcelo.es\/index.php\/wp-json\/wp\/v2\/users\/1"}],"replies":[{"embeddable":true,"href":"https:\/\/www.cardenaldonmarcelo.es\/index.php\/wp-json\/wp\/v2\/comments?post=1470"}],"version-history":[{"count":1,"href":"https:\/\/www.cardenaldonmarcelo.es\/index.php\/wp-json\/wp\/v2\/docs\/1470\/revisions"}],"predecessor-version":[{"id":1471,"href":"https:\/\/www.cardenaldonmarcelo.es\/index.php\/wp-json\/wp\/v2\/docs\/1470\/revisions\/1471"}],"wp:attachment":[{"href":"https:\/\/www.cardenaldonmarcelo.es\/index.php\/wp-json\/wp\/v2\/media?parent=1470"}],"wp:term":[{"taxonomy":"doc_category","embeddable":true,"href":"https:\/\/www.cardenaldonmarcelo.es\/index.php\/wp-json\/wp\/v2\/doc_category?post=1470"},{"taxonomy":"doc_tag","embeddable":true,"href":"https:\/\/www.cardenaldonmarcelo.es\/index.php\/wp-json\/wp\/v2\/doc_tag?post=1470"}],"curies":[{"name":"wp","href":"https:\/\/api.w.org\/{rel}","templated":true}]}}

Enrique de Ossó, catequista

<p>Prólogo para el libro de Ángel Rubio Castro titulado «Pensamiento y obra catequética de Enrique de Ossó», 1992.</p>



<p>Han pasado ya muchos años desde que, en los de mi juventud sacerdotal, pude estudiar la figura del Beato Enrique de Ossó, fundador de la Compañía de Santa Teresa de Jesús. La estudié; y escribí su biografía en un libro que titulé <em>Don Enrique de Ossó o la fuerza del sacerdocio</em>.</p>



<p>Queriendo ser expresivo, pienso hoy que generalizaba demasiado al emplear términos que igual pueden ser aplicados a cualquier sacerdote, que se distinga en una determinada actividad, como él se distinguió en los trabajos apostólicos que supo realizar.</p>



<p>Quería yo indicar que el sacerdocio intensamente vivido, en un hombre bien dotado por la naturaleza y por la gracia para el apostolado activo, tiene tal fuerza de expansión y abarca tanto, que impulsa a quien lo ha recibido a trabajar en los más diversos campos, porque todo le parece poco para su afán evangelizador.</p>



<p>Esto es lo que hizo el Beato Ossó, que fue a la vez escritor, organizador, fundador de asociaciones y de una congregación religiosa como la Compañía de Santa Teresa de Jesús, predicador, director de almas&#8230; y en todo se distinguió y brilló con luz propia y espléndida.</p>



<p>Andando el tiempo, en la homilía pronunciada por el Papa Juan Pablo II en la misa de su beatificación, le llamó <em>catequista genial</em>. Con este título se podía escribir un libro, que permitiera fijar la mirada en un aspecto concreto de su vida, y penetrar profundamente en su alma para conocer bien al menos una de las muy ricas cualidades de que estuvo dotado.</p>



<p>Este libro se ha escrito ya y lo tiene el lector en sus manos. El título no es exactamente el que empleó el Papa, sino este otro: <em>Obra y pensamiento catequético de Enrique de Ossó en su Guía práctica del catequista,</em> por el Dr. D. Ángel Rubio Castro, sacerdote de la Diócesis de Toledo. Enseguida puede apreciarse que se trata de un estudio serio y riguroso sobre una obra del Beato Ossó, la Guía práctica del Catequista, con reflexiones adicionales sobre otros escritos suyos. Es una tesis doctoral, a mi juicio, oportunísima, porque se investiga algo, que no se había estudiado a fondo, porque es muy de actualidad, ahora que florece como nunca el interés por la catequesis, conocer una figura sobresaliente de nuestra Iglesia en el último siglo; y porque no se trata solamente de un teórico, sino de un organizador práctico de las catequesis en su ciudad natal, Tortosa, en una época en que se apreciaban las duras dificultades de un ambiente adverso, que penetraba en los hogares y podía causar un daño irreparable en los niños y juventud de aquella zona.</p>



<p>El Beato Ossó meditó, escribió y luchó. He tenido la suerte de conocer de cerca a otro catequista genial, que hizo lo mismo, escribir y actuar. Me refiero a D. Daniel Llorente, a quien pude tratar en mi ciudad, que era la suya, Valladolid. Todavía hoy se habla con admiración rendida de las catequesis de la Parroquia de San Miguel, en que D. Daniel puso en práctica con maestría insuperable lo que había escrito en sus libros de pedagogía catequística.</p>



<p>Don Ángel Rubio es también un maestro de la catequesis teórica y práctica. Lleva casi 20 años trabajando incansablemente en este apostolado en nuestra Diócesis de Toledo. Ha recorrido sin cesar los territorios de la amplísima Diócesis Primada para animar y estimular a sacerdotes y seglares; y ha logrado fundar más de cincuenta escuelas de catequistas, en que, tras los estudios realizados durante tres años, salen anualmente promociones de jóvenes, que colaboran ejemplarmente con los sacerdotes en todas las parroquias.</p>



<p>El libro que aquí estudia nuestro autor, con el rigor analítico propio de estos trabajos, es una auténtica joya. Cuando fue escrito, no existía nada parecido en lengua española. La catequesis, su fundamento bíblico y magisterial, la referencia ilustrativa a los grandes catequistas y a los principales catecismos conocidos, el contenido de la catequesis, los métodos que se pueden y deben seguir, la manera de tratar a los niños, y más que nada las cualidades y formación de los catequistas, para que su labor sea fecunda y fructuosa, etc., son capítulos de la obra de Ossó, de los que el autor recoge y presenta las principales afirmaciones, que se leen con parecido deleite al que produce la lectura de la obra original. Y es que el Beato Ossó, aun en un libro como éste de la <em>Guía práctica</em>, fundamentalmente didáctico, no sabe, no puede prescindir del calor que se percibe en todos sus escritos. Es catequista siempre, aun cuando esté hablando de cómo debe ser la catequesis. Su pluma transmite siempre los latidos de un corazón lleno de unción y de amor. Aun cuando escriba cartas –tantas y tantas como escribió– se perciben las mismas vibraciones: ruega, exhorta, impulsa, anima, da la impresión de que todo tiene que ser fácil, si se hace lo que dice o lo que pide.</p>



<p>Felicito cordialmente a D. Ángel Rubio por el trabajo que ha realizado en medio de tan intensas y a veces agobiantes tareas, como las que pesan sobre él en su cargo de Vicario Episcopal de Enseñanza y Catequesis. No solamente ha escrito y defendido con éxito una muy notable tesis doctoral, sino que ha dado un ejemplo elocuente de ardorosa dedicación al ministerio pastoral, que se le ha confiado; ha procurado siempre perfeccionarse a sí mismo y ha movido a muchos sacerdotes y seglares catequistas a encontrar en su labor ese gozo inefable, que se siente al ver cómo los niños y los jóvenes se acercan al Señor Jesús, le conocen y le aman.</p>



<p>Toledo, diciembre 1991</p>

<p>Prólogo para el libro de Ángel Rubio Castro titulado «Pensamiento y obra catequética de Enrique de Ossó», 1992. Han pasado ya muchos años desde que, en los de mi juventud sacerdotal, pude estudiar la figura del Beato Enrique de Ossó, fundador de la Compañía de Santa Teresa de Jesús. La estudié; y escribí su biografía [&hellip;]</p>

Predicación, escritos y conferencias sobre los santos y otras figuras de la Iglesia

Prólogos
