{"id":1448,"date":"2024-09-30T22:53:36","date_gmt":"2024-09-30T20:53:36","guid":{"rendered":"https:\/\/www.cardenaldonmarcelo.es\/?post_type=docs&#038;p=1448"},"modified":"2024-09-30T22:53:37","modified_gmt":"2024-09-30T20:53:37","password":"","slug":"san-jose","status":"publish","type":"docs","link":"https:\/\/www.cardenaldonmarcelo.es\/index.php\/docs\/san-jose\/","title":{"rendered":"San Jos\u00e9"},"content":{"rendered":"\n<p class=\"has-text-align-center has-small-font-size\">Pr\u00f3logo al libro \u00abSan Jos\u00e9, del gremio de la madera\u00bb, publicado por Esteban Carro Celada y Rafael Palmero Ramos, 1972.<\/p>\n\n\n\n<p>Por todas partes lo o\u00edmos: el cristiano no puede desinteresarse del mundo que habita. Es totalmente cierto. Y tambi\u00e9n lo es que s\u00f3lo podr\u00e1 cristianizarlo en la medida en que \u00e9l mismo sea \u201cjusto\u201d, porque la sal da sabor y la luz ilumina. Ser o no ser justo: he ah\u00ed la gran realidad y el gran problema. Porque hay una manera \u00fanica de ser justo: si\u00e9ndolo a los ojos de Dios. \u00bfCu\u00e1l ser\u00eda la visi\u00f3n que tendr\u00edan los sabios, los fariseos, los escribas, de la actuaci\u00f3n de Jos\u00e9, el carpintero de Nazaret, si hubieran tratado de preparar al pueblo ante la venida del Mes\u00edas? \u00bfCu\u00e1l la opini\u00f3n acerca de su oficio, de su trabajo y de su vida, como participaci\u00f3n en la historia de la salvaci\u00f3n del reino de Israel? Seguramente le habr\u00edan despreciado, consider\u00e1ndolo v\u00edctima de su ignorancia y de sus alienaciones. Jos\u00e9, un pobre israelita sumergido en el denso y opaco silencio de lo desconocido&#8230; Pero Dios no pensaba as\u00ed.<\/p>\n\n\n\n<p><em>San Jos\u00e9, del gremio de la madera<\/em>, un verdadero testimonio de vida al alcance de todos. Esto es lo que nos han querido poner de relieve los autores de este trabajo con su estilo tan vivo y personal, muy de nuestro tiempo y del medio ambiente, en que nos movemos. Han querido como \u201ctirarnos\u201d de las solapas de la chaqueta y hablar con nosotros, hacernos entender y reflexionar acerca de ese San Jos\u00e9, que todos tenemos que ser en nuestro cada d\u00eda \u2013San Jos\u00e9 del d\u00eda entero\u2013, y de ese San Jos\u00e9 que podemos descubrir a nuestro alrededor, \u201cen la taquilla del metro, pasado ma\u00f1ana picando su tarjeta en el reloj autom\u00e1tico de una gran factor\u00eda, en octubre sembrando trigo, soportando en cualquier momento sobre sus hombros un armario que lleva a tu casa, o quiz\u00e1 en el fontanero que te arregla el grifo del agua o te revisa el del gas, y si no, en el tendero que no te enga\u00f1a o en el honrado labrador con traje de fiesta, que te habl\u00f3 cuando viajabas en el tren de Le\u00f3n a Zaragoza\u201d. Lo hacen con gracia, con erudici\u00f3n, con profundidad.<\/p>\n\n\n\n<p>El libro se sit\u00faa en una perspectiva sencillamente humana y l\u00edmpidamente religiosa. Parte de la definici\u00f3n espont\u00e1nea, intuitiva, del hombre que ama a Dios, que le honra, que le adora, que hace su voluntad: el \u201chombre justo\u201d, del que siempre se habla en el Antiguo Testamento, y que en el Nuevo vuelve a aparecer precisamente para describir a San Jos\u00e9. Hombre justo. Esto es lo importante. Ser justo con Dios, consigo mismo, en familia, con la sociedad. Un cristiano no puede ser justo m\u00e1s que cuando es consecuente con las exigencias de su fe.<\/p>\n\n\n\n<p>A trav\u00e9s de los cap\u00edtulos, vamos viendo el \u201cser justo de Jos\u00e9\u201d, un obrero, un artesano, que por saber \u201cser\u201d a los ojos de Dios est\u00e1 tan cerca del n\u00facleo de la Redenci\u00f3n. De \u201cla larga sombra de luz de San Jos\u00e9\u201d sabe a Iglesia de todas las \u00e9pocas: su silencio es un \u201csilencio de mil voces&#8230;\u201d<\/p>\n\n\n\n<p>Quiero destacar tres puntos:<\/p>\n\n\n\n<p>1\u00ba. Es este un libro, en el que se pone de manifiesto la actuaci\u00f3n permanente de San Jos\u00e9. Ha sido premiado por el Centro Josefino Espa\u00f1ol, de Valladolid, en el concurso convocado para conmemorar el centenario del Patrocinio de San Jos\u00e9 sobre la Iglesia. Aplaudo la iniciativa de este concurso, porque creo firmemente en la protecci\u00f3n de San Jos\u00e9 a la Iglesia de Cristo, y porque \u00a1estamos muy necesitados de \u201csantos Jos\u00e9\u201d en estos tiempos nuestros!<\/p>\n\n\n\n<p>2\u00ba. El hombre moderno \u2013joven o adulto\u2013 puede verse reflejado en la manera de ser y de actuar del esposo de Mar\u00eda, padre de Jes\u00fas, que lucha decididamente y sabe superar dificultades como pocos. Vida sencilla la suya, fiel, humilde, silenciosa, pero, por lo mismo, trascendente.<\/p>\n\n\n\n<p>3\u00ba. Un valor a destacar. El que estos dos sacerdotes j\u00f3venes, autores ya de otros libros y trabajos, antiguos diocesanos m\u00edos en Astorga, que ahora ejercen su ministerio en Madrid y Toledo, y que me invitan a escribir estas l\u00edneas de presentaci\u00f3n, se hayan decidido a preparar en colaboraci\u00f3n amistosa este trabajo sobre un santo, del que s\u00f3lo se puede hablar orando y reflexionando en la vida oculta de Nazaret y en la cotidiana sencillez de nuestra propia vida. Alabo la conjunci\u00f3n de sus esfuerzos y este testimonio escrito de su pensamiento religioso.<\/p>\n\n\n\n<p>Al escribir estas palabras hoy, festividad del Corpus Christi, y en mi di\u00f3cesis de Toledo, pienso c\u00f3mo adorar\u00eda a Jes\u00fas-Eucarist\u00eda San Jos\u00e9 en estos d\u00edas de 1972, si estuviera entre nosotros. \u00a1Sabe \u00e9l tanto de la presencia real de nuestro Se\u00f1or!<\/p>\n","protected":false},"excerpt":{"rendered":"<p>Pr\u00f3logo al libro \u00abSan Jos\u00e9, del gremio de la madera\u00bb, publicado por Esteban Carro Celada y Rafael Palmero Ramos, 1972. Por todas partes lo o\u00edmos: el cristiano no puede desinteresarse del mundo que habita. Es totalmente cierto. Y tambi\u00e9n lo es que s\u00f3lo podr\u00e1 cristianizarlo en la medida en que \u00e9l mismo sea \u201cjusto\u201d, porque [&hellip;]<\/p>\n","protected":false},"author":1,"featured_media":0,"comment_status":"closed","ping_status":"closed","template":"","meta":{"saved_in_kubio":false,"_eb_attr":"","ngg_post_thumbnail":0,"footnotes":""},"doc_category":[75,41],"doc_tag":[],"class_list":["post-1448","docs","type-docs","status-publish","hentry","doc_category-prologos","doc_category-san-jose"],"year_month":"2026-05","word_count":833,"total_views":0,"reactions":{"happy":0,"normal":0,"sad":0},"author_info":{"name":"P. Webmaster","author_nicename":"currante","author_url":"https:\/\/www.cardenaldonmarcelo.es\/index.php\/author\/currante\/"},"doc_category_info":[{"term_name":"Pr\u00f3logos","term_url":"https:\/\/www.cardenaldonmarcelo.es\/index.php\/docs-category\/prologos\/"},{"term_name":"San Jos\u00e9","term_url":"https:\/\/www.cardenaldonmarcelo.es\/index.php\/docs-category\/san-jose\/"}],"doc_tag_info":[],"_links":{"self":[{"href":"https:\/\/www.cardenaldonmarcelo.es\/index.php\/wp-json\/wp\/v2\/docs\/1448","targetHints":{"allow":["GET"]}}],"collection":[{"href":"https:\/\/www.cardenaldonmarcelo.es\/index.php\/wp-json\/wp\/v2\/docs"}],"about":[{"href":"https:\/\/www.cardenaldonmarcelo.es\/index.php\/wp-json\/wp\/v2\/types\/docs"}],"author":[{"embeddable":true,"href":"https:\/\/www.cardenaldonmarcelo.es\/index.php\/wp-json\/wp\/v2\/users\/1"}],"replies":[{"embeddable":true,"href":"https:\/\/www.cardenaldonmarcelo.es\/index.php\/wp-json\/wp\/v2\/comments?post=1448"}],"version-history":[{"count":1,"href":"https:\/\/www.cardenaldonmarcelo.es\/index.php\/wp-json\/wp\/v2\/docs\/1448\/revisions"}],"predecessor-version":[{"id":1449,"href":"https:\/\/www.cardenaldonmarcelo.es\/index.php\/wp-json\/wp\/v2\/docs\/1448\/revisions\/1449"}],"wp:attachment":[{"href":"https:\/\/www.cardenaldonmarcelo.es\/index.php\/wp-json\/wp\/v2\/media?parent=1448"}],"wp:term":[{"taxonomy":"doc_category","embeddable":true,"href":"https:\/\/www.cardenaldonmarcelo.es\/index.php\/wp-json\/wp\/v2\/doc_category?post=1448"},{"taxonomy":"doc_tag","embeddable":true,"href":"https:\/\/www.cardenaldonmarcelo.es\/index.php\/wp-json\/wp\/v2\/doc_tag?post=1448"}],"curies":[{"name":"wp","href":"https:\/\/api.w.org\/{rel}","templated":true}]}}

San José

<p class="has-text-align-center has-small-font-size">Prólogo al libro «San José, del gremio de la madera», publicado por Esteban Carro Celada y Rafael Palmero Ramos, 1972.</p>



<p>Por todas partes lo oímos: el cristiano no puede desinteresarse del mundo que habita. Es totalmente cierto. Y también lo es que sólo podrá cristianizarlo en la medida en que él mismo sea “justo”, porque la sal da sabor y la luz ilumina. Ser o no ser justo: he ahí la gran realidad y el gran problema. Porque hay una manera única de ser justo: siéndolo a los ojos de Dios. ¿Cuál sería la visión que tendrían los sabios, los fariseos, los escribas, de la actuación de José, el carpintero de Nazaret, si hubieran tratado de preparar al pueblo ante la venida del Mesías? ¿Cuál la opinión acerca de su oficio, de su trabajo y de su vida, como participación en la historia de la salvación del reino de Israel? Seguramente le habrían despreciado, considerándolo víctima de su ignorancia y de sus alienaciones. José, un pobre israelita sumergido en el denso y opaco silencio de lo desconocido&#8230; Pero Dios no pensaba así.</p>



<p><em>San José, del gremio de la madera</em>, un verdadero testimonio de vida al alcance de todos. Esto es lo que nos han querido poner de relieve los autores de este trabajo con su estilo tan vivo y personal, muy de nuestro tiempo y del medio ambiente, en que nos movemos. Han querido como “tirarnos” de las solapas de la chaqueta y hablar con nosotros, hacernos entender y reflexionar acerca de ese San José, que todos tenemos que ser en nuestro cada día –San José del día entero–, y de ese San José que podemos descubrir a nuestro alrededor, “en la taquilla del metro, pasado mañana picando su tarjeta en el reloj automático de una gran factoría, en octubre sembrando trigo, soportando en cualquier momento sobre sus hombros un armario que lleva a tu casa, o quizá en el fontanero que te arregla el grifo del agua o te revisa el del gas, y si no, en el tendero que no te engaña o en el honrado labrador con traje de fiesta, que te habló cuando viajabas en el tren de León a Zaragoza”. Lo hacen con gracia, con erudición, con profundidad.</p>



<p>El libro se sitúa en una perspectiva sencillamente humana y límpidamente religiosa. Parte de la definición espontánea, intuitiva, del hombre que ama a Dios, que le honra, que le adora, que hace su voluntad: el “hombre justo”, del que siempre se habla en el Antiguo Testamento, y que en el Nuevo vuelve a aparecer precisamente para describir a San José. Hombre justo. Esto es lo importante. Ser justo con Dios, consigo mismo, en familia, con la sociedad. Un cristiano no puede ser justo más que cuando es consecuente con las exigencias de su fe.</p>



<p>A través de los capítulos, vamos viendo el “ser justo de José”, un obrero, un artesano, que por saber “ser” a los ojos de Dios está tan cerca del núcleo de la Redención. De “la larga sombra de luz de San José” sabe a Iglesia de todas las épocas: su silencio es un “silencio de mil voces&#8230;”</p>



<p>Quiero destacar tres puntos:</p>



<p>1º. Es este un libro, en el que se pone de manifiesto la actuación permanente de San José. Ha sido premiado por el Centro Josefino Español, de Valladolid, en el concurso convocado para conmemorar el centenario del Patrocinio de San José sobre la Iglesia. Aplaudo la iniciativa de este concurso, porque creo firmemente en la protección de San José a la Iglesia de Cristo, y porque ¡estamos muy necesitados de “santos José” en estos tiempos nuestros!</p>



<p>2º. El hombre moderno –joven o adulto– puede verse reflejado en la manera de ser y de actuar del esposo de María, padre de Jesús, que lucha decididamente y sabe superar dificultades como pocos. Vida sencilla la suya, fiel, humilde, silenciosa, pero, por lo mismo, trascendente.</p>



<p>3º. Un valor a destacar. El que estos dos sacerdotes jóvenes, autores ya de otros libros y trabajos, antiguos diocesanos míos en Astorga, que ahora ejercen su ministerio en Madrid y Toledo, y que me invitan a escribir estas líneas de presentación, se hayan decidido a preparar en colaboración amistosa este trabajo sobre un santo, del que sólo se puede hablar orando y reflexionando en la vida oculta de Nazaret y en la cotidiana sencillez de nuestra propia vida. Alabo la conjunción de sus esfuerzos y este testimonio escrito de su pensamiento religioso.</p>



<p>Al escribir estas palabras hoy, festividad del Corpus Christi, y en mi diócesis de Toledo, pienso cómo adoraría a Jesús-Eucaristía San José en estos días de 1972, si estuviera entre nosotros. ¡Sabe él tanto de la presencia real de nuestro Señor!</p>

<p>Prólogo al libro «San José, del gremio de la madera», publicado por Esteban Carro Celada y Rafael Palmero Ramos, 1972. Por todas partes lo oímos: el cristiano no puede desinteresarse del mundo que habita. Es totalmente cierto. Y también lo es que sólo podrá cristianizarlo en la medida en que él mismo sea “justo”, porque [&hellip;]</p>

Prólogos
