{"id":1402,"date":"2024-09-29T23:10:35","date_gmt":"2024-09-29T21:10:35","guid":{"rendered":"https:\/\/www.cardenaldonmarcelo.es\/?post_type=docs&#038;p=1402"},"modified":"2024-09-29T23:10:36","modified_gmt":"2024-09-29T21:10:36","password":"","slug":"el-rezo-del-rosario","status":"publish","type":"docs","link":"https:\/\/www.cardenaldonmarcelo.es\/index.php\/docs\/el-rezo-del-rosario\/","title":{"rendered":"El rezo del Rosario"},"content":{"rendered":"\n<p class=\"has-text-align-center has-small-font-size\">Pr\u00f3logo de la obra del P. Edwin Gordon, titulada \u00abCatecismo del santo Rosario\u00bb, 1988.<\/p>\n\n\n\n<p>Accedo gustosamente a prologar este libro de mi antiguo alumno del Colegio Ingl\u00e9s de Valladolid, el P. Edwin Gordon. Lo hago con la nostalgia de aquellos a\u00f1os y el recuerdo afectuoso de mis ya dispersos alumnos; afecto que, en la circunstancia personal del P. Gordon, se hace especialmente vivo.<\/p>\n\n\n\n<p>Pero lo hago tambi\u00e9n con la convicci\u00f3n de que este librito ser\u00e1 de gran utilidad para los cat\u00f3licos de habla inglesa. Porque no basta que exhortemos a los fieles a rezar el Rosario; hay que ayudar tambi\u00e9n a comprenderlo. Y pienso que el autor lo consigue con este <em>Catecismo del santo Rosario<\/em>: por su contenido doctrinal bien fundado b\u00edblicamente; por su lenguaje asequible; por su presentaci\u00f3n en forma de breve comentario a los quince misterios.<\/p>\n\n\n\n<p>Son innumerables los testimonios del Magisterio a favor del Rosario desde San P\u00edo V y sobre todo desde Le\u00f3n XIII. Y tambi\u00e9n han sido muchos los grandes hombres fieles al Rosario: Francisco Su\u00e1rez, Carlos V, Felipe II, Ozanan, el libertador Garc\u00eda Moreno, el h\u00e9roe irland\u00e9s O&#8217;Donnell, Miguel \u00c1ngel, Haydn, Bossuet, Lacordaire, Pasteur, Paul Claudel, los mariscales Foch y Liautey, y hasta nuestro Unamuno.<\/p>\n\n\n\n<p>Pero \u201cha sido sobre todo la misma Madre del Se\u00f1or la que en Lourdes y particularmente en F\u00e1tima ha invitado maternalmente a recitar cada d\u00eda y de forma devota el santo Rosario\u201d<a href=\"#sdfootnote1sym\" id=\"sdfootnote1anc\"><sup>1<\/sup><\/a>.<\/p>\n\n\n\n<p>Rezamos en el Rosario el Padrenuestro y el Avemar\u00eda. La primera es la hermosa plegaria, que nos ense\u00f1\u00f3 Jesucristo y que siempre se ha rezado en la Iglesia. La segunda no consta que se recitara antes del siglo XII. Es en la segunda mitad de este siglo, cuando se inicia, desarroll\u00e1ndose a lo largo del siglo XIII, siendo completada con la segunda parte ya en el siglo XV.<\/p>\n\n\n\n<p>Precisamente en esta \u00e9poca \u2013siglos XIII-XV\u2013 cristaliza el Rosario bajo el impulso de santo Domingo de Guzm\u00e1n y sus dominicos, muy singularmente del Beato Alano de la Roche. Primero, se desarrolla como \u201cguirnaldas\u201d de avemar\u00edas, adoptando el t\u00edtulo de \u201cSalterio de la Virgen\u201d, cuando se estructura de forma parecida a la actual: 150 avemar\u00edas en 15 decenas, imitando los 150 salmos del Salterio. Muy pronto \u2013quiz\u00e1 ya en el mismo siglo XIII\u2013 se asoci\u00f3 a estas oraciones la meditaci\u00f3n de los misterios. En cuanto a las letan\u00edas de alabanza a Mar\u00eda, las m\u00e1s antiguas parecen ser del siglo XII (c\u00f3dice de Maguncia). Pero desde finales del siglo XVI se adopt\u00f3 las que se cantaban en Loreto, las letan\u00edas \u201clauretanas\u201d.<\/p>\n\n\n\n<p>Para los cat\u00f3licos de hoy no es peque\u00f1o est\u00edmulo a rezar el Rosario el ejemplo del Santo Padre. La imagen conmovedora del Papa orando con el rosario en la mano ha llegado a todo el mundo. Especialmente en la solemne inauguraci\u00f3n del A\u00f1o Mariano 87-88. Suyas son estas palabras: \u201cLa certeza de que Jes\u00fas est\u00e1 con vosotros, mientras medit\u00e1is con el rosario, os debe dar coraje para pedirle, por intercesi\u00f3n de la Virgen, la paz y la justicia para la Iglesia y el mundo\u201d. Si la Virgen lo quiere, si la Iglesia lo pide y el mundo lo necesita, \u00bflo rechazaremos nosotros?<\/p>\n\n\n\n<p>Y no se diga que es mon\u00f3tona la reiteraci\u00f3n de avemar\u00edas. Pues \u201cel amor no tiene m\u00e1s que una palabra y, dici\u00e9ndola siempre, no la repite nunca\u201d (Lacordaire). O en palabras de P\u00edo XI: \u201cLa piedad, lo mismo que el amor, no se cansa de repetir con frecuencia las mismas palabras; y el fuego de la caridad que las inflama, hace que siempre contengan algo nuevo\u201d.<\/p>\n\n\n\n<p>Toledo, Fiesta de Nuestra Se\u00f1ora del Rosario 1988.<\/p>\n\n\n\n<p><a href=\"#sdfootnote1anc\" id=\"sdfootnote1sym\">1<\/a> Juan Pablo II, 25 IV 87.<\/p>\n","protected":false},"excerpt":{"rendered":"<p>Pr\u00f3logo de la obra del P. Edwin Gordon, titulada \u00abCatecismo del santo Rosario\u00bb, 1988. Accedo gustosamente a prologar este libro de mi antiguo alumno del Colegio Ingl\u00e9s de Valladolid, el P. Edwin Gordon. Lo hago con la nostalgia de aquellos a\u00f1os y el recuerdo afectuoso de mis ya dispersos alumnos; afecto que, en la circunstancia [&hellip;]<\/p>\n","protected":false},"author":1,"featured_media":0,"comment_status":"closed","ping_status":"closed","template":"","meta":{"saved_in_kubio":false,"_eb_attr":"","ngg_post_thumbnail":0,"footnotes":""},"doc_category":[40],"doc_tag":[],"class_list":["post-1402","docs","type-docs","status-publish","hentry","doc_category-la-santisima-virgen-maria"],"year_month":"2026-05","word_count":641,"total_views":0,"reactions":{"happy":0,"normal":0,"sad":0},"author_info":{"name":"P. Webmaster","author_nicename":"currante","author_url":"https:\/\/www.cardenaldonmarcelo.es\/index.php\/author\/currante\/"},"doc_category_info":[{"term_name":"La Sant\u00edsima Virgen Mar\u00eda","term_url":"https:\/\/www.cardenaldonmarcelo.es\/index.php\/docs-category\/la-santisima-virgen-maria\/"}],"doc_tag_info":[],"_links":{"self":[{"href":"https:\/\/www.cardenaldonmarcelo.es\/index.php\/wp-json\/wp\/v2\/docs\/1402","targetHints":{"allow":["GET"]}}],"collection":[{"href":"https:\/\/www.cardenaldonmarcelo.es\/index.php\/wp-json\/wp\/v2\/docs"}],"about":[{"href":"https:\/\/www.cardenaldonmarcelo.es\/index.php\/wp-json\/wp\/v2\/types\/docs"}],"author":[{"embeddable":true,"href":"https:\/\/www.cardenaldonmarcelo.es\/index.php\/wp-json\/wp\/v2\/users\/1"}],"replies":[{"embeddable":true,"href":"https:\/\/www.cardenaldonmarcelo.es\/index.php\/wp-json\/wp\/v2\/comments?post=1402"}],"version-history":[{"count":1,"href":"https:\/\/www.cardenaldonmarcelo.es\/index.php\/wp-json\/wp\/v2\/docs\/1402\/revisions"}],"predecessor-version":[{"id":1403,"href":"https:\/\/www.cardenaldonmarcelo.es\/index.php\/wp-json\/wp\/v2\/docs\/1402\/revisions\/1403"}],"wp:attachment":[{"href":"https:\/\/www.cardenaldonmarcelo.es\/index.php\/wp-json\/wp\/v2\/media?parent=1402"}],"wp:term":[{"taxonomy":"doc_category","embeddable":true,"href":"https:\/\/www.cardenaldonmarcelo.es\/index.php\/wp-json\/wp\/v2\/doc_category?post=1402"},{"taxonomy":"doc_tag","embeddable":true,"href":"https:\/\/www.cardenaldonmarcelo.es\/index.php\/wp-json\/wp\/v2\/doc_tag?post=1402"}],"curies":[{"name":"wp","href":"https:\/\/api.w.org\/{rel}","templated":true}]}}

<p class="has-text-align-center has-small-font-size">Prólogo de la obra del P. Edwin Gordon, titulada «Catecismo del santo Rosario», 1988.</p>



<p>Accedo gustosamente a prologar este libro de mi antiguo alumno del Colegio Inglés de Valladolid, el P. Edwin Gordon. Lo hago con la nostalgia de aquellos años y el recuerdo afectuoso de mis ya dispersos alumnos; afecto que, en la circunstancia personal del P. Gordon, se hace especialmente vivo.</p>



<p>Pero lo hago también con la convicción de que este librito será de gran utilidad para los católicos de habla inglesa. Porque no basta que exhortemos a los fieles a rezar el Rosario; hay que ayudar también a comprenderlo. Y pienso que el autor lo consigue con este <em>Catecismo del santo Rosario</em>: por su contenido doctrinal bien fundado bíblicamente; por su lenguaje asequible; por su presentación en forma de breve comentario a los quince misterios.</p>



<p>Son innumerables los testimonios del Magisterio a favor del Rosario desde San Pío V y sobre todo desde León XIII. Y también han sido muchos los grandes hombres fieles al Rosario: Francisco Suárez, Carlos V, Felipe II, Ozanan, el libertador García Moreno, el héroe irlandés O&#8217;Donnell, Miguel Ángel, Haydn, Bossuet, Lacordaire, Pasteur, Paul Claudel, los mariscales Foch y Liautey, y hasta nuestro Unamuno.</p>



<p>Pero “ha sido sobre todo la misma Madre del Señor la que en Lourdes y particularmente en Fátima ha invitado maternalmente a recitar cada día y de forma devota el santo Rosario”<a href="#sdfootnote1sym" id="sdfootnote1anc"><sup>1</sup></a>.</p>



<p>Rezamos en el Rosario el Padrenuestro y el Avemaría. La primera es la hermosa plegaria, que nos enseñó Jesucristo y que siempre se ha rezado en la Iglesia. La segunda no consta que se recitara antes del siglo XII. Es en la segunda mitad de este siglo, cuando se inicia, desarrollándose a lo largo del siglo XIII, siendo completada con la segunda parte ya en el siglo XV.</p>



<p>Precisamente en esta época –siglos XIII-XV– cristaliza el Rosario bajo el impulso de santo Domingo de Guzmán y sus dominicos, muy singularmente del Beato Alano de la Roche. Primero, se desarrolla como “guirnaldas” de avemarías, adoptando el título de “Salterio de la Virgen”, cuando se estructura de forma parecida a la actual: 150 avemarías en 15 decenas, imitando los 150 salmos del Salterio. Muy pronto –quizá ya en el mismo siglo XIII– se asoció a estas oraciones la meditación de los misterios. En cuanto a las letanías de alabanza a María, las más antiguas parecen ser del siglo XII (códice de Maguncia). Pero desde finales del siglo XVI se adoptó las que se cantaban en Loreto, las letanías “lauretanas”.</p>



<p>Para los católicos de hoy no es pequeño estímulo a rezar el Rosario el ejemplo del Santo Padre. La imagen conmovedora del Papa orando con el rosario en la mano ha llegado a todo el mundo. Especialmente en la solemne inauguración del Año Mariano 87-88. Suyas son estas palabras: “La certeza de que Jesús está con vosotros, mientras meditáis con el rosario, os debe dar coraje para pedirle, por intercesión de la Virgen, la paz y la justicia para la Iglesia y el mundo”. Si la Virgen lo quiere, si la Iglesia lo pide y el mundo lo necesita, ¿lo rechazaremos nosotros?</p>



<p>Y no se diga que es monótona la reiteración de avemarías. Pues “el amor no tiene más que una palabra y, diciéndola siempre, no la repite nunca” (Lacordaire). O en palabras de Pío XI: “La piedad, lo mismo que el amor, no se cansa de repetir con frecuencia las mismas palabras; y el fuego de la caridad que las inflama, hace que siempre contengan algo nuevo”.</p>



<p>Toledo, Fiesta de Nuestra Señora del Rosario 1988.</p>



<p><a href="#sdfootnote1anc" id="sdfootnote1sym">1</a> Juan Pablo II, 25 IV 87.</p>

<p>Prólogo de la obra del P. Edwin Gordon, titulada «Catecismo del santo Rosario», 1988. Accedo gustosamente a prologar este libro de mi antiguo alumno del Colegio Inglés de Valladolid, el P. Edwin Gordon. Lo hago con la nostalgia de aquellos años y el recuerdo afectuoso de mis ya dispersos alumnos; afecto que, en la circunstancia [&hellip;]</p>

La Santísima Virgen María
