{"id":1382,"date":"2024-09-29T22:59:41","date_gmt":"2024-09-29T20:59:41","guid":{"rendered":"https:\/\/www.cardenaldonmarcelo.es\/?post_type=docs&#038;p=1382"},"modified":"2024-09-29T22:59:42","modified_gmt":"2024-09-29T20:59:42","password":"","slug":"historia-y-significado-del-palio","status":"publish","type":"docs","link":"https:\/\/www.cardenaldonmarcelo.es\/index.php\/docs\/historia-y-significado-del-palio\/","title":{"rendered":"Historia y significado del palio"},"content":{"rendered":"\n<p class=\"has-text-align-center has-small-font-size\">Pr\u00f3logo para la obra del Dr. Jos\u00e9 Mart\u00ed Bonet titulada \u00abRoma y las Iglesias particulares en la concesi\u00f3n del palio a los obispos y arzobispos de Occidente\u00bb, 1973.<\/p>\n\n\n\n<p>Un trabajo de investigaci\u00f3n hist\u00f3rica tan riguroso como el que aqu\u00ed aparece, merecer\u00eda ser presentado a la hora de hacerse p\u00fablico por la pluma de alg\u00fan eminente especialista. No lo es quien escribe estas l\u00edneas. Pero tampoco le faltan t\u00edtulos para aceptar complacido la invitaci\u00f3n del autor a redactarla.<\/p>\n\n\n\n<p>El Dr. Mart\u00ed Bonet es un sacerdote de Barcelona, a quien yo aconsej\u00e9 un d\u00eda realizar estudios de historia en la Universidad Gregoriana de Roma. Me siento feliz de haber contribuido, con mi ruego, a la determinaci\u00f3n que \u00e9l tom\u00f3, de secundarlo con la fervorosa dedicaci\u00f3n con que lo ha hecho.<\/p>\n\n\n\n<p>He aqu\u00ed un estudio, magistralmente efectuado, de un tema de suma importancia para todos aquellos que se interesan por las instituciones diversas de la historia, al fondo de las cuales se encuentran siempre las personas y las grandes ideas, que fueron capaces de moverlas en una determinada direcci\u00f3n.<\/p>\n\n\n\n<p>El \u201cpalio\u201d, a\u00fan hoy, es un s\u00edmbolo de jurisdicci\u00f3n eclesi\u00e1stica, que el Papa entrega a los arzobispos como se\u00f1al de la misi\u00f3n que les conf\u00eda. Esa blanca cinta de lana es recibida siempre con respeto y prolonga m\u00e1s all\u00e1 de Roma la presencia de la suprema autoridad que la ha entregado.<\/p>\n\n\n\n<p>Pero faltaba un estudio serio sobre la historia del \u201cpalio\u201d. Desde ahora lo tenemos, referido al per\u00edodo de los seis siglos, que el autor de la tesis se ha propuesto investigar. Nadie hasta este momento \u2013afirman los profesores que han juzgado la tesis\u2013 hab\u00eda acometido el estudio de este problema hist\u00f3rico con tal copia de argumentos y noticias para ilustrar la pr\u00e1ctica de conferir el palio y la relaci\u00f3n del hecho con el Primado Romano. Este estudio es mucho m\u00e1s que una tesis doctoral. El autor se acredita como un investigador profundo, de cuyo trabajo \u2013al que esperamos sigan otros\u2013 se beneficiar\u00e1n grandemente los estudiosos de la historia.<\/p>\n\n\n\n<p>El tema investigado ilustra adem\u00e1s aspectos notables de la colegialidad episcopal; y es una respuesta a la llamada que hac\u00edan los Padres del Concilio Vaticano II, cuando se lamentaban de la falta de estudios cient\u00edficos, que presenten la fundamentaci\u00f3n hist\u00f3rico-teol\u00f3gica en el ejercicio de la misma.<\/p>\n\n\n\n<p>Si se compara la Iglesia occidental del siglo VI y la del XII, se observan cambios profundos. En aqu\u00e9lla, el r\u00e9gimen eclesial es m\u00e1s bien aut\u00f3ctono-metropolitano, sin que por ello dejen de existir los v\u00ednculos de Roma. La Cabeza de la Provincia ordena a sus sufrag\u00e1neos, convoca y preside s\u00ednodos, recibe apelaciones. A partir del XII, en cambio, es mucho m\u00e1s acentuada la dependencia de cada Iglesia respecto a la Sede Romana. El Papa va reserv\u00e1ndose muy visiblemente la facultad de constituir al arzobispo \u2013previo juramento de fidelidad a la Santa Sede\u2013 con la concesi\u00f3n del palio como insignia honor\u00edfica y jur\u00eddica. Los derechos y funciones de los metropolitanos quedan cada vez m\u00e1s sometidos al Papa.<\/p>\n\n\n\n<p>La sana y equilibrada historia razona estas mutaciones y no se escandaliza ante unos hechos, que en la mayor\u00eda de los casos \u2013como en \u00e9ste\u2013 encuentran justificaci\u00f3n en las circunstancias del tiempo.<\/p>\n\n\n\n<p>Esa \u201creforma gregoriana\u201d de los siglos XI-XII representa una de las \u00e9pocas m\u00e1s sublimes de la historia eclesial, puesto que ante el peligro de que las Iglesias particulares quedaran demasiado atadas a los caprichos de los se\u00f1ores feudales, los Papas reformadores defienden a la Iglesia, cuando centralizan y controlan el r\u00e9gimen metropolitano.<\/p>\n\n\n\n<p>La historia es vida y constantemente evoluciona y se adapta. Y la Iglesia es esencialmente historia y vida; tambi\u00e9n se adapta sin perder el alma de su Tradici\u00f3n.<\/p>\n\n\n\n<p>La colegialidad episcopal, por su parte, s\u00f3lo puede escandalizar a quienes ignoran los datos de la teolog\u00eda y de la historia. Durante m\u00e1s de doce siglos, como se demuestra en esta tesis, se hab\u00eda vivido con dignidad y provecho.<\/p>\n\n\n\n<p>Este es el fruto del estudio con que el autor nos regala. Es un sacerdote culto, que se distingue por su amor al Papa y a los obispos. Y no hay mejor amor, trat\u00e1ndose de estas cuestiones, que el que va unido con el conocimiento exacto de la realidad amada.<\/p>\n\n\n\n<p>S\u00f3lo me resta pedir al Dr. Mart\u00ed Bonet, hoy Archivero Diocesano del Arzobispado de Barcelona, que se esfuerce por seguir encontrando tiempo para ofrecernos nuevos trabajos tan ricos como \u00e9ste. No le faltar\u00e1n est\u00edmulos en una ciudad como Barcelona tan dotada para valorar y comprender las evoluciones de la historia.<\/p>\n\n\n\n<p>Marzo de 1973<\/p>\n","protected":false},"excerpt":{"rendered":"<p>Pr\u00f3logo para la obra del Dr. Jos\u00e9 Mart\u00ed Bonet titulada \u00abRoma y las Iglesias particulares en la concesi\u00f3n del palio a los obispos y arzobispos de Occidente\u00bb, 1973. Un trabajo de investigaci\u00f3n hist\u00f3rica tan riguroso como el que aqu\u00ed aparece, merecer\u00eda ser presentado a la hora de hacerse p\u00fablico por la pluma de alg\u00fan eminente [&hellip;]<\/p>\n","protected":false},"author":1,"featured_media":0,"comment_status":"closed","ping_status":"closed","template":"","meta":{"saved_in_kubio":false,"_eb_attr":"","ngg_post_thumbnail":0,"footnotes":""},"doc_category":[55,75],"doc_tag":[],"class_list":["post-1382","docs","type-docs","status-publish","hentry","doc_category-el-obispo","doc_category-prologos"],"year_month":"2026-04","word_count":812,"total_views":0,"reactions":{"happy":0,"normal":0,"sad":0},"author_info":{"name":"P. Webmaster","author_nicename":"currante","author_url":"https:\/\/www.cardenaldonmarcelo.es\/index.php\/author\/currante\/"},"doc_category_info":[{"term_name":"El obispo","term_url":"https:\/\/www.cardenaldonmarcelo.es\/index.php\/docs-category\/el-obispo\/"},{"term_name":"Pr\u00f3logos","term_url":"https:\/\/www.cardenaldonmarcelo.es\/index.php\/docs-category\/prologos\/"}],"doc_tag_info":[],"_links":{"self":[{"href":"https:\/\/www.cardenaldonmarcelo.es\/index.php\/wp-json\/wp\/v2\/docs\/1382","targetHints":{"allow":["GET"]}}],"collection":[{"href":"https:\/\/www.cardenaldonmarcelo.es\/index.php\/wp-json\/wp\/v2\/docs"}],"about":[{"href":"https:\/\/www.cardenaldonmarcelo.es\/index.php\/wp-json\/wp\/v2\/types\/docs"}],"author":[{"embeddable":true,"href":"https:\/\/www.cardenaldonmarcelo.es\/index.php\/wp-json\/wp\/v2\/users\/1"}],"replies":[{"embeddable":true,"href":"https:\/\/www.cardenaldonmarcelo.es\/index.php\/wp-json\/wp\/v2\/comments?post=1382"}],"version-history":[{"count":1,"href":"https:\/\/www.cardenaldonmarcelo.es\/index.php\/wp-json\/wp\/v2\/docs\/1382\/revisions"}],"predecessor-version":[{"id":1383,"href":"https:\/\/www.cardenaldonmarcelo.es\/index.php\/wp-json\/wp\/v2\/docs\/1382\/revisions\/1383"}],"wp:attachment":[{"href":"https:\/\/www.cardenaldonmarcelo.es\/index.php\/wp-json\/wp\/v2\/media?parent=1382"}],"wp:term":[{"taxonomy":"doc_category","embeddable":true,"href":"https:\/\/www.cardenaldonmarcelo.es\/index.php\/wp-json\/wp\/v2\/doc_category?post=1382"},{"taxonomy":"doc_tag","embeddable":true,"href":"https:\/\/www.cardenaldonmarcelo.es\/index.php\/wp-json\/wp\/v2\/doc_tag?post=1382"}],"curies":[{"name":"wp","href":"https:\/\/api.w.org\/{rel}","templated":true}]}}

<p class="has-text-align-center has-small-font-size">Prólogo para la obra del Dr. José Martí Bonet titulada «Roma y las Iglesias particulares en la concesión del palio a los obispos y arzobispos de Occidente», 1973.</p>



<p>Un trabajo de investigación histórica tan riguroso como el que aquí aparece, merecería ser presentado a la hora de hacerse público por la pluma de algún eminente especialista. No lo es quien escribe estas líneas. Pero tampoco le faltan títulos para aceptar complacido la invitación del autor a redactarla.</p>



<p>El Dr. Martí Bonet es un sacerdote de Barcelona, a quien yo aconsejé un día realizar estudios de historia en la Universidad Gregoriana de Roma. Me siento feliz de haber contribuido, con mi ruego, a la determinación que él tomó, de secundarlo con la fervorosa dedicación con que lo ha hecho.</p>



<p>He aquí un estudio, magistralmente efectuado, de un tema de suma importancia para todos aquellos que se interesan por las instituciones diversas de la historia, al fondo de las cuales se encuentran siempre las personas y las grandes ideas, que fueron capaces de moverlas en una determinada dirección.</p>



<p>El “palio”, aún hoy, es un símbolo de jurisdicción eclesiástica, que el Papa entrega a los arzobispos como señal de la misión que les confía. Esa blanca cinta de lana es recibida siempre con respeto y prolonga más allá de Roma la presencia de la suprema autoridad que la ha entregado.</p>



<p>Pero faltaba un estudio serio sobre la historia del “palio”. Desde ahora lo tenemos, referido al período de los seis siglos, que el autor de la tesis se ha propuesto investigar. Nadie hasta este momento –afirman los profesores que han juzgado la tesis– había acometido el estudio de este problema histórico con tal copia de argumentos y noticias para ilustrar la práctica de conferir el palio y la relación del hecho con el Primado Romano. Este estudio es mucho más que una tesis doctoral. El autor se acredita como un investigador profundo, de cuyo trabajo –al que esperamos sigan otros– se beneficiarán grandemente los estudiosos de la historia.</p>



<p>El tema investigado ilustra además aspectos notables de la colegialidad episcopal; y es una respuesta a la llamada que hacían los Padres del Concilio Vaticano II, cuando se lamentaban de la falta de estudios científicos, que presenten la fundamentación histórico-teológica en el ejercicio de la misma.</p>



<p>Si se compara la Iglesia occidental del siglo VI y la del XII, se observan cambios profundos. En aquélla, el régimen eclesial es más bien autóctono-metropolitano, sin que por ello dejen de existir los vínculos de Roma. La Cabeza de la Provincia ordena a sus sufragáneos, convoca y preside sínodos, recibe apelaciones. A partir del XII, en cambio, es mucho más acentuada la dependencia de cada Iglesia respecto a la Sede Romana. El Papa va reservándose muy visiblemente la facultad de constituir al arzobispo –previo juramento de fidelidad a la Santa Sede– con la concesión del palio como insignia honorífica y jurídica. Los derechos y funciones de los metropolitanos quedan cada vez más sometidos al Papa.</p>



<p>La sana y equilibrada historia razona estas mutaciones y no se escandaliza ante unos hechos, que en la mayoría de los casos –como en éste– encuentran justificación en las circunstancias del tiempo.</p>



<p>Esa “reforma gregoriana” de los siglos XI-XII representa una de las épocas más sublimes de la historia eclesial, puesto que ante el peligro de que las Iglesias particulares quedaran demasiado atadas a los caprichos de los señores feudales, los Papas reformadores defienden a la Iglesia, cuando centralizan y controlan el régimen metropolitano.</p>



<p>La historia es vida y constantemente evoluciona y se adapta. Y la Iglesia es esencialmente historia y vida; también se adapta sin perder el alma de su Tradición.</p>



<p>La colegialidad episcopal, por su parte, sólo puede escandalizar a quienes ignoran los datos de la teología y de la historia. Durante más de doce siglos, como se demuestra en esta tesis, se había vivido con dignidad y provecho.</p>



<p>Este es el fruto del estudio con que el autor nos regala. Es un sacerdote culto, que se distingue por su amor al Papa y a los obispos. Y no hay mejor amor, tratándose de estas cuestiones, que el que va unido con el conocimiento exacto de la realidad amada.</p>



<p>Sólo me resta pedir al Dr. Martí Bonet, hoy Archivero Diocesano del Arzobispado de Barcelona, que se esfuerce por seguir encontrando tiempo para ofrecernos nuevos trabajos tan ricos como éste. No le faltarán estímulos en una ciudad como Barcelona tan dotada para valorar y comprender las evoluciones de la historia.</p>



<p>Marzo de 1973</p>

<p>Prólogo para la obra del Dr. José Martí Bonet titulada «Roma y las Iglesias particulares en la concesión del palio a los obispos y arzobispos de Occidente», 1973. Un trabajo de investigación histórica tan riguroso como el que aquí aparece, merecería ser presentado a la hora de hacerse público por la pluma de algún eminente [&hellip;]</p>

Prólogos
