{"id":1372,"date":"2024-09-29T22:56:32","date_gmt":"2024-09-29T20:56:32","guid":{"rendered":"https:\/\/www.cardenaldonmarcelo.es\/?post_type=docs&#038;p=1372"},"modified":"2024-09-29T22:56:33","modified_gmt":"2024-09-29T20:56:33","password":"","slug":"la-renovacion-de-la-iglesia","status":"publish","type":"docs","link":"https:\/\/www.cardenaldonmarcelo.es\/index.php\/docs\/la-renovacion-de-la-iglesia\/","title":{"rendered":"La renovaci\u00f3n de la Iglesia"},"content":{"rendered":"\n<p class=\"has-text-align-center has-small-font-size\">Pr\u00f3logo a la publicaci\u00f3n en 1964 por Ediciones S\u00edgueme, Salamanca, de la Carta Pastoral de don Marcelo, Obispo de Astorga, el 23 de mayo de 1963, titulada \u00abEl porvenir espiritual de la Di\u00f3cesis\u00bb<a href=\"#sdfootnote1sym\" id=\"sdfootnote1anc\"><sup>1<\/sup><\/a><\/p>\n\n\n\n<p>S\u00f3lo una vez, en esta <a href=\"https:\/\/www.cardenaldonmarcelo.es\/index.php\/docs\/el-porvenir-espiritual-de-nuestra-diocesis\/\" data-type=\"docs\" data-id=\"872\">Carta Pastoral<\/a>, hago referencia expl\u00edcita al concilio ecum\u00e9nico Vaticano II, que estamos viviendo. Pero, en realidad, toda ella est\u00e1 escrita teniendo a la vista las perspectivas, que el concilio nos est\u00e1 abriendo. Aun en la hip\u00f3tesis realmente extra\u00f1a de que, por cualquier azar imprevisible, \u00e9ste se interrumpiera y no se promulgara decreto ni constituci\u00f3n alguna, algo ha sido puesto en evidencia de manera irreversible, a saber, que la Iglesia quiere renovarse. As\u00ed dijeron los padres conciliares en su primer mensaje al mundo, al comienzo de la primera sesi\u00f3n. Y as\u00ed se ha ido repitiendo infinidad de veces, dentro y fuera del aula conciliar, de palabra y por escrito, en continuas proclamaciones, que son un eco gozoso de las que en el mismo sentido han hecho Juan XXIII y Pablo VI, h\u00e9roes aut\u00e9nticos de esta grandiosa empresa.<\/p>\n\n\n\n<p>S\u00e9ame permitido se\u00f1alar de paso la singular belleza de una Instituci\u00f3n, que no teme situarse de cara al mundo y proclamar a los cuatro vientos que necesita renovarse. Esta ausencia de temor se explica, si se tiene en cuenta que la Iglesia encuentra en s\u00ed misma la fuerza necesaria para la renovaci\u00f3n que busca. Si tuviera que ir a pedirla prestada a alguien o a algo extra\u00f1o a s\u00ed misma, la renovaci\u00f3n buscada supondr\u00eda debilidad en el organismo propio. No es este el caso. La Iglesia no est\u00e1 enferma ni envejecida.<\/p>\n\n\n\n<p>En este esfuerzo que hace para renovarse, la Iglesia trabaja sobre dos bases previamente establecidas: sinceridad en el examen de s\u00ed misma, y unidad de prop\u00f3sitos en sus hombres responsables, \u00a1De qu\u00e9 manera tan conmovedora lo est\u00e1 cumpliendo! En cuanto a la sinceridad, incluso ha permitido a la prensa del mundo recoger intimidades, que parec\u00edan estar destinadas a permanecer bajo un perpetuo secreto. Y en cuanto a la unidad de prop\u00f3sitos tan grande es que, aun las divergencias que aparecen entre los hombres que hablan, no obedecen a fines diversos, sino a una misma intenci\u00f3n, que cree poder lograr su objetivo por diversos caminos.<\/p>\n\n\n\n<p>Una di\u00f3cesis es en peque\u00f1o una representaci\u00f3n de la Iglesia universal. Astorga es una cristiandad vieja y venerable, que quiere tambi\u00e9n renovarse. No est\u00e1 envejecida ni enferma. Se mira a s\u00ed misma y encuentra dentro de su alma la fuerza necesaria para la renovaci\u00f3n pretendida.<\/p>\n\n\n\n<p>Las encuentra, porque no es una l\u00f3gica aparte, sino un miembro de la Iglesia universal viva, y l\u00f3gicamente la corriente de renovaci\u00f3n que circula por todo el organismo, tiene que llegar a sus diversos miembros. Las p\u00e1ginas que siguen las ha escrito, s\u00ed, su Obispo; pero le han sido dictadas por la propia di\u00f3cesis que rige.<\/p>\n\n\n\n<p>Nuestra Di\u00f3cesis quiere moverse tambi\u00e9n sobre l\u00edneas de sinceridad y unidad de prop\u00f3sitos. Sinceridad en el examen, para no contentarnos con el recuerdo de las glorias pasadas, tantas y tan abundantes como fueron; unidad en todo y en todos, entre las instituciones y las personas, los planes de hoy y de ma\u00f1ana, la cultura y la piedad, la sociolog\u00eda y la gracia, el seminario y la parroquia, el apostolado activo y la fe, para que todo y todos tratemos de conseguir el mismo prop\u00f3sito: hacer a la Iglesia diocesana m\u00e1s hermosa.<\/p>\n\n\n\n<p>Mas como todo ser\u00e1 in\u00fatil, si no logramos una profunda renovaci\u00f3n en el interior de nosotros mismos, los sacerdotes de Cristo, de ah\u00ed que la primera llamada de esta Carta Pastoral se dirija a nuestra propia conciencia, para se\u00f1alar la necesidad de vivir las grandes e inalterables virtudes sacerdotales de siempre.<\/p>\n\n\n\n<p>Porque de esto s\u00ed que podemos estar convencidos: ni en Astorga, ni en ninguna di\u00f3cesis de Espa\u00f1a o de otros pa\u00edses, ni en la Iglesia universal se conseguir\u00e1 renovaci\u00f3n alguna, tal como la desea Jesucristo, si no se logra una mayor santidad en todos los niveles. El Concilio no es una f\u00f3rmula m\u00e1gica, que resuelva por s\u00ed misma los problemas. A trav\u00e9s de \u00e9l, el Esp\u00edritu Santo nos llama. Tenemos que responder nosotros.<\/p>\n\n\n\n<p>Roma, noviembre 1963.<\/p>\n\n\n\n<p><a href=\"#sdfootnote1anc\" id=\"sdfootnote1sym\">1<\/a> El texto \u00edntegro de la Carta est\u00e1 disponible en el siguiente enlace: <a href=\"https:\/\/www.cardenaldonmarcelo.es\/index.php\/docs\/el-porvenir-espiritual-de-nuestra-diocesis\/\" data-type=\"docs\" data-id=\"872\">El porvenir espiritual de nuestra di\u00f3cesis<\/a><\/p>\n","protected":false},"excerpt":{"rendered":"<p>Pr\u00f3logo a la publicaci\u00f3n en 1964 por Ediciones S\u00edgueme, Salamanca, de la Carta Pastoral de don Marcelo, Obispo de Astorga, el 23 de mayo de 1963, titulada \u00abEl porvenir espiritual de la Di\u00f3cesis\u00bb1 S\u00f3lo una vez, en esta Carta Pastoral, hago referencia expl\u00edcita al concilio ecum\u00e9nico Vaticano II, que estamos viviendo. Pero, en realidad, toda [&hellip;]<\/p>\n","protected":false},"author":1,"featured_media":0,"comment_status":"closed","ping_status":"closed","template":"","meta":{"saved_in_kubio":false,"_eb_attr":"","ngg_post_thumbnail":0,"footnotes":""},"doc_category":[26,75],"doc_tag":[],"class_list":["post-1372","docs","type-docs","status-publish","hentry","doc_category-la-iglesia","doc_category-prologos"],"year_month":"2026-04","word_count":756,"total_views":0,"reactions":{"happy":0,"normal":0,"sad":0},"author_info":{"name":"P. Webmaster","author_nicename":"currante","author_url":"https:\/\/www.cardenaldonmarcelo.es\/index.php\/author\/currante\/"},"doc_category_info":[{"term_name":"La Iglesia","term_url":"https:\/\/www.cardenaldonmarcelo.es\/index.php\/docs-category\/la-iglesia\/"},{"term_name":"Pr\u00f3logos","term_url":"https:\/\/www.cardenaldonmarcelo.es\/index.php\/docs-category\/prologos\/"}],"doc_tag_info":[],"_links":{"self":[{"href":"https:\/\/www.cardenaldonmarcelo.es\/index.php\/wp-json\/wp\/v2\/docs\/1372","targetHints":{"allow":["GET"]}}],"collection":[{"href":"https:\/\/www.cardenaldonmarcelo.es\/index.php\/wp-json\/wp\/v2\/docs"}],"about":[{"href":"https:\/\/www.cardenaldonmarcelo.es\/index.php\/wp-json\/wp\/v2\/types\/docs"}],"author":[{"embeddable":true,"href":"https:\/\/www.cardenaldonmarcelo.es\/index.php\/wp-json\/wp\/v2\/users\/1"}],"replies":[{"embeddable":true,"href":"https:\/\/www.cardenaldonmarcelo.es\/index.php\/wp-json\/wp\/v2\/comments?post=1372"}],"version-history":[{"count":1,"href":"https:\/\/www.cardenaldonmarcelo.es\/index.php\/wp-json\/wp\/v2\/docs\/1372\/revisions"}],"predecessor-version":[{"id":1373,"href":"https:\/\/www.cardenaldonmarcelo.es\/index.php\/wp-json\/wp\/v2\/docs\/1372\/revisions\/1373"}],"wp:attachment":[{"href":"https:\/\/www.cardenaldonmarcelo.es\/index.php\/wp-json\/wp\/v2\/media?parent=1372"}],"wp:term":[{"taxonomy":"doc_category","embeddable":true,"href":"https:\/\/www.cardenaldonmarcelo.es\/index.php\/wp-json\/wp\/v2\/doc_category?post=1372"},{"taxonomy":"doc_tag","embeddable":true,"href":"https:\/\/www.cardenaldonmarcelo.es\/index.php\/wp-json\/wp\/v2\/doc_tag?post=1372"}],"curies":[{"name":"wp","href":"https:\/\/api.w.org\/{rel}","templated":true}]}}

La renovación de la Iglesia

<p class="has-text-align-center has-small-font-size">Prólogo a la publicación en 1964 por Ediciones Sígueme, Salamanca, de la Carta Pastoral de don Marcelo, Obispo de Astorga, el 23 de mayo de 1963, titulada «El porvenir espiritual de la Diócesis»<a href="#sdfootnote1sym" id="sdfootnote1anc"><sup>1</sup></a></p>



<p>Sólo una vez, en esta <a href="https://www.cardenaldonmarcelo.es/index.php/docs/el-porvenir-espiritual-de-nuestra-diocesis/" data-type="docs" data-id="872">Carta Pastoral</a>, hago referencia explícita al concilio ecuménico Vaticano II, que estamos viviendo. Pero, en realidad, toda ella está escrita teniendo a la vista las perspectivas, que el concilio nos está abriendo. Aun en la hipótesis realmente extraña de que, por cualquier azar imprevisible, éste se interrumpiera y no se promulgara decreto ni constitución alguna, algo ha sido puesto en evidencia de manera irreversible, a saber, que la Iglesia quiere renovarse. Así dijeron los padres conciliares en su primer mensaje al mundo, al comienzo de la primera sesión. Y así se ha ido repitiendo infinidad de veces, dentro y fuera del aula conciliar, de palabra y por escrito, en continuas proclamaciones, que son un eco gozoso de las que en el mismo sentido han hecho Juan XXIII y Pablo VI, héroes auténticos de esta grandiosa empresa.</p>



<p>Séame permitido señalar de paso la singular belleza de una Institución, que no teme situarse de cara al mundo y proclamar a los cuatro vientos que necesita renovarse. Esta ausencia de temor se explica, si se tiene en cuenta que la Iglesia encuentra en sí misma la fuerza necesaria para la renovación que busca. Si tuviera que ir a pedirla prestada a alguien o a algo extraño a sí misma, la renovación buscada supondría debilidad en el organismo propio. No es este el caso. La Iglesia no está enferma ni envejecida.</p>



<p>En este esfuerzo que hace para renovarse, la Iglesia trabaja sobre dos bases previamente establecidas: sinceridad en el examen de sí misma, y unidad de propósitos en sus hombres responsables, ¡De qué manera tan conmovedora lo está cumpliendo! En cuanto a la sinceridad, incluso ha permitido a la prensa del mundo recoger intimidades, que parecían estar destinadas a permanecer bajo un perpetuo secreto. Y en cuanto a la unidad de propósitos tan grande es que, aun las divergencias que aparecen entre los hombres que hablan, no obedecen a fines diversos, sino a una misma intención, que cree poder lograr su objetivo por diversos caminos.</p>



<p>Una diócesis es en pequeño una representación de la Iglesia universal. Astorga es una cristiandad vieja y venerable, que quiere también renovarse. No está envejecida ni enferma. Se mira a sí misma y encuentra dentro de su alma la fuerza necesaria para la renovación pretendida.</p>



<p>Las encuentra, porque no es una lógica aparte, sino un miembro de la Iglesia universal viva, y lógicamente la corriente de renovación que circula por todo el organismo, tiene que llegar a sus diversos miembros. Las páginas que siguen las ha escrito, sí, su Obispo; pero le han sido dictadas por la propia diócesis que rige.</p>



<p>Nuestra Diócesis quiere moverse también sobre líneas de sinceridad y unidad de propósitos. Sinceridad en el examen, para no contentarnos con el recuerdo de las glorias pasadas, tantas y tan abundantes como fueron; unidad en todo y en todos, entre las instituciones y las personas, los planes de hoy y de mañana, la cultura y la piedad, la sociología y la gracia, el seminario y la parroquia, el apostolado activo y la fe, para que todo y todos tratemos de conseguir el mismo propósito: hacer a la Iglesia diocesana más hermosa.</p>



<p>Mas como todo será inútil, si no logramos una profunda renovación en el interior de nosotros mismos, los sacerdotes de Cristo, de ahí que la primera llamada de esta Carta Pastoral se dirija a nuestra propia conciencia, para señalar la necesidad de vivir las grandes e inalterables virtudes sacerdotales de siempre.</p>



<p>Porque de esto sí que podemos estar convencidos: ni en Astorga, ni en ninguna diócesis de España o de otros países, ni en la Iglesia universal se conseguirá renovación alguna, tal como la desea Jesucristo, si no se logra una mayor santidad en todos los niveles. El Concilio no es una fórmula mágica, que resuelva por sí misma los problemas. A través de él, el Espíritu Santo nos llama. Tenemos que responder nosotros.</p>



<p>Roma, noviembre 1963.</p>



<p><a href="#sdfootnote1anc" id="sdfootnote1sym">1</a> El texto íntegro de la Carta está disponible en el siguiente enlace: <a href="https://www.cardenaldonmarcelo.es/index.php/docs/el-porvenir-espiritual-de-nuestra-diocesis/" data-type="docs" data-id="872">El porvenir espiritual de nuestra diócesis</a></p>

<p>Prólogo a la publicación en 1964 por Ediciones Sígueme, Salamanca, de la Carta Pastoral de don Marcelo, Obispo de Astorga, el 23 de mayo de 1963, titulada «El porvenir espiritual de la Diócesis»1 Sólo una vez, en esta Carta Pastoral, hago referencia explícita al concilio ecuménico Vaticano II, que estamos viviendo. Pero, en realidad, toda [&hellip;]</p>

Prólogos
