{"id":1239,"date":"2026-08-31T12:46:54","date_gmt":"2026-08-31T10:46:54","guid":{"rendered":"https:\/\/www.cardenaldonmarcelo.es\/?post_type=docs&#038;p=1239"},"modified":"2026-08-31T12:46:54","modified_gmt":"2026-08-31T10:46:54","password":"","slug":"misa-funeral-en-la-plaza-de-oriente-madrid","status":"publish","type":"docs","link":"https:\/\/www.cardenaldonmarcelo.es\/index.php\/docs\/misa-funeral-en-la-plaza-de-oriente-madrid\/","title":{"rendered":"Misa funeral en la Plaza de Oriente, Madrid"},"content":{"rendered":"\n<p class=\"has-text-align-center has-small-font-size wp-block-paragraph\">Homil\u00eda pronunciada en la misa solemne de \u00abcorpore insepulto\u00bb celebrada, bajo la presidencia de los Reyes de Espa\u00f1a, el 23 de noviembre de 1975, en la Plaza de Oriente, Madrid.<\/p>\n\n\n\n<p class=\"wp-block-paragraph\">Hoy celebra la Iglesia la solemnidad de Jesucristo, Rey del Universo, Rey de la vida y de la muerte. De la vida, porque de \u00c9l, como de Dios, la hemos recibido. De la muerte, porque con su resurrecci\u00f3n la ha vencido en su cuerpo glorioso, y ha asegurado la misma victoria a los que creen en \u00c9l. \u00abYo soy la resurrecci\u00f3n y la vida, quien cree en m\u00ed, aunque haya muerto, vivir\u00e1, y todo aquel que vive y cree en m\u00ed no morir\u00e1 para siempre\u00bb (Jn 11, 25).<\/p>\n\n\n\n<p class=\"wp-block-paragraph\">Dejad que estas palabras crucen los cielos de la Plaza de Oriente y lleguen al coraz\u00f3n entristecido de los espa\u00f1oles. Transmit\u00eddselas vosotros mismos, los que con el m\u00e1s vivo dolor pod\u00e9is repetirlas, porque cre\u00e9is en Jesucristo y, por lo mismo, pod\u00e9is demostrar que vuestra esperanza es al menos tan grande como vuestro dolor.<\/p>\n\n\n\n<p class=\"wp-block-paragraph\">Vosotros, excelent\u00edsima se\u00f1ora y familiares de Francisco Franco, Reyes de Espa\u00f1a, Gobierno e instituciones de la naci\u00f3n. Su eco os ser\u00e1 devuelto inmediatamente por un pueblo inmenso, cuyo rumor se extiende sobre todas las tierras de Espa\u00f1a y por tantas otras partes del mundo. Ahora mismo acabo de recibir un telegrama de un obispo ingl\u00e9s, monse\u00f1or Holland, de Salford, que dice as\u00ed: \u00abEx corde participo dolorem tuum. Vivat in Christo bonus miles et dilecta patria\u00bb. \u00abParticipo de coraz\u00f3n en vuestro dolor. Que viva con Cristo el buen soldado y la patria amada\u00bb.<\/p>\n\n\n\n<p class=\"wp-block-paragraph\">Estamos celebrando el Santo Sacrificio de la Misa y elevamos nuestras plegarias a Dios por el alma del que hasta ahora ha sido nuestro Jefe de Estado. He ah\u00ed sus restos, ya sin otra grandeza que la del recuerdo que a\u00fan puede ofrecernos de la persona a quien pertenecieron, mientras vivi\u00f3 en este mundo. Frente a ellos nuestra fe nos habla, no del destino inmediato que les espera al ser depositados en un sepulcro, \u00a1sino de la eternidad del misterio de Dios Salvador en que su alma ser\u00e1 acogida, como lo ser\u00e1 tambi\u00e9n ese mismo cuerpo en el d\u00eda de la resurrecci\u00f3n final. \u00a1Oh cristianos, ni\u00f1os y adultos, mujeres y hombres creyentes, hermanos m\u00edos en la fe de Jesucristo!, que vuestro esp\u00edritu responda en este momento a las convicciones que nacen de nuestra conciencia religiosa. Ante este cad\u00e1ver han desfilado tantos que necesariamente han tenido que ser pocos, en comparaci\u00f3n con los muchos m\u00e1s que hubieran querido poder hacerlo, para dar testimonio de su amor al padre de la patria, que con tan perseverante desvelo se entreg\u00f3 a su servicio.<\/p>\n\n\n\n<p class=\"wp-block-paragraph\">Presentaremos a la adoraci\u00f3n de todos la Hostia Santa y pura de la Eucarist\u00eda, nos sentiremos incorporados a la oblaci\u00f3n del Se\u00f1or con la nuestra, podremos ceder, en beneficio de aquel a quien am\u00e1bamos, los m\u00e9ritos que por nuestra participaci\u00f3n pudieran correspondernos, y juntos rezaremos el Padrenuestro de la reconciliaci\u00f3n y la obediencia amorosa a la voluntad de Dios, que est\u00e1 en los cielos.<\/p>\n\n\n\n<p class=\"wp-block-paragraph\">Ese hombre llev\u00f3 una espada que le fue ofrecida en 1926 y un d\u00eda entreg\u00f3 al Cardenal Gom\u00e1, en el templo de Santa B\u00e1rbara de Madrid, para que la depositara en la Catedral de Toledo, donde ahora se guarda. Desde hoy s\u00f3lo tendr\u00e1 sobre su tumba la compa\u00f1\u00eda de la cruz. En esos dos s\u00edmbolos se encierra medio siglo de la historia de nuestra patria, que ni es tan extra\u00f1a como algunos quieren decirnos, ni tan simple como quieren se\u00f1alar otros. \u00a1Ojal\u00e1 esa espada \u2013\u00e9l mismo lo dijo\u2013 no hubiera sido necesaria; ojal\u00e1 esa cruz hubiera sido siempre dulce cobijo y est\u00edmulo apremiante para la justicia y el amor entre los espa\u00f1oles!<\/p>\n\n\n\n<p class=\"wp-block-paragraph\">En este momento en que hablan las l\u00e1grimas y brotan incontenidas las esperanzas y los anhelos de toda Espa\u00f1a, el patriotismo como virtud religiosa, no como exaltaci\u00f3n apasionada, pide de nosotros que levantemos nuestra mirada precisamente hacia la cruz bendita, para renovar ante ella prop\u00f3sitos individuales y colectivos que nos ayuden a vivir en la verdad, la justicia, el amor y la paz, exigencias del Reino de Cristo en el mundo.<\/p>\n\n\n\n<p class=\"wp-block-paragraph\">Brille la luz del agradecimiento por el inmenso legado de realidades positivas que nos deja ese hombre excepcional. Gratitud que est\u00e1 expresando el pueblo y que le debemos todos, la sociedad civil y la Iglesia, la juventud y los adultos, la justicia social y la cultura extendida a todos los sectores. Recordar y agradecer no ser\u00e1 nunca inmovilismo rechazable, sino fidelidad estimulante, sencillamente porque las patrias no se hacen en un d\u00eda, y todo cuanto ma\u00f1ana pueda ser perfeccionado encontrar\u00e1 las ra\u00edces de su desarrollo en lo que se ha estado haciendo ayer y hoy, en medio de tantas dificultades.<\/p>\n\n\n\n<p class=\"wp-block-paragraph\">Con la gratitud por lo que hizo y siguiendo el ejemplo que nos dio, es necesaria, mirando al futuro, no s\u00f3lo la esperanza, irrenunciable en cualquier hip\u00f3tesis mientras que el hombre es hombre, sino algo m\u00e1s, la ilusi\u00f3n creadora de paz y de progreso, que es una actitud menos conformista y m\u00e1s dif\u00edcil, porque obliga a conciliar todos los esfuerzos de la imaginaci\u00f3n bien orientada con la bondad del coraz\u00f3n y la buena voluntad. Ardua tarea a la que hemos de entregarnos a trav\u00e9s de las peque\u00f1as cosas de cada d\u00eda y con las decisiones importantes de la vida p\u00fablica, para que la libertad sea eficiente y ordenada, el pluralismo nos enriquezca en lugar de disgregarnos, la comprensi\u00f3n facilite el an\u00e1lisis necesario de las situaciones, y toda la naci\u00f3n, jam\u00e1s esclava de las ideolog\u00edas que por su naturaleza tienden a destruirla, avance hacia una integraci\u00f3n m\u00e1s serena de sus hijos, unidos en un abrazo como el que \u00e9l ha querido darnos a todos a la hora de morir, invocando en la conciencia los nombres de Dios y de Espa\u00f1a.<\/p>\n\n\n\n<p class=\"wp-block-paragraph\">Mas \u00a1qu\u00e9 f\u00e1cil es proclamar principios y manifestar deseos cuando no se tienen las responsabilidades, que atan o abren las manos! Por eso, en este momento, todav\u00eda lleno de aflicci\u00f3n, pero ya abierto hacia los nuevos rumbos que se dibujan en el horizonte, incapaz yo de dar consejos y temeroso de que tambi\u00e9n los hombres de la Iglesia podemos excedernos con nuestra mejor voluntad, me detengo con respeto ante vosotros, hijos de Espa\u00f1a, y apelo a vuestra conciencia de ciudadanos rectos, o a vuestra fe religiosa en los que la profesan, para que no os cans\u00e9is nunca de ser sembradores de paz y de concordia al servicio de un orden justo. Dentro del cual y sin tratar de imponer a nadie convicciones que puedan no compartir, habr\u00e9is de permitir, a quien habla como obispo de la Iglesia, que afirme mi fe en que siempre hay una voz que puede ser escuchada: la voz de Dios que en la vida y en la muerte nos llama sin cesar al perd\u00f3n, al amor, a la justicia, y a las realizaciones pr\u00e1cticas con que esas actitudes tienen que manifestarse en la vida social de los pueblos. Estoy hablando de Dios, porque creo muy poco en la eficacia duradera de los simples humanismos sociales. Jam\u00e1s han existido tantos, y jam\u00e1s han aparecido tantas incertidumbres en las conciencias de los hombres que se llaman libres.<\/p>\n\n\n\n<p class=\"wp-block-paragraph\">Ese pueblo que sufre es tambi\u00e9n un pueblo que espera y sabe amar. Todos, desde el m\u00e1s alto al m\u00e1s bajo, en esta hora solemne en que se escriben cap\u00edtulos tan importantes de nuestra historia, tenemos grav\u00edsimos deberes que cumplir; a todos se nos dice que, si el grano de trigo no muere y se hunde en la tierra, queda infecundo. La civilizaci\u00f3n cristiana, a la que quiso servir y sirvi\u00f3 Francisco Franco, y sin la cual la libertad es una quimera, nos habla de la necesidad de Dios en nuestras vidas. Sin \u00c9l y sus leyes divinas, el hombre muere, ahogado por un materialismo que envilece.<\/p>\n\n\n\n<p class=\"wp-block-paragraph\">Para Vos, Majestad, que al d\u00eda siguiente de ser proclamado Rey os toca presidir las exequias del hombre singular que os llam\u00f3 a su lado cuando erais ni\u00f1o, pido al Se\u00f1or que os d\u00e9 sabidur\u00eda para ser Rey de todos los espa\u00f1oles, como tan noblemente hab\u00e9is afirmado, y que el combate por la justicia y la paz dentro del sentido cristiano de la vida no cese nunca. Y pido, para el que os llam\u00f3, que el mismo Dios le acoja benigno en su misericordia infinita, tal como humildemente se lo suplic\u00f3 cuando le llegaba la muerte.<\/p>\n\n\n\n<p class=\"wp-block-paragraph\">Y que la patria perdone tambi\u00e9n a sus hijos, a todos cuantos lo merezcan. Ser\u00e1 el primer fruto de un amor que comienza, y el postrero de una vida que acaba de extinguirse. <em>\u00a1Requiem aeternam dona ei, Domine, et lux perpetua luceat ei!<\/em><\/p>\n","protected":false},"excerpt":{"rendered":"<p>Homil\u00eda pronunciada en la misa solemne de \u00abcorpore insepulto\u00bb celebrada, bajo la presidencia de los Reyes de Espa\u00f1a, el 23 de noviembre de 1975, en la Plaza de Oriente, Madrid. Hoy celebra la Iglesia la solemnidad de Jesucristo, Rey del Universo, Rey de la vida y de la muerte. De la vida, porque de \u00c9l, [&hellip;]<\/p>\n","protected":false},"author":1,"featured_media":0,"comment_status":"closed","ping_status":"closed","template":"","meta":{"saved_in_kubio":false,"_eb_attr":"","ngg_post_thumbnail":0,"footnotes":""},"doc_category":[72],"doc_tag":[],"class_list":["post-1239","docs","type-docs","status-publish","hentry","doc_category-temas-diversos"],"year_month":"2026-09","word_count":1537,"total_views":0,"reactions":{"happy":0,"normal":0,"sad":0},"author_info":{"name":"P. Webmaster","author_nicename":"currante","author_url":"https:\/\/www.cardenaldonmarcelo.es\/index.php\/author\/currante\/"},"doc_category_info":[{"term_name":"Temas diversos","term_url":"https:\/\/www.cardenaldonmarcelo.es\/index.php\/docs-category\/temas-diversos\/"}],"doc_tag_info":[],"_links":{"self":[{"href":"https:\/\/www.cardenaldonmarcelo.es\/index.php\/wp-json\/wp\/v2\/docs\/1239","targetHints":{"allow":["GET"]}}],"collection":[{"href":"https:\/\/www.cardenaldonmarcelo.es\/index.php\/wp-json\/wp\/v2\/docs"}],"about":[{"href":"https:\/\/www.cardenaldonmarcelo.es\/index.php\/wp-json\/wp\/v2\/types\/docs"}],"author":[{"embeddable":true,"href":"https:\/\/www.cardenaldonmarcelo.es\/index.php\/wp-json\/wp\/v2\/users\/1"}],"replies":[{"embeddable":true,"href":"https:\/\/www.cardenaldonmarcelo.es\/index.php\/wp-json\/wp\/v2\/comments?post=1239"}],"version-history":[{"count":1,"href":"https:\/\/www.cardenaldonmarcelo.es\/index.php\/wp-json\/wp\/v2\/docs\/1239\/revisions"}],"predecessor-version":[{"id":1240,"href":"https:\/\/www.cardenaldonmarcelo.es\/index.php\/wp-json\/wp\/v2\/docs\/1239\/revisions\/1240"}],"wp:attachment":[{"href":"https:\/\/www.cardenaldonmarcelo.es\/index.php\/wp-json\/wp\/v2\/media?parent=1239"}],"wp:term":[{"taxonomy":"doc_category","embeddable":true,"href":"https:\/\/www.cardenaldonmarcelo.es\/index.php\/wp-json\/wp\/v2\/doc_category?post=1239"},{"taxonomy":"doc_tag","embeddable":true,"href":"https:\/\/www.cardenaldonmarcelo.es\/index.php\/wp-json\/wp\/v2\/doc_tag?post=1239"}],"curies":[{"name":"wp","href":"https:\/\/api.w.org\/{rel}","templated":true}]}}

<p class="has-text-align-center has-small-font-size wp-block-paragraph">Homilía pronunciada en la misa solemne de «corpore insepulto» celebrada, bajo la presidencia de los Reyes de España, el 23 de noviembre de 1975, en la Plaza de Oriente, Madrid.</p>



<p class="wp-block-paragraph">Hoy celebra la Iglesia la solemnidad de Jesucristo, Rey del Universo, Rey de la vida y de la muerte. De la vida, porque de Él, como de Dios, la hemos recibido. De la muerte, porque con su resurrección la ha vencido en su cuerpo glorioso, y ha asegurado la misma victoria a los que creen en Él. «Yo soy la resurrección y la vida, quien cree en mí, aunque haya muerto, vivirá, y todo aquel que vive y cree en mí no morirá para siempre» (Jn 11, 25).</p>



<p class="wp-block-paragraph">Dejad que estas palabras crucen los cielos de la Plaza de Oriente y lleguen al corazón entristecido de los españoles. Transmitídselas vosotros mismos, los que con el más vivo dolor podéis repetirlas, porque creéis en Jesucristo y, por lo mismo, podéis demostrar que vuestra esperanza es al menos tan grande como vuestro dolor.</p>



<p class="wp-block-paragraph">Vosotros, excelentísima señora y familiares de Francisco Franco, Reyes de España, Gobierno e instituciones de la nación. Su eco os será devuelto inmediatamente por un pueblo inmenso, cuyo rumor se extiende sobre todas las tierras de España y por tantas otras partes del mundo. Ahora mismo acabo de recibir un telegrama de un obispo inglés, monseñor Holland, de Salford, que dice así: «Ex corde participo dolorem tuum. Vivat in Christo bonus miles et dilecta patria». «Participo de corazón en vuestro dolor. Que viva con Cristo el buen soldado y la patria amada».</p>



<p class="wp-block-paragraph">Estamos celebrando el Santo Sacrificio de la Misa y elevamos nuestras plegarias a Dios por el alma del que hasta ahora ha sido nuestro Jefe de Estado. He ahí sus restos, ya sin otra grandeza que la del recuerdo que aún puede ofrecernos de la persona a quien pertenecieron, mientras vivió en este mundo. Frente a ellos nuestra fe nos habla, no del destino inmediato que les espera al ser depositados en un sepulcro, ¡sino de la eternidad del misterio de Dios Salvador en que su alma será acogida, como lo será también ese mismo cuerpo en el día de la resurrección final. ¡Oh cristianos, niños y adultos, mujeres y hombres creyentes, hermanos míos en la fe de Jesucristo!, que vuestro espíritu responda en este momento a las convicciones que nacen de nuestra conciencia religiosa. Ante este cadáver han desfilado tantos que necesariamente han tenido que ser pocos, en comparación con los muchos más que hubieran querido poder hacerlo, para dar testimonio de su amor al padre de la patria, que con tan perseverante desvelo se entregó a su servicio.</p>



<p class="wp-block-paragraph">Presentaremos a la adoración de todos la Hostia Santa y pura de la Eucaristía, nos sentiremos incorporados a la oblación del Señor con la nuestra, podremos ceder, en beneficio de aquel a quien amábamos, los méritos que por nuestra participación pudieran correspondernos, y juntos rezaremos el Padrenuestro de la reconciliación y la obediencia amorosa a la voluntad de Dios, que está en los cielos.</p>



<p class="wp-block-paragraph">Ese hombre llevó una espada que le fue ofrecida en 1926 y un día entregó al Cardenal Gomá, en el templo de Santa Bárbara de Madrid, para que la depositara en la Catedral de Toledo, donde ahora se guarda. Desde hoy sólo tendrá sobre su tumba la compañía de la cruz. En esos dos símbolos se encierra medio siglo de la historia de nuestra patria, que ni es tan extraña como algunos quieren decirnos, ni tan simple como quieren señalar otros. ¡Ojalá esa espada –él mismo lo dijo– no hubiera sido necesaria; ojalá esa cruz hubiera sido siempre dulce cobijo y estímulo apremiante para la justicia y el amor entre los españoles!</p>



<p class="wp-block-paragraph">En este momento en que hablan las lágrimas y brotan incontenidas las esperanzas y los anhelos de toda España, el patriotismo como virtud religiosa, no como exaltación apasionada, pide de nosotros que levantemos nuestra mirada precisamente hacia la cruz bendita, para renovar ante ella propósitos individuales y colectivos que nos ayuden a vivir en la verdad, la justicia, el amor y la paz, exigencias del Reino de Cristo en el mundo.</p>



<p class="wp-block-paragraph">Brille la luz del agradecimiento por el inmenso legado de realidades positivas que nos deja ese hombre excepcional. Gratitud que está expresando el pueblo y que le debemos todos, la sociedad civil y la Iglesia, la juventud y los adultos, la justicia social y la cultura extendida a todos los sectores. Recordar y agradecer no será nunca inmovilismo rechazable, sino fidelidad estimulante, sencillamente porque las patrias no se hacen en un día, y todo cuanto mañana pueda ser perfeccionado encontrará las raíces de su desarrollo en lo que se ha estado haciendo ayer y hoy, en medio de tantas dificultades.</p>



<p class="wp-block-paragraph">Con la gratitud por lo que hizo y siguiendo el ejemplo que nos dio, es necesaria, mirando al futuro, no sólo la esperanza, irrenunciable en cualquier hipótesis mientras que el hombre es hombre, sino algo más, la ilusión creadora de paz y de progreso, que es una actitud menos conformista y más difícil, porque obliga a conciliar todos los esfuerzos de la imaginación bien orientada con la bondad del corazón y la buena voluntad. Ardua tarea a la que hemos de entregarnos a través de las pequeñas cosas de cada día y con las decisiones importantes de la vida pública, para que la libertad sea eficiente y ordenada, el pluralismo nos enriquezca en lugar de disgregarnos, la comprensión facilite el análisis necesario de las situaciones, y toda la nación, jamás esclava de las ideologías que por su naturaleza tienden a destruirla, avance hacia una integración más serena de sus hijos, unidos en un abrazo como el que él ha querido darnos a todos a la hora de morir, invocando en la conciencia los nombres de Dios y de España.</p>



<p class="wp-block-paragraph">Mas ¡qué fácil es proclamar principios y manifestar deseos cuando no se tienen las responsabilidades, que atan o abren las manos! Por eso, en este momento, todavía lleno de aflicción, pero ya abierto hacia los nuevos rumbos que se dibujan en el horizonte, incapaz yo de dar consejos y temeroso de que también los hombres de la Iglesia podemos excedernos con nuestra mejor voluntad, me detengo con respeto ante vosotros, hijos de España, y apelo a vuestra conciencia de ciudadanos rectos, o a vuestra fe religiosa en los que la profesan, para que no os canséis nunca de ser sembradores de paz y de concordia al servicio de un orden justo. Dentro del cual y sin tratar de imponer a nadie convicciones que puedan no compartir, habréis de permitir, a quien habla como obispo de la Iglesia, que afirme mi fe en que siempre hay una voz que puede ser escuchada: la voz de Dios que en la vida y en la muerte nos llama sin cesar al perdón, al amor, a la justicia, y a las realizaciones prácticas con que esas actitudes tienen que manifestarse en la vida social de los pueblos. Estoy hablando de Dios, porque creo muy poco en la eficacia duradera de los simples humanismos sociales. Jamás han existido tantos, y jamás han aparecido tantas incertidumbres en las conciencias de los hombres que se llaman libres.</p>



<p class="wp-block-paragraph">Ese pueblo que sufre es también un pueblo que espera y sabe amar. Todos, desde el más alto al más bajo, en esta hora solemne en que se escriben capítulos tan importantes de nuestra historia, tenemos gravísimos deberes que cumplir; a todos se nos dice que, si el grano de trigo no muere y se hunde en la tierra, queda infecundo. La civilización cristiana, a la que quiso servir y sirvió Francisco Franco, y sin la cual la libertad es una quimera, nos habla de la necesidad de Dios en nuestras vidas. Sin Él y sus leyes divinas, el hombre muere, ahogado por un materialismo que envilece.</p>



<p class="wp-block-paragraph">Para Vos, Majestad, que al día siguiente de ser proclamado Rey os toca presidir las exequias del hombre singular que os llamó a su lado cuando erais niño, pido al Señor que os dé sabiduría para ser Rey de todos los españoles, como tan noblemente habéis afirmado, y que el combate por la justicia y la paz dentro del sentido cristiano de la vida no cese nunca. Y pido, para el que os llamó, que el mismo Dios le acoja benigno en su misericordia infinita, tal como humildemente se lo suplicó cuando le llegaba la muerte.</p>



<p class="wp-block-paragraph">Y que la patria perdone también a sus hijos, a todos cuantos lo merezcan. Será el primer fruto de un amor que comienza, y el postrero de una vida que acaba de extinguirse. <em>¡Requiem aeternam dona ei, Domine, et lux perpetua luceat ei!</em></p>

<p>Homilía pronunciada en la misa solemne de «corpore insepulto» celebrada, bajo la presidencia de los Reyes de España, el 23 de noviembre de 1975, en la Plaza de Oriente, Madrid. Hoy celebra la Iglesia la solemnidad de Jesucristo, Rey del Universo, Rey de la vida y de la muerte. De la vida, porque de Él, [&hellip;]</p>
