{"id":1235,"date":"2026-08-31T12:46:54","date_gmt":"2026-08-31T10:46:54","guid":{"rendered":"https:\/\/www.cardenaldonmarcelo.es\/?post_type=docs&#038;p=1235"},"modified":"2026-08-31T12:46:54","modified_gmt":"2026-08-31T10:46:54","password":"","slug":"franco-hombre-creyente-articulo-en-abc","status":"publish","type":"docs","link":"https:\/\/www.cardenaldonmarcelo.es\/index.php\/docs\/franco-hombre-creyente-articulo-en-abc\/","title":{"rendered":"Franco, hombre creyente &#8211; art\u00edculo en ABC"},"content":{"rendered":"\n<ol start=\"3\" style=\"list-style-type:upper-roman\" class=\"wp-block-list\"><\/ol>\n\n\n\n<p class=\"has-text-align-center has-small-font-size wp-block-paragraph\">Declaraci\u00f3n publicada, a petici\u00f3n del director de <em>ABC,<\/em> en la edici\u00f3n de este diario madrile\u00f1o el 21 de noviembre de 1975, reproducida en BOAT enero 1976, 33-34.<\/p>\n\n\n\n<p class=\"wp-block-paragraph\">Yo no entro a juzgar la obra de Franco desde el punto de vista pol\u00edtico. No es mi misi\u00f3n. Para m\u00ed hay otros valores m\u00e1s altos, sin los cuales la pol\u00edtica, a la larga, tiene siempre algo de obligada frustraci\u00f3n. Valores que se llaman paz, progreso ordenado, uso ponderado de la libertad, anhelo de justicia, trabajo creador, y, por encima de todo, sentido religioso de la vida que da a las empresas humanas, individuales o colectivas, la categor\u00eda suprema que ennoblece a los hombres.<\/p>\n\n\n\n<p class=\"wp-block-paragraph\">Creo que durante los a\u00f1os que hemos vivido bajo la direcci\u00f3n de Francisco Franco, este conjunto de valores ha brillado con fulgor suficiente en la vida nacional como aspiraci\u00f3n nobil\u00edsima, como logro alcanzado en grandes proporciones y como est\u00edmulo permanente para un perfeccionamiento progresivo y constante, al cual ning\u00fan pueblo tiene derecho a renunciar.<\/p>\n\n\n\n<p class=\"wp-block-paragraph\">Como gobernante de un pa\u00eds que pas\u00f3 por una de las mayores tragedias que pueden amenazar la supervivencia de un pueblo, han brillado en \u00e9l dos excelsas cualidades: la magnanimidad y la prudencia. Pienso que estas dos virtudes, tan sabiamente practicadas, explican algo del secreto de ese prodigio que hoy se da cuando el pueblo sencillo habla de \u00e9l, m\u00e1s que como un jefe, de un padre de la Patria.<\/p>\n\n\n\n<p class=\"wp-block-paragraph\">Pero, sobre todo, he admirado siempre en \u00e9l su sentido religioso-cat\u00f3lico, tan noble y tan profundo. Me parece que su comportamiento tan ejemplar, p\u00fablico y privado, en esta materia tiene una significaci\u00f3n excepcional en este mundo moderno en que el hombre, frente a los sistemas pol\u00edticos que tratan de conducir a la sociedad, se siente interiormente cada vez m\u00e1s desamparado y m\u00e1s solo, es decir, menos hombre.<\/p>\n\n\n\n<p class=\"wp-block-paragraph\">Y esto es distinto de las relaciones concretas entre la Iglesia y el Estado en cuanto se refiere a los cauces jur\u00eddicos por donde \u00e9stas deben discurrir. Accidental y temporalmente puede haber situaciones en que \u00e9stas se entorpecen por m\u00faltiples motivos, hasta que un di\u00e1logo continuado, lleno de amistad y de respeto, termina por eliminar las dificultades originadas hasta lograr un esclarecimiento que permite ver mejor c\u00f3mo hay que regular, por el bien de los ciudadanos y de los miembros de la Iglesia, la necesaria armon\u00eda y la necesaria independencia. De ambas condiciones fundamentales en una actuaci\u00f3n de alta pol\u00edtica y vigorosamente actuales despu\u00e9s del Concilio Vaticano II, habl\u00f3 Franco con la discreci\u00f3n que le era habitual.<\/p>\n\n\n\n<p class=\"wp-block-paragraph\">Han sido muchas las cosas que han sucedido en Espa\u00f1a desde 1931 para que este asunto pueda ser tratado con ligereza. Un futuro no demasiado remoto nos ense\u00f1ar\u00e1 a todos a comprender mejor lo que todav\u00eda es presente. Es un tributo que hay que pagar casi siempre. Ojal\u00e1, en medio de los avatares que puedan producirse, no nos conduzca a una funesta disminuci\u00f3n del sentido religioso de la vida. Y \u00e9ste no se da, cuando no hay una fe viva, en un Dios personal y trascendente.<\/p>\n\n\n\n<p class=\"wp-block-paragraph\">Un d\u00eda y en un momento propicio a la confidencia me atrev\u00ed a preguntarle: \u00ab\u00bfEs cierto que Vuestra Excelencia no ha perdido nunca la serenidad en tales circunstancias?\u00bb Y Franco me contest\u00f3: \u00abJam\u00e1s; siempre he cre\u00eddo que la vida del hombre est\u00e1 en manos de Dios\u00bb.<\/p>\n","protected":false},"excerpt":{"rendered":"<p>Declaraci\u00f3n publicada, a petici\u00f3n del director de ABC, en la edici\u00f3n de este diario madrile\u00f1o el 21 de noviembre de 1975, reproducida en BOAT enero 1976, 33-34. Yo no entro a juzgar la obra de Franco desde el punto de vista pol\u00edtico. No es mi misi\u00f3n. Para m\u00ed hay otros valores m\u00e1s altos, sin los [&hellip;]<\/p>\n","protected":false},"author":1,"featured_media":0,"comment_status":"closed","ping_status":"closed","template":"","meta":{"saved_in_kubio":false,"_eb_attr":"","ngg_post_thumbnail":0,"footnotes":""},"doc_category":[72],"doc_tag":[],"class_list":["post-1235","docs","type-docs","status-publish","hentry","doc_category-temas-diversos"],"year_month":"2026-09","word_count":587,"total_views":0,"reactions":{"happy":0,"normal":0,"sad":0},"author_info":{"name":"P. Webmaster","author_nicename":"currante","author_url":"https:\/\/www.cardenaldonmarcelo.es\/index.php\/author\/currante\/"},"doc_category_info":[{"term_name":"Temas diversos","term_url":"https:\/\/www.cardenaldonmarcelo.es\/index.php\/docs-category\/temas-diversos\/"}],"doc_tag_info":[],"_links":{"self":[{"href":"https:\/\/www.cardenaldonmarcelo.es\/index.php\/wp-json\/wp\/v2\/docs\/1235","targetHints":{"allow":["GET"]}}],"collection":[{"href":"https:\/\/www.cardenaldonmarcelo.es\/index.php\/wp-json\/wp\/v2\/docs"}],"about":[{"href":"https:\/\/www.cardenaldonmarcelo.es\/index.php\/wp-json\/wp\/v2\/types\/docs"}],"author":[{"embeddable":true,"href":"https:\/\/www.cardenaldonmarcelo.es\/index.php\/wp-json\/wp\/v2\/users\/1"}],"replies":[{"embeddable":true,"href":"https:\/\/www.cardenaldonmarcelo.es\/index.php\/wp-json\/wp\/v2\/comments?post=1235"}],"version-history":[{"count":1,"href":"https:\/\/www.cardenaldonmarcelo.es\/index.php\/wp-json\/wp\/v2\/docs\/1235\/revisions"}],"predecessor-version":[{"id":1237,"href":"https:\/\/www.cardenaldonmarcelo.es\/index.php\/wp-json\/wp\/v2\/docs\/1235\/revisions\/1237"}],"wp:attachment":[{"href":"https:\/\/www.cardenaldonmarcelo.es\/index.php\/wp-json\/wp\/v2\/media?parent=1235"}],"wp:term":[{"taxonomy":"doc_category","embeddable":true,"href":"https:\/\/www.cardenaldonmarcelo.es\/index.php\/wp-json\/wp\/v2\/doc_category?post=1235"},{"taxonomy":"doc_tag","embeddable":true,"href":"https:\/\/www.cardenaldonmarcelo.es\/index.php\/wp-json\/wp\/v2\/doc_tag?post=1235"}],"curies":[{"name":"wp","href":"https:\/\/api.w.org\/{rel}","templated":true}]}}

Franco, hombre creyente &#8211; artículo en ABC

<ol start="3" style="list-style-type:upper-roman" class="wp-block-list"></ol>



<p class="has-text-align-center has-small-font-size wp-block-paragraph">Declaración publicada, a petición del director de <em>ABC,</em> en la edición de este diario madrileño el 21 de noviembre de 1975, reproducida en BOAT enero 1976, 33-34.</p>



<p class="wp-block-paragraph">Yo no entro a juzgar la obra de Franco desde el punto de vista político. No es mi misión. Para mí hay otros valores más altos, sin los cuales la política, a la larga, tiene siempre algo de obligada frustración. Valores que se llaman paz, progreso ordenado, uso ponderado de la libertad, anhelo de justicia, trabajo creador, y, por encima de todo, sentido religioso de la vida que da a las empresas humanas, individuales o colectivas, la categoría suprema que ennoblece a los hombres.</p>



<p class="wp-block-paragraph">Creo que durante los años que hemos vivido bajo la dirección de Francisco Franco, este conjunto de valores ha brillado con fulgor suficiente en la vida nacional como aspiración nobilísima, como logro alcanzado en grandes proporciones y como estímulo permanente para un perfeccionamiento progresivo y constante, al cual ningún pueblo tiene derecho a renunciar.</p>



<p class="wp-block-paragraph">Como gobernante de un país que pasó por una de las mayores tragedias que pueden amenazar la supervivencia de un pueblo, han brillado en él dos excelsas cualidades: la magnanimidad y la prudencia. Pienso que estas dos virtudes, tan sabiamente practicadas, explican algo del secreto de ese prodigio que hoy se da cuando el pueblo sencillo habla de él, más que como un jefe, de un padre de la Patria.</p>



<p class="wp-block-paragraph">Pero, sobre todo, he admirado siempre en él su sentido religioso-católico, tan noble y tan profundo. Me parece que su comportamiento tan ejemplar, público y privado, en esta materia tiene una significación excepcional en este mundo moderno en que el hombre, frente a los sistemas políticos que tratan de conducir a la sociedad, se siente interiormente cada vez más desamparado y más solo, es decir, menos hombre.</p>



<p class="wp-block-paragraph">Y esto es distinto de las relaciones concretas entre la Iglesia y el Estado en cuanto se refiere a los cauces jurídicos por donde éstas deben discurrir. Accidental y temporalmente puede haber situaciones en que éstas se entorpecen por múltiples motivos, hasta que un diálogo continuado, lleno de amistad y de respeto, termina por eliminar las dificultades originadas hasta lograr un esclarecimiento que permite ver mejor cómo hay que regular, por el bien de los ciudadanos y de los miembros de la Iglesia, la necesaria armonía y la necesaria independencia. De ambas condiciones fundamentales en una actuación de alta política y vigorosamente actuales después del Concilio Vaticano II, habló Franco con la discreción que le era habitual.</p>



<p class="wp-block-paragraph">Han sido muchas las cosas que han sucedido en España desde 1931 para que este asunto pueda ser tratado con ligereza. Un futuro no demasiado remoto nos enseñará a todos a comprender mejor lo que todavía es presente. Es un tributo que hay que pagar casi siempre. Ojalá, en medio de los avatares que puedan producirse, no nos conduzca a una funesta disminución del sentido religioso de la vida. Y éste no se da, cuando no hay una fe viva, en un Dios personal y trascendente.</p>



<p class="wp-block-paragraph">Un día y en un momento propicio a la confidencia me atreví a preguntarle: «¿Es cierto que Vuestra Excelencia no ha perdido nunca la serenidad en tales circunstancias?» Y Franco me contestó: «Jamás; siempre he creído que la vida del hombre está en manos de Dios».</p>

<p>Declaración publicada, a petición del director de ABC, en la edición de este diario madrileño el 21 de noviembre de 1975, reproducida en BOAT enero 1976, 33-34. Yo no entro a juzgar la obra de Franco desde el punto de vista político. No es mi misión. Para mí hay otros valores más altos, sin los [&hellip;]</p>
