{"id":1232,"date":"2026-08-31T12:46:54","date_gmt":"2026-08-31T10:46:54","guid":{"rendered":"https:\/\/www.cardenaldonmarcelo.es\/?post_type=docs&#038;p=1232"},"modified":"2026-08-31T12:46:54","modified_gmt":"2026-08-31T10:46:54","password":"","slug":"ante-la-muerte-del-jefe-de-estado-escrito-en-el-boletin-arzobispal-de-toledo","status":"publish","type":"docs","link":"https:\/\/www.cardenaldonmarcelo.es\/index.php\/docs\/ante-la-muerte-del-jefe-de-estado-escrito-en-el-boletin-arzobispal-de-toledo\/","title":{"rendered":"Ante la muerte del Jefe de Estado &#8211; escrito en el Bolet\u00edn arzobispal de Toledo"},"content":{"rendered":"\n<p class=\"has-text-align-center has-small-font-size wp-block-paragraph\">Exhortaci\u00f3n pastoral, publicada el 20 de noviembre de 1975, con motivo del fallecimiento del Jefe del Estado espa\u00f1ol, don Francisco Franco Bahamonde, publicada en BOAT enero 1976, 27-28.<\/p>\n\n\n\n<p class=\"wp-block-paragraph\">Queridos diocesanos:<\/p>\n\n\n\n<p class=\"wp-block-paragraph\">Ante el fallecimiento de Su Excelencia el Jefe del Estado espa\u00f1ol, me dirijo a todos vosotros para pediros vuestras oraciones por el eterno descanso de su alma.<\/p>\n\n\n\n<p class=\"wp-block-paragraph\">Es una hora triste para la patria espa\u00f1ola, porque desaparece el que con tanta abnegaci\u00f3n, llevada hasta el hero\u00edsmo de una manera casi permanente, se ha sacrificado por ella durante toda su vida. Pero esta tristeza no debe en ning\u00fan momento apagar nuestros sentimientos de esperanza cristiana, que precisamente han de manifestarse con serenidad de esp\u00edritu ante el hecho de la muerte. La esperanza es ahora confianza en Dios y s\u00faplica fervorosa para que el Se\u00f1or se apiade del que ha fallecido, le conceda el perd\u00f3n de sus pecados y le otorgue el premio de la vida eterna que por los m\u00e9ritos infinitos de Cristo es ofrecido a cuantos creen en \u00c9l.<\/p>\n\n\n\n<p class=\"wp-block-paragraph\">Oraciones tambi\u00e9n por su esposa y sus familiares, seres humanos al fin que, como todos, al ver morir a quien amaban, necesitan el consuelo de la fe para su esp\u00edritu atribulado.<\/p>\n\n\n\n<p class=\"wp-block-paragraph\">Y, a\u00fan m\u00e1s, pido vuestras oraciones por Espa\u00f1a y por todos los espa\u00f1oles para que la paz, la prosperidad y el justo desarrollo de la vida del pa\u00eds merezcan de unos y de otros el empe\u00f1o m\u00e1s noble a cuyo servicio pongan todas sus energ\u00edas. Nadie arrebatar\u00e1 jam\u00e1s al Jefe del Estado que acaba de morir el honor de ocupar una de las p\u00e1ginas m\u00e1s gloriosas en los anales de la historia patria. La que \u00e9l ha escrito con su vida y con su muerte es tan excelsa que podr\u00e1 seguir iluminando a todos los espa\u00f1oles con tal de que exista una sola actitud: buena voluntad.<\/p>\n\n\n\n<p class=\"wp-block-paragraph\">Aparte los sufragios que espont\u00e1neamente quer\u00e1is ofrecer, seg\u00fan vuestra piedad, las autoridades civiles y eclesi\u00e1sticas se pondr\u00e1n de acuerdo para celebrar oportunamente solemnes funerales en la Santa Iglesia Catedral, en el Seminario diocesano y en todas las parroquias de la di\u00f3cesis.<\/p>\n","protected":false},"excerpt":{"rendered":"<p>Exhortaci\u00f3n pastoral, publicada el 20 de noviembre de 1975, con motivo del fallecimiento del Jefe del Estado espa\u00f1ol, don Francisco Franco Bahamonde, publicada en BOAT enero 1976, 27-28. Queridos diocesanos: Ante el fallecimiento de Su Excelencia el Jefe del Estado espa\u00f1ol, me dirijo a todos vosotros para pediros vuestras oraciones por el eterno descanso de [&hellip;]<\/p>\n","protected":false},"author":1,"featured_media":0,"comment_status":"closed","ping_status":"closed","template":"","meta":{"saved_in_kubio":false,"_eb_attr":"","ngg_post_thumbnail":0,"footnotes":""},"doc_category":[72],"doc_tag":[],"class_list":["post-1232","docs","type-docs","status-publish","hentry","doc_category-temas-diversos"],"year_month":"2026-09","word_count":376,"total_views":0,"reactions":{"happy":0,"normal":0,"sad":0},"author_info":{"name":"P. Webmaster","author_nicename":"currante","author_url":"https:\/\/www.cardenaldonmarcelo.es\/index.php\/author\/currante\/"},"doc_category_info":[{"term_name":"Temas diversos","term_url":"https:\/\/www.cardenaldonmarcelo.es\/index.php\/docs-category\/temas-diversos\/"}],"doc_tag_info":[],"_links":{"self":[{"href":"https:\/\/www.cardenaldonmarcelo.es\/index.php\/wp-json\/wp\/v2\/docs\/1232","targetHints":{"allow":["GET"]}}],"collection":[{"href":"https:\/\/www.cardenaldonmarcelo.es\/index.php\/wp-json\/wp\/v2\/docs"}],"about":[{"href":"https:\/\/www.cardenaldonmarcelo.es\/index.php\/wp-json\/wp\/v2\/types\/docs"}],"author":[{"embeddable":true,"href":"https:\/\/www.cardenaldonmarcelo.es\/index.php\/wp-json\/wp\/v2\/users\/1"}],"replies":[{"embeddable":true,"href":"https:\/\/www.cardenaldonmarcelo.es\/index.php\/wp-json\/wp\/v2\/comments?post=1232"}],"version-history":[{"count":2,"href":"https:\/\/www.cardenaldonmarcelo.es\/index.php\/wp-json\/wp\/v2\/docs\/1232\/revisions"}],"predecessor-version":[{"id":1243,"href":"https:\/\/www.cardenaldonmarcelo.es\/index.php\/wp-json\/wp\/v2\/docs\/1232\/revisions\/1243"}],"wp:attachment":[{"href":"https:\/\/www.cardenaldonmarcelo.es\/index.php\/wp-json\/wp\/v2\/media?parent=1232"}],"wp:term":[{"taxonomy":"doc_category","embeddable":true,"href":"https:\/\/www.cardenaldonmarcelo.es\/index.php\/wp-json\/wp\/v2\/doc_category?post=1232"},{"taxonomy":"doc_tag","embeddable":true,"href":"https:\/\/www.cardenaldonmarcelo.es\/index.php\/wp-json\/wp\/v2\/doc_tag?post=1232"}],"curies":[{"name":"wp","href":"https:\/\/api.w.org\/{rel}","templated":true}]}}

Ante la muerte del Jefe de Estado &#8211; escrito en el Boletín arzobispal de Toledo

<p class="has-text-align-center has-small-font-size wp-block-paragraph">Exhortación pastoral, publicada el 20 de noviembre de 1975, con motivo del fallecimiento del Jefe del Estado español, don Francisco Franco Bahamonde, publicada en BOAT enero 1976, 27-28.</p>



<p class="wp-block-paragraph">Queridos diocesanos:</p>



<p class="wp-block-paragraph">Ante el fallecimiento de Su Excelencia el Jefe del Estado español, me dirijo a todos vosotros para pediros vuestras oraciones por el eterno descanso de su alma.</p>



<p class="wp-block-paragraph">Es una hora triste para la patria española, porque desaparece el que con tanta abnegación, llevada hasta el heroísmo de una manera casi permanente, se ha sacrificado por ella durante toda su vida. Pero esta tristeza no debe en ningún momento apagar nuestros sentimientos de esperanza cristiana, que precisamente han de manifestarse con serenidad de espíritu ante el hecho de la muerte. La esperanza es ahora confianza en Dios y súplica fervorosa para que el Señor se apiade del que ha fallecido, le conceda el perdón de sus pecados y le otorgue el premio de la vida eterna que por los méritos infinitos de Cristo es ofrecido a cuantos creen en Él.</p>



<p class="wp-block-paragraph">Oraciones también por su esposa y sus familiares, seres humanos al fin que, como todos, al ver morir a quien amaban, necesitan el consuelo de la fe para su espíritu atribulado.</p>



<p class="wp-block-paragraph">Y, aún más, pido vuestras oraciones por España y por todos los españoles para que la paz, la prosperidad y el justo desarrollo de la vida del país merezcan de unos y de otros el empeño más noble a cuyo servicio pongan todas sus energías. Nadie arrebatará jamás al Jefe del Estado que acaba de morir el honor de ocupar una de las páginas más gloriosas en los anales de la historia patria. La que él ha escrito con su vida y con su muerte es tan excelsa que podrá seguir iluminando a todos los españoles con tal de que exista una sola actitud: buena voluntad.</p>



<p class="wp-block-paragraph">Aparte los sufragios que espontáneamente queráis ofrecer, según vuestra piedad, las autoridades civiles y eclesiásticas se pondrán de acuerdo para celebrar oportunamente solemnes funerales en la Santa Iglesia Catedral, en el Seminario diocesano y en todas las parroquias de la diócesis.</p>

<p>Exhortación pastoral, publicada el 20 de noviembre de 1975, con motivo del fallecimiento del Jefe del Estado español, don Francisco Franco Bahamonde, publicada en BOAT enero 1976, 27-28. Queridos diocesanos: Ante el fallecimiento de Su Excelencia el Jefe del Estado español, me dirijo a todos vosotros para pediros vuestras oraciones por el eterno descanso de [&hellip;]</p>
