{"id":1132,"date":"2024-09-27T22:47:44","date_gmt":"2024-09-27T20:47:44","guid":{"rendered":"https:\/\/www.cardenaldonmarcelo.es\/?post_type=docs&#038;p=1132"},"modified":"2024-09-27T22:47:44","modified_gmt":"2024-09-27T20:47:44","password":"","slug":"seminario-y-sacerdotes-para-dios-y-para-el-pueblo","status":"publish","type":"docs","link":"https:\/\/www.cardenaldonmarcelo.es\/index.php\/docs\/seminario-y-sacerdotes-para-dios-y-para-el-pueblo\/","title":{"rendered":"Seminario y sacerdotes para Dios y para el pueblo"},"content":{"rendered":"\n<p class=\"has-text-align-center has-small-font-size\">Exhortaci\u00f3n pastoral, febrero 1982: apud <em>Bolet\u00edn Oficial del Arzobispado de Toledo,<\/em> marzo, 1982, 20-23.<\/p>\n\n\n\n<p>Queridos diocesanos: Os escribo una vez m\u00e1s sobre el Seminario y los sacerdotes. Lo har\u00e9 siempre con ocasi\u00f3n de la Jornada que celebramos en la fiesta de San Jos\u00e9 o en otras oportunidades. Desear\u00eda no tener que extender mi mano pidiendo ayuda econ\u00f3mica, pero no puedo evitarlo. Sostener hoy los dos Seminarios, Mayor y Menor, cuesta mucho, a pesar de las pensiones que pagan los alumnos, a la que se une la muy escasa aportaci\u00f3n que nos llega de lo que el Estado ofrece para que se distribuya entre todas las di\u00f3cesis.<\/p>\n\n\n\n<h2 class=\"wp-block-heading\">Motivo fundamental y m\u00e1s remoto<\/h2>\n\n\n\n<p>Trabajar por el Seminario y ayudar a que surjan y puedan llegar a su fin propio las vocaciones sacerdotales es un empe\u00f1o apost\u00f3lico de todo el que ama a la Iglesia de Jesucristo. \u00c9l, el Se\u00f1or, confi\u00f3 a los Ap\u00f3stoles y a los obispos y sacerdotes que hab\u00edan de suceder a \u00e9stos en el tiempo, la tarea de predicar el Evangelio en toda la tierra. Cuando yo, Obispo de Toledo, trabajo por el Seminario, estoy atendiendo al deseo del Se\u00f1or, que quiere una Iglesia universal, implantada en todas las naciones, para que todos los hombres se salven. Y la Iglesia no se implantar\u00e1, si no hay conocimiento de la palabra y vida de Jes\u00fas, sacramentos, amor fraterno, fe, esperanza. Para que todo esto exista es necesario el sacerdocio jer\u00e1rquico, es decir, hombres consagrados que quieran ser y sean sacerdotes de Cristo en el mundo.<\/p>\n\n\n\n<h2 class=\"wp-block-heading\">Motivo m\u00e1s inmediato<\/h2>\n\n\n\n<p>Pero a la vez, como Obispo que soy de un territorio determinado \u2013esta Di\u00f3cesis de Toledo\u2013 dentro de esa Iglesia universal, tengo que preocuparme de que haya sacerdotes en n\u00famero suficiente para las comunidades cat\u00f3licas que aqu\u00ed existen, en la capital, en las villas y ciudades, en los pueblos grandes y peque\u00f1os. Digo en n\u00famero suficiente. No digo uno por n\u00facleo de poblaci\u00f3n por peque\u00f1o que sea, ni m\u00e1s de los necesarios. Los suficientes para que la Iglesia que aqu\u00ed existe se mantenga viva, operante y capaz de propagar la fe que ha recibido. Y naturalmente, si estando en Toledo pensamos en la Iglesia universal, tambi\u00e9n hemos de pensar, y con mayor raz\u00f3n, en la Iglesia de Espa\u00f1a entera, que es una parte m\u00e1s amplia que nuestra Di\u00f3cesis, de esa Iglesia que se extiende por todo el mundo.<\/p>\n\n\n\n<p>Por eso trabajo por el Seminario y ruego y exhorto y pido ayuda a toda la comunidad diocesana para alcanzar los medios adecuados que la formaci\u00f3n de los seminaristas exige. Necesitamos que las instalaciones materiales de los edificios est\u00e9n bien acomodadas, que los estudios y niveles acad\u00e9micos sean elevados, que la vida espiritual ayude a formar hombres rectos en su condici\u00f3n humana y sacerdotes santos en su vida apost\u00f3lica. Esta preocupaci\u00f3n no ha de ser s\u00f3lo m\u00eda, sino de todos los sacerdotes de la Di\u00f3cesis, de todas las familias, de todas las comunidades.<\/p>\n\n\n\n<h2 class=\"wp-block-heading\">\u00bfQu\u00e9 sacerdotes?<\/h2>\n\n\n\n<p>Si me pregunt\u00e1is qu\u00e9 clase de sacerdotes queremos formar os responder\u00e9 que no dudamos. Porque no podemos dudar. La Iglesia ha hablado de lo que debe ser el sacerdote, en su continuo Magisterio, con las ense\u00f1anzas del Concilio y de los Papas, con su liturgia. Con el ejemplo de los santos. El pueblo sabe distinguir muy bien cu\u00e1ndo un sacerdote es lo que debe ser y cu\u00e1ndo no lo es. El sacerdote santo es un hombre sencillo, muy sacrificado, muy de Dios y, por lo mismo, muy de los hombres, para comunicarles los dones divinos, muy de su tiempo, para descubrir los valores que existen y alentarlos, para ver las dificultades que entorpecen la realizaci\u00f3n del plan de Dios sobre el hombre y combatirlas como corresponde a los ministros de Cristo, para ver el vac\u00edo de Dios que existe en la sociedad y llenarlo con la siembra del Evangelio, que siempre da frutos abundantes. El sacerdote no es, no debe ser nunca, un l\u00edder pol\u00edtico, un revolucionario, un mero observador de los hechos, equ\u00edvocamente tolerante, un fr\u00edvolo, un mundano. \u00c9l tiene la fuente de su alegr\u00eda y su paz interior en la oraci\u00f3n, en la Eucarist\u00eda, en la conciencia de lo que realmente es como llamado por Cristo a seguirlo s\u00f3lo a \u00c9l, arrodillado ante Dios para adorarle y ofrecerle el sacrificio de la Nueva Alianza, y entregado a los hombres para darles lo que por s\u00ed solos no tienen y tanto necesitan. Entonces es cuando alimenta y difunde la esperanza.<\/p>\n\n\n\n<p>Dudar de esto a estas alturas es una insensatez. Dejar en suspenso esta doctrina, porque tal o cual cuesti\u00f3n b\u00edblica o teol\u00f3gica demandan mayor aclaraci\u00f3n, es confundir la catedral con las sombras que la rodean.<\/p>\n\n\n\n<h2 class=\"wp-block-heading\">Necesidad<\/h2>\n\n\n\n<p>Los hombres de nuestro tiempo necesitan del sacerdote y seguir\u00e1n necesit\u00e1ndole siempre. \u00a1Qu\u00e9 bien se advierte lo que es el tesoro de la redenci\u00f3n cuando vemos, por ejemplo, al Papa en su reciente viaje por pa\u00edses africanos despertando alegr\u00eda y esperanza en las muchedumbres que le acogen!<\/p>\n\n\n\n<p>El sacerdote, hoy como ayer, va bendici\u00e9ndolo todo. Pero es Dios el que bendice por medio de sus manos. Desde la cuna hasta la sepultura, el hombre que nace y que muere cada d\u00eda tiene en el sacerdote un amigo, un hermano, un padre que le ayuda a vivir y le ense\u00f1a a morir.<\/p>\n\n\n\n<p>Los sacramentos del bautismo, de la penitencia y el perd\u00f3n de los pecados, de la Eucarist\u00eda, de la unci\u00f3n \u00faltima, son como el aleteo misericordioso de Dios sobre la vida humana. Cuando todo termina, la palabra de la liturgia que el sacerdote pronuncia junto al agonizante es un canto a la vida que se espera. Cuando la juventud, en los a\u00f1os de la imaginaci\u00f3n ardiente, canta las canciones del amor o la protesta, el consejo del buen sacerdote ayuda a caminar con los pies en la tierra, sin exaltaciones alocadas ni encogimientos paralizadores. Y en el hogar, es decir, en la familia, la fuerza que la sostiene y la purifica o la eleva, viene con frecuencia del sacerdote, que, de una manera o de otra, se hace presente en ella sosteni\u00e9ndola para que no caiga o reconstruy\u00e9ndola cuando ha ca\u00eddo. La direcci\u00f3n espiritual del sacerdote, con su palabra, con su consejo, con la predicaci\u00f3n, en el confesonario, en la charla con estos o aquellos grupos, cuando une a la direcci\u00f3n el respeto a las orientaciones que emanan de la vieja sabidur\u00eda de la Iglesia, es un auxilio de eficacia insuperable para el hombre que avanza por el camino de la vida.<\/p>\n\n\n\n<h2 class=\"wp-block-heading\">Ayudadnos ahora<\/h2>\n\n\n\n<p>Nuestros Seminarios, Mayor y Menor, marchan bien. Pero necesitamos mucha ayuda. Todos los c\u00e1lculos que hacemos, para el sostenimiento de la instituci\u00f3n o para obras de reparaci\u00f3n o ampliaci\u00f3n necesarias, se vienen abajo ante el aumento del coste de la vida, incesante casi mes tras mes. Hablad a los fieles y disponedles a que respondan con generosidad en la colecta del pr\u00f3ximo d\u00eda de San Jos\u00e9.<\/p>\n\n\n\n<p>Pero no os limit\u00e9is a esto. Hay que orar mucho por las vocaciones sacerdotales y atender espiritualmente a los seminaristas. Estableced en todas las parroquias los \u00abJueves Sacerdotales\u00bb, de oraci\u00f3n y plegaria. Hay que volver a lo que anta\u00f1o dec\u00edamos y repet\u00edamos: \u00a1Dadnos, Se\u00f1or, suficientes y santos sacerdotes!<\/p>\n\n\n\n<p>Por \u00faltimo, pido a todos que le\u00e1is y coment\u00e9is esta exhortaci\u00f3n en las Misas del d\u00eda de San Jos\u00e9 o en las del domingo anterior.<\/p>\n\n\n\n<p>Os bendigo y agradezco mucho todo cuanto hag\u00e1is.<\/p>\n\n\n\n<p>Febrero 1982.<\/p>\n","protected":false},"excerpt":{"rendered":"<p>Exhortaci\u00f3n pastoral, febrero 1982: apud Bolet\u00edn Oficial del Arzobispado de Toledo, marzo, 1982, 20-23. Queridos diocesanos: Os escribo una vez m\u00e1s sobre el Seminario y los sacerdotes. Lo har\u00e9 siempre con ocasi\u00f3n de la Jornada que celebramos en la fiesta de San Jos\u00e9 o en otras oportunidades. Desear\u00eda no tener que extender mi mano pidiendo [&hellip;]<\/p>\n","protected":false},"author":1,"featured_media":0,"comment_status":"closed","ping_status":"closed","template":"","meta":{"saved_in_kubio":false,"_eb_attr":"","ngg_post_thumbnail":0,"footnotes":""},"doc_category":[32,29],"doc_tag":[],"class_list":["post-1132","docs","type-docs","status-publish","hentry","doc_category-el-seminario-mayor-y-menor","doc_category-sacerdocio"],"year_month":"2026-05","word_count":1324,"total_views":0,"reactions":{"happy":0,"normal":0,"sad":0},"author_info":{"name":"P. Webmaster","author_nicename":"currante","author_url":"https:\/\/www.cardenaldonmarcelo.es\/index.php\/author\/currante\/"},"doc_category_info":[{"term_name":"El seminario mayor y menor","term_url":"https:\/\/www.cardenaldonmarcelo.es\/index.php\/docs-category\/el-seminario-mayor-y-menor\/"},{"term_name":"Sacerdocio","term_url":"https:\/\/www.cardenaldonmarcelo.es\/index.php\/docs-category\/sacerdocio\/"}],"doc_tag_info":[],"_links":{"self":[{"href":"https:\/\/www.cardenaldonmarcelo.es\/index.php\/wp-json\/wp\/v2\/docs\/1132","targetHints":{"allow":["GET"]}}],"collection":[{"href":"https:\/\/www.cardenaldonmarcelo.es\/index.php\/wp-json\/wp\/v2\/docs"}],"about":[{"href":"https:\/\/www.cardenaldonmarcelo.es\/index.php\/wp-json\/wp\/v2\/types\/docs"}],"author":[{"embeddable":true,"href":"https:\/\/www.cardenaldonmarcelo.es\/index.php\/wp-json\/wp\/v2\/users\/1"}],"replies":[{"embeddable":true,"href":"https:\/\/www.cardenaldonmarcelo.es\/index.php\/wp-json\/wp\/v2\/comments?post=1132"}],"version-history":[{"count":1,"href":"https:\/\/www.cardenaldonmarcelo.es\/index.php\/wp-json\/wp\/v2\/docs\/1132\/revisions"}],"predecessor-version":[{"id":1133,"href":"https:\/\/www.cardenaldonmarcelo.es\/index.php\/wp-json\/wp\/v2\/docs\/1132\/revisions\/1133"}],"wp:attachment":[{"href":"https:\/\/www.cardenaldonmarcelo.es\/index.php\/wp-json\/wp\/v2\/media?parent=1132"}],"wp:term":[{"taxonomy":"doc_category","embeddable":true,"href":"https:\/\/www.cardenaldonmarcelo.es\/index.php\/wp-json\/wp\/v2\/doc_category?post=1132"},{"taxonomy":"doc_tag","embeddable":true,"href":"https:\/\/www.cardenaldonmarcelo.es\/index.php\/wp-json\/wp\/v2\/doc_tag?post=1132"}],"curies":[{"name":"wp","href":"https:\/\/api.w.org\/{rel}","templated":true}]}}

<p class="has-text-align-center has-small-font-size">Exhortación pastoral, febrero 1982: apud <em>Boletín Oficial del Arzobispado de Toledo,</em> marzo, 1982, 20-23.</p>



<p>Queridos diocesanos: Os escribo una vez más sobre el Seminario y los sacerdotes. Lo haré siempre con ocasión de la Jornada que celebramos en la fiesta de San José o en otras oportunidades. Desearía no tener que extender mi mano pidiendo ayuda económica, pero no puedo evitarlo. Sostener hoy los dos Seminarios, Mayor y Menor, cuesta mucho, a pesar de las pensiones que pagan los alumnos, a la que se une la muy escasa aportación que nos llega de lo que el Estado ofrece para que se distribuya entre todas las diócesis.</p>



<h2 class="wp-block-heading">Motivo fundamental y más remoto</h2>



<p>Trabajar por el Seminario y ayudar a que surjan y puedan llegar a su fin propio las vocaciones sacerdotales es un empeño apostólico de todo el que ama a la Iglesia de Jesucristo. Él, el Señor, confió a los Apóstoles y a los obispos y sacerdotes que habían de suceder a éstos en el tiempo, la tarea de predicar el Evangelio en toda la tierra. Cuando yo, Obispo de Toledo, trabajo por el Seminario, estoy atendiendo al deseo del Señor, que quiere una Iglesia universal, implantada en todas las naciones, para que todos los hombres se salven. Y la Iglesia no se implantará, si no hay conocimiento de la palabra y vida de Jesús, sacramentos, amor fraterno, fe, esperanza. Para que todo esto exista es necesario el sacerdocio jerárquico, es decir, hombres consagrados que quieran ser y sean sacerdotes de Cristo en el mundo.</p>



<h2 class="wp-block-heading">Motivo más inmediato</h2>



<p>Pero a la vez, como Obispo que soy de un territorio determinado –esta Diócesis de Toledo– dentro de esa Iglesia universal, tengo que preocuparme de que haya sacerdotes en número suficiente para las comunidades católicas que aquí existen, en la capital, en las villas y ciudades, en los pueblos grandes y pequeños. Digo en número suficiente. No digo uno por núcleo de población por pequeño que sea, ni más de los necesarios. Los suficientes para que la Iglesia que aquí existe se mantenga viva, operante y capaz de propagar la fe que ha recibido. Y naturalmente, si estando en Toledo pensamos en la Iglesia universal, también hemos de pensar, y con mayor razón, en la Iglesia de España entera, que es una parte más amplia que nuestra Diócesis, de esa Iglesia que se extiende por todo el mundo.</p>



<p>Por eso trabajo por el Seminario y ruego y exhorto y pido ayuda a toda la comunidad diocesana para alcanzar los medios adecuados que la formación de los seminaristas exige. Necesitamos que las instalaciones materiales de los edificios estén bien acomodadas, que los estudios y niveles académicos sean elevados, que la vida espiritual ayude a formar hombres rectos en su condición humana y sacerdotes santos en su vida apostólica. Esta preocupación no ha de ser sólo mía, sino de todos los sacerdotes de la Diócesis, de todas las familias, de todas las comunidades.</p>



<h2 class="wp-block-heading">¿Qué sacerdotes?</h2>



<p>Si me preguntáis qué clase de sacerdotes queremos formar os responderé que no dudamos. Porque no podemos dudar. La Iglesia ha hablado de lo que debe ser el sacerdote, en su continuo Magisterio, con las enseñanzas del Concilio y de los Papas, con su liturgia. Con el ejemplo de los santos. El pueblo sabe distinguir muy bien cuándo un sacerdote es lo que debe ser y cuándo no lo es. El sacerdote santo es un hombre sencillo, muy sacrificado, muy de Dios y, por lo mismo, muy de los hombres, para comunicarles los dones divinos, muy de su tiempo, para descubrir los valores que existen y alentarlos, para ver las dificultades que entorpecen la realización del plan de Dios sobre el hombre y combatirlas como corresponde a los ministros de Cristo, para ver el vacío de Dios que existe en la sociedad y llenarlo con la siembra del Evangelio, que siempre da frutos abundantes. El sacerdote no es, no debe ser nunca, un líder político, un revolucionario, un mero observador de los hechos, equívocamente tolerante, un frívolo, un mundano. Él tiene la fuente de su alegría y su paz interior en la oración, en la Eucaristía, en la conciencia de lo que realmente es como llamado por Cristo a seguirlo sólo a Él, arrodillado ante Dios para adorarle y ofrecerle el sacrificio de la Nueva Alianza, y entregado a los hombres para darles lo que por sí solos no tienen y tanto necesitan. Entonces es cuando alimenta y difunde la esperanza.</p>



<p>Dudar de esto a estas alturas es una insensatez. Dejar en suspenso esta doctrina, porque tal o cual cuestión bíblica o teológica demandan mayor aclaración, es confundir la catedral con las sombras que la rodean.</p>



<h2 class="wp-block-heading">Necesidad</h2>



<p>Los hombres de nuestro tiempo necesitan del sacerdote y seguirán necesitándole siempre. ¡Qué bien se advierte lo que es el tesoro de la redención cuando vemos, por ejemplo, al Papa en su reciente viaje por países africanos despertando alegría y esperanza en las muchedumbres que le acogen!</p>



<p>El sacerdote, hoy como ayer, va bendiciéndolo todo. Pero es Dios el que bendice por medio de sus manos. Desde la cuna hasta la sepultura, el hombre que nace y que muere cada día tiene en el sacerdote un amigo, un hermano, un padre que le ayuda a vivir y le enseña a morir.</p>



<p>Los sacramentos del bautismo, de la penitencia y el perdón de los pecados, de la Eucaristía, de la unción última, son como el aleteo misericordioso de Dios sobre la vida humana. Cuando todo termina, la palabra de la liturgia que el sacerdote pronuncia junto al agonizante es un canto a la vida que se espera. Cuando la juventud, en los años de la imaginación ardiente, canta las canciones del amor o la protesta, el consejo del buen sacerdote ayuda a caminar con los pies en la tierra, sin exaltaciones alocadas ni encogimientos paralizadores. Y en el hogar, es decir, en la familia, la fuerza que la sostiene y la purifica o la eleva, viene con frecuencia del sacerdote, que, de una manera o de otra, se hace presente en ella sosteniéndola para que no caiga o reconstruyéndola cuando ha caído. La dirección espiritual del sacerdote, con su palabra, con su consejo, con la predicación, en el confesonario, en la charla con estos o aquellos grupos, cuando une a la dirección el respeto a las orientaciones que emanan de la vieja sabiduría de la Iglesia, es un auxilio de eficacia insuperable para el hombre que avanza por el camino de la vida.</p>



<h2 class="wp-block-heading">Ayudadnos ahora</h2>



<p>Nuestros Seminarios, Mayor y Menor, marchan bien. Pero necesitamos mucha ayuda. Todos los cálculos que hacemos, para el sostenimiento de la institución o para obras de reparación o ampliación necesarias, se vienen abajo ante el aumento del coste de la vida, incesante casi mes tras mes. Hablad a los fieles y disponedles a que respondan con generosidad en la colecta del próximo día de San José.</p>



<p>Pero no os limitéis a esto. Hay que orar mucho por las vocaciones sacerdotales y atender espiritualmente a los seminaristas. Estableced en todas las parroquias los «Jueves Sacerdotales», de oración y plegaria. Hay que volver a lo que antaño decíamos y repetíamos: ¡Dadnos, Señor, suficientes y santos sacerdotes!</p>



<p>Por último, pido a todos que leáis y comentéis esta exhortación en las Misas del día de San José o en las del domingo anterior.</p>



<p>Os bendigo y agradezco mucho todo cuanto hagáis.</p>



<p>Febrero 1982.</p>

<p>Exhortación pastoral, febrero 1982: apud Boletín Oficial del Arzobispado de Toledo, marzo, 1982, 20-23. Queridos diocesanos: Os escribo una vez más sobre el Seminario y los sacerdotes. Lo haré siempre con ocasión de la Jornada que celebramos en la fiesta de San José o en otras oportunidades. Desearía no tener que extender mi mano pidiendo [&hellip;]</p>
