{"id":1090,"date":"2024-09-27T18:25:26","date_gmt":"2024-09-27T16:25:26","guid":{"rendered":"https:\/\/www.cardenaldonmarcelo.es\/?post_type=docs&#038;p=1090"},"modified":"2024-09-27T19:05:01","modified_gmt":"2024-09-27T17:05:01","password":"","slug":"el-seminario-la-mayor-de-las-preocupaciones-pastorales-del-obispo","status":"publish","type":"docs","link":"https:\/\/www.cardenaldonmarcelo.es\/index.php\/docs\/el-seminario-la-mayor-de-las-preocupaciones-pastorales-del-obispo\/","title":{"rendered":"El Seminario, la mayor de las preocupaciones pastorales del Obispo"},"content":{"rendered":"\n<p class=\"has-text-align-center has-small-font-size\">Se reproduce la exhortaci\u00f3n de marzo de 1964, dirigidas en forma de carta abierta, a los hijos y vecinos de las ciudad de Astorga con motivo del D\u00eda del Seminario. Texto en <em>Bolet\u00edn Oficial del Obispado de Astorga,<\/em> abril de 1964, 175-181. Fue publicada conjuntamente con una similar a la ciudad de Ponferrada<\/p>\n\n\n\n<h2 class=\"wp-block-heading\">A los hijos y vecinos de la ciudad de Astorga<\/h2>\n\n\n\n<p>Queridos astorganos:<\/p>\n\n\n\n<p>A todos vosotros me dirijo, a los que aqu\u00ed hab\u00e9is nacido y a los que aqu\u00ed viv\u00eds procedentes de otros lugares de Espa\u00f1a; a las entidades p\u00fablicas y a las personas privadas; a las familias y a las asociaciones; a los pobres y a los ricos; a todos, absolutamente a todos. Voy a hablaros, en esta breve comunicaci\u00f3n, del Seminario que es la mayor de mis preocupaciones pastorales.<\/p>\n\n\n\n<h2 class=\"wp-block-heading\"><a><\/a>Nuestra misi\u00f3n sacerdotal<\/h2>\n\n\n\n<p>Ante todo, permitidme que haga una afirmaci\u00f3n con la cual ojal\u00e1 est\u00e9is todos de acuerdo. Nosotros, los sacerdotes, no tenemos otra misi\u00f3n m\u00e1s que servir. Y el servicio que prestamos es insustituible. No hay nada que pueda reemplazarlo. Cuando a los hombres les falta lo que nuestro sacerdocio ofrece, la vida empieza a carecer de sentido y se introduce en el esp\u00edritu humano el reino de las tinieblas. Nuestro servicio consiste en predicar el Evangelio, dar paz a la conciencia, defender la virtud y luchar contra el pecado, mantener encendida la llama de la fe y la esperanza, en una palabra, salvar al hombre con los medios de santificaci\u00f3n que Jesucristo ha tra\u00eddo al mundo. Pueden los hombres alcanzar los mayores progresos t\u00e9cnicos y cient\u00edficos, pero no podr\u00e1n nunca fabricar conciencias puras, ni hacer a m\u00e1quina un mundo en que el amor y la esperanza presidan los destinos humanos. Para esto es necesario contar con la ley de Dios y con los que la predican y defienden.<\/p>\n\n\n\n<h2 class=\"wp-block-heading\"><a><\/a>Astorga, ciudad que cree en Dios<\/h2>\n\n\n\n<p>El lugar en que viv\u00eds, Astorga, es una vieja ciudad cristiana. Hace muchos siglos que aqu\u00ed fue predicada la fe de Jesucristo y que viene siendo cuidada con esmero y con gran celo apost\u00f3lico. Astorga no s\u00f3lo ha mantenido esa le, sino que la ha propagado y difundido por el mundo. De aqu\u00ed han salido miles de sacerdotes, educados en su Seminario diocesano. Y esto es lo mejor y m\u00e1s glorioso que Astorga tiene en su historia: haber sido y ser capital de una Di\u00f3cesis y centro cultural religioso de primer orden. Reconocedlo as\u00ed, queridos astorganos. Dios no es un extra\u00f1o para vosotros. Le am\u00e1is, cre\u00e9is en \u00c9l. Cre\u00e9is tambi\u00e9n y am\u00e1is a Jesucristo y a su Iglesia. Y dese\u00e1is que vuestros hijos sigan creyendo y amando lo mismo que vosotros am\u00e1is y cre\u00e9is hoy.<\/p>\n\n\n\n<p>Para ello es necesario que siga existiendo el servicio que nuestro sacerdocio ofrece. Ayudadnos a que podamos seguir ofreci\u00e9ndolo. Ayudadnos a conseguir que el Seminario Mayor, este Seminario vuestro que conoc\u00e9is todos y que tiene una historia tan limpia, alcance los objetivos que se ha propuesto. Estamos realizando obras de reforma en la f\u00e1brica material que eran completamente necesarias. De no haberlas comenzado, parte del edificio interior se hubiera hundido. Estamos reformando clases, dormitorios y salones tal como lo exige un m\u00e1s higi\u00e9nico y funcional acondicionamiento. Estamos enriqueciendo la biblioteca, para que el nivel cultural de nuestros estudiantes, lejos de descender, aumente cada vez m\u00e1s. Estamos cuidando de su vida espiritual y asc\u00e9tica con el mejor deseo de que lleguen a ser sacerdotes dign\u00edsimos y en n\u00famero suficiente para atender las necesidades de la Di\u00f3cesis y para enviar a otras naciones del mundo a donde les llama la Iglesia. Mi aspiraci\u00f3n es que la mayor parte de nuestros seminaristas hagan tambi\u00e9n el bachillerato y muchos una carrera civil universitaria. La Iglesia pide sacerdotes muy cultos y muy santos.<\/p>\n\n\n\n<h2 class=\"wp-block-heading\"><a><\/a>Espero vuestra ayuda<\/h2>\n\n\n\n<p>S\u00ed, este a\u00f1o de manera especial. S\u00e9 que sois generosos y lo he podido comprobar en repetidas y recientes campa\u00f1as de caridad. S\u00e9 que am\u00e1is al Seminario como algo muy vuestro y sufrir\u00edais si en otros lugares de la Di\u00f3cesis pudieran amarle m\u00e1s. Vosotros deb\u00e9is ser los primeros, porque a vosotros corresponde el honor de vivir en Astorga, cabeza y coraz\u00f3n de todo el territorio diocesano.<\/p>\n\n\n\n<p>Nuestra Di\u00f3cesis es pobre y no tiene los medios que otras. A\u00fan estamos pagando la deuda contra\u00edda para construir el Seminario Menor, que no est\u00e1 a\u00fan del todo terminado. Si a la vez nos hemos decidido a emprender la construcci\u00f3n de la Casa Sacerdotal, no cre\u00e1is que es porque nos sobren recursos econ\u00f3micos, no. Es que para esta obra existe un capital procedente de una fundaci\u00f3n determinada que fue hecha precisamente para este fin.<\/p>\n\n\n\n<h2 class=\"wp-block-heading\"><a><\/a>Modos de ayudar<\/h2>\n\n\n\n<p>Para esta cooperaci\u00f3n y ayuda econ\u00f3mica que os pido, pod\u00e9is seguir diversos caminos:<\/p>\n\n\n\n<ol style=\"list-style-type:lower-alpha\" class=\"wp-block-list\">\n<li>En primer lugar, vuestros donativos el d\u00eda de San Jos\u00e9 o antes que pod\u00e9is entregar todos: familias, personas particulares, corporaciones p\u00fablicas y privadas, bien sea al Sr. Rector del Seminario, bien a vuestro p\u00e1rroco.<\/li>\n\n\n\n<li>En segundo lugar, el de la adopci\u00f3n de habitaciones, cada una de las cuales viene a costar 5.000 ptas. Estamos construyendo m\u00e1s de cien habitaciones en lo que eran antiguos salones corridos. \u00bfEs que no ha de haber en Astorga cincuenta familias o personas o entidades que puedan adoptar otras tantas habitaciones?<\/li>\n\n\n\n<li>Por \u00faltimo, queda otro camino, reservado a aquellas personas (pienso particularmente en los matrimonios sin hijos o en quienes estando bien acomodados carecen de obligaciones familiares), a quien Dios ha concedido bienes de fortuna. \u00bfQu\u00e9 mejor destino pueden dar a su dinero que el de fundar una beca o media beca para ayudar a seminaristas necesitados, o dotar una c\u00e1tedra, o aumentar los fondos de la Biblioteca?<\/li>\n<\/ol>\n\n\n\n<h2 class=\"wp-block-heading\"><a><\/a>Conclusi\u00f3n<\/h2>\n\n\n\n<p>Dios quiera que en medio de las preocupaciones materiales que nos invaden, se mantenga firme la luz del esp\u00edritu entre nosotros. El futuro nos reserva a todos d\u00edas muy inciertos. Pero de una cosa podemos estar seguros, a saber: el sacerdocio de Jesucristo, fuente de virtudes. de paz y de esperanza, seguir\u00e1 siendo el mejor camino de salvaci\u00f3n del mundo.<\/p>\n\n\n\n<p>Deseo para vosotros, hijos de la ciudad de Astorga, toda clase de prosperidades y de \u00e9xitos humanos. Mas si dejarais de estimar y proteger lo que constituye la m\u00e9dula de vuestra vida religiosa cristiana, merecer\u00edais profunda compasi\u00f3n. Astorga vendr\u00eda a ser como una catedral inacabada del esp\u00edritu, que poco a poco se convertir\u00eda en ruinas sacudidas por los vientos de la indiferencia y el escepticismo. Y no es ese el destino de Astorga. No lo ha sido nunca y menos debe serlo ahora en que hasta las torres de su Catedral de piedra ven que est\u00e1 llegando el d\u00eda feliz de su culminaci\u00f3n. Es como el s\u00edmbolo del anhelo de perfeccionamiento y plenitud que a todos debe guiarnos.<\/p>\n\n\n\n<p>Os bendigo a todos, en el nombre del Padre y del Hijo y del Esp\u00edritu Santo.<\/p>\n\n\n\n<p>MARCELO, Obispo de Astorga.<\/p>\n\n\n\n<p>Astorga, marzo de 1964.<\/p>\n\n\n\n<p><\/p>\n","protected":false},"excerpt":{"rendered":"<p>Se reproduce la exhortaci\u00f3n de marzo de 1964, dirigidas en forma de carta abierta, a los hijos y vecinos de las ciudad de Astorga con motivo del D\u00eda del Seminario. Texto en Bolet\u00edn Oficial del Obispado de Astorga, abril de 1964, 175-181. Fue publicada conjuntamente con una similar a la ciudad de Ponferrada A los [&hellip;]<\/p>\n","protected":false},"author":1,"featured_media":0,"comment_status":"closed","ping_status":"closed","template":"","meta":{"saved_in_kubio":false,"_eb_attr":"","ngg_post_thumbnail":0,"footnotes":""},"doc_category":[55,32],"doc_tag":[],"class_list":["post-1090","docs","type-docs","status-publish","hentry","doc_category-el-obispo","doc_category-el-seminario-mayor-y-menor"],"year_month":"2026-05","word_count":1219,"total_views":0,"reactions":{"happy":0,"normal":0,"sad":0},"author_info":{"name":"P. Webmaster","author_nicename":"currante","author_url":"https:\/\/www.cardenaldonmarcelo.es\/index.php\/author\/currante\/"},"doc_category_info":[{"term_name":"El obispo","term_url":"https:\/\/www.cardenaldonmarcelo.es\/index.php\/docs-category\/el-obispo\/"},{"term_name":"El seminario mayor y menor","term_url":"https:\/\/www.cardenaldonmarcelo.es\/index.php\/docs-category\/el-seminario-mayor-y-menor\/"}],"doc_tag_info":[],"_links":{"self":[{"href":"https:\/\/www.cardenaldonmarcelo.es\/index.php\/wp-json\/wp\/v2\/docs\/1090","targetHints":{"allow":["GET"]}}],"collection":[{"href":"https:\/\/www.cardenaldonmarcelo.es\/index.php\/wp-json\/wp\/v2\/docs"}],"about":[{"href":"https:\/\/www.cardenaldonmarcelo.es\/index.php\/wp-json\/wp\/v2\/types\/docs"}],"author":[{"embeddable":true,"href":"https:\/\/www.cardenaldonmarcelo.es\/index.php\/wp-json\/wp\/v2\/users\/1"}],"replies":[{"embeddable":true,"href":"https:\/\/www.cardenaldonmarcelo.es\/index.php\/wp-json\/wp\/v2\/comments?post=1090"}],"version-history":[{"count":3,"href":"https:\/\/www.cardenaldonmarcelo.es\/index.php\/wp-json\/wp\/v2\/docs\/1090\/revisions"}],"predecessor-version":[{"id":1127,"href":"https:\/\/www.cardenaldonmarcelo.es\/index.php\/wp-json\/wp\/v2\/docs\/1090\/revisions\/1127"}],"wp:attachment":[{"href":"https:\/\/www.cardenaldonmarcelo.es\/index.php\/wp-json\/wp\/v2\/media?parent=1090"}],"wp:term":[{"taxonomy":"doc_category","embeddable":true,"href":"https:\/\/www.cardenaldonmarcelo.es\/index.php\/wp-json\/wp\/v2\/doc_category?post=1090"},{"taxonomy":"doc_tag","embeddable":true,"href":"https:\/\/www.cardenaldonmarcelo.es\/index.php\/wp-json\/wp\/v2\/doc_tag?post=1090"}],"curies":[{"name":"wp","href":"https:\/\/api.w.org\/{rel}","templated":true}]}}

<p class="has-text-align-center has-small-font-size">Se reproduce la exhortación de marzo de 1964, dirigidas en forma de carta abierta, a los hijos y vecinos de las ciudad de Astorga con motivo del Día del Seminario. Texto en <em>Boletín Oficial del Obispado de Astorga,</em> abril de 1964, 175-181. Fue publicada conjuntamente con una similar a la ciudad de Ponferrada</p>



<h2 class="wp-block-heading">A los hijos y vecinos de la ciudad de Astorga</h2>



<p>Queridos astorganos:</p>



<p>A todos vosotros me dirijo, a los que aquí habéis nacido y a los que aquí vivís procedentes de otros lugares de España; a las entidades públicas y a las personas privadas; a las familias y a las asociaciones; a los pobres y a los ricos; a todos, absolutamente a todos. Voy a hablaros, en esta breve comunicación, del Seminario que es la mayor de mis preocupaciones pastorales.</p>



<h2 class="wp-block-heading"><a></a>Nuestra misión sacerdotal</h2>



<p>Ante todo, permitidme que haga una afirmación con la cual ojalá estéis todos de acuerdo. Nosotros, los sacerdotes, no tenemos otra misión más que servir. Y el servicio que prestamos es insustituible. No hay nada que pueda reemplazarlo. Cuando a los hombres les falta lo que nuestro sacerdocio ofrece, la vida empieza a carecer de sentido y se introduce en el espíritu humano el reino de las tinieblas. Nuestro servicio consiste en predicar el Evangelio, dar paz a la conciencia, defender la virtud y luchar contra el pecado, mantener encendida la llama de la fe y la esperanza, en una palabra, salvar al hombre con los medios de santificación que Jesucristo ha traído al mundo. Pueden los hombres alcanzar los mayores progresos técnicos y científicos, pero no podrán nunca fabricar conciencias puras, ni hacer a máquina un mundo en que el amor y la esperanza presidan los destinos humanos. Para esto es necesario contar con la ley de Dios y con los que la predican y defienden.</p>



<h2 class="wp-block-heading"><a></a>Astorga, ciudad que cree en Dios</h2>



<p>El lugar en que vivís, Astorga, es una vieja ciudad cristiana. Hace muchos siglos que aquí fue predicada la fe de Jesucristo y que viene siendo cuidada con esmero y con gran celo apostólico. Astorga no sólo ha mantenido esa le, sino que la ha propagado y difundido por el mundo. De aquí han salido miles de sacerdotes, educados en su Seminario diocesano. Y esto es lo mejor y más glorioso que Astorga tiene en su historia: haber sido y ser capital de una Diócesis y centro cultural religioso de primer orden. Reconocedlo así, queridos astorganos. Dios no es un extraño para vosotros. Le amáis, creéis en Él. Creéis también y amáis a Jesucristo y a su Iglesia. Y deseáis que vuestros hijos sigan creyendo y amando lo mismo que vosotros amáis y creéis hoy.</p>



<p>Para ello es necesario que siga existiendo el servicio que nuestro sacerdocio ofrece. Ayudadnos a que podamos seguir ofreciéndolo. Ayudadnos a conseguir que el Seminario Mayor, este Seminario vuestro que conocéis todos y que tiene una historia tan limpia, alcance los objetivos que se ha propuesto. Estamos realizando obras de reforma en la fábrica material que eran completamente necesarias. De no haberlas comenzado, parte del edificio interior se hubiera hundido. Estamos reformando clases, dormitorios y salones tal como lo exige un más higiénico y funcional acondicionamiento. Estamos enriqueciendo la biblioteca, para que el nivel cultural de nuestros estudiantes, lejos de descender, aumente cada vez más. Estamos cuidando de su vida espiritual y ascética con el mejor deseo de que lleguen a ser sacerdotes dignísimos y en número suficiente para atender las necesidades de la Diócesis y para enviar a otras naciones del mundo a donde les llama la Iglesia. Mi aspiración es que la mayor parte de nuestros seminaristas hagan también el bachillerato y muchos una carrera civil universitaria. La Iglesia pide sacerdotes muy cultos y muy santos.</p>



<h2 class="wp-block-heading"><a></a>Espero vuestra ayuda</h2>



<p>Sí, este año de manera especial. Sé que sois generosos y lo he podido comprobar en repetidas y recientes campañas de caridad. Sé que amáis al Seminario como algo muy vuestro y sufriríais si en otros lugares de la Diócesis pudieran amarle más. Vosotros debéis ser los primeros, porque a vosotros corresponde el honor de vivir en Astorga, cabeza y corazón de todo el territorio diocesano.</p>



<p>Nuestra Diócesis es pobre y no tiene los medios que otras. Aún estamos pagando la deuda contraída para construir el Seminario Menor, que no está aún del todo terminado. Si a la vez nos hemos decidido a emprender la construcción de la Casa Sacerdotal, no creáis que es porque nos sobren recursos económicos, no. Es que para esta obra existe un capital procedente de una fundación determinada que fue hecha precisamente para este fin.</p>



<h2 class="wp-block-heading"><a></a>Modos de ayudar</h2>



<p>Para esta cooperación y ayuda económica que os pido, podéis seguir diversos caminos:</p>



<ol style="list-style-type:lower-alpha" class="wp-block-list">
<li>En primer lugar, vuestros donativos el día de San José o antes que podéis entregar todos: familias, personas particulares, corporaciones públicas y privadas, bien sea al Sr. Rector del Seminario, bien a vuestro párroco.</li>



<li>En segundo lugar, el de la adopción de habitaciones, cada una de las cuales viene a costar 5.000 ptas. Estamos construyendo más de cien habitaciones en lo que eran antiguos salones corridos. ¿Es que no ha de haber en Astorga cincuenta familias o personas o entidades que puedan adoptar otras tantas habitaciones?</li>



<li>Por último, queda otro camino, reservado a aquellas personas (pienso particularmente en los matrimonios sin hijos o en quienes estando bien acomodados carecen de obligaciones familiares), a quien Dios ha concedido bienes de fortuna. ¿Qué mejor destino pueden dar a su dinero que el de fundar una beca o media beca para ayudar a seminaristas necesitados, o dotar una cátedra, o aumentar los fondos de la Biblioteca?</li>
</ol>



<h2 class="wp-block-heading"><a></a>Conclusión</h2>



<p>Dios quiera que en medio de las preocupaciones materiales que nos invaden, se mantenga firme la luz del espíritu entre nosotros. El futuro nos reserva a todos días muy inciertos. Pero de una cosa podemos estar seguros, a saber: el sacerdocio de Jesucristo, fuente de virtudes. de paz y de esperanza, seguirá siendo el mejor camino de salvación del mundo.</p>



<p>Deseo para vosotros, hijos de la ciudad de Astorga, toda clase de prosperidades y de éxitos humanos. Mas si dejarais de estimar y proteger lo que constituye la médula de vuestra vida religiosa cristiana, mereceríais profunda compasión. Astorga vendría a ser como una catedral inacabada del espíritu, que poco a poco se convertiría en ruinas sacudidas por los vientos de la indiferencia y el escepticismo. Y no es ese el destino de Astorga. No lo ha sido nunca y menos debe serlo ahora en que hasta las torres de su Catedral de piedra ven que está llegando el día feliz de su culminación. Es como el símbolo del anhelo de perfeccionamiento y plenitud que a todos debe guiarnos.</p>



<p>Os bendigo a todos, en el nombre del Padre y del Hijo y del Espíritu Santo.</p>



<p>MARCELO, Obispo de Astorga.</p>



<p>Astorga, marzo de 1964.</p>



<p></p>

<p>Se reproduce la exhortación de marzo de 1964, dirigidas en forma de carta abierta, a los hijos y vecinos de las ciudad de Astorga con motivo del Día del Seminario. Texto en Boletín Oficial del Obispado de Astorga, abril de 1964, 175-181. Fue publicada conjuntamente con una similar a la ciudad de Ponferrada A los [&hellip;]</p>
